{"id":129056,"date":"2021-03-19T16:53:04","date_gmt":"2021-03-19T15:53:04","guid":{"rendered":"http:\/\/www.tucomarca.com\/wordpress\/segunda\/wp-content\/uploads\/2021\/03\/GPES20210311PA0064-M.jpg"},"modified":"2021-03-19T16:53:04","modified_gmt":"2021-03-19T15:53:04","slug":"accion-cofrentes-2021-2","status":"inherit","type":"attachment","link":"https:\/\/www.tucomarca.com\/wordpress\/segunda\/ca\/greenpeace-mostra-la-seua-preocupacio-davant-lanunci-del-govern-de-renovar-la-llicencia-de-la-central-nuclear-de-cofrentes-fins-al-seu-tancament-en-2030\/accion-cofrentes-2021-2\/","title":{"rendered":"Acci\u00f3n Cofrentes 2021"},"author":12,"featured_media":0,"comment_status":"open","ping_status":"closed","template":"","meta":[],"class_list":["post-129056","attachment","type-attachment","status-inherit"],"description":{"rendered":"<p class=\"attachment\"><a href='https:\/\/www.tucomarca.com\/wordpress\/segunda\/wp-content\/uploads\/2021\/03\/GPES20210311PA0064-M.jpg'><img loading=\"lazy\" decoding=\"async\" width=\"300\" height=\"200\" src=\"https:\/\/www.tucomarca.com\/wordpress\/segunda\/wp-content\/uploads\/2021\/03\/GPES20210311PA0064-M-300x200.jpg\" class=\"attachment-medium size-medium\" alt=\"\" srcset=\"https:\/\/www.tucomarca.com\/wordpress\/segunda\/wp-content\/uploads\/2021\/03\/GPES20210311PA0064-M-300x200.jpg 300w, https:\/\/www.tucomarca.com\/wordpress\/segunda\/wp-content\/uploads\/2021\/03\/GPES20210311PA0064-M.jpg 600w\" sizes=\"auto, (max-width: 300px) 100vw, 300px\" \/><\/a><\/p>\n"},"caption":{"rendered":"<div class=\"mh-excerpt\">11\/03\/2021. Cofrentes, Valencia, Comunidad Valenciana, Espa\u00f1a.rrActivistas de Greenpeace se encadenan en el acceso a la central nuclear de Cofrentes (Valencia) para pedir al Gobierno su cierre definitivo. Coincidiendo con el 10\u00ba aniversario del accidente de Fukushima, la organizaci\u00f3n ecologista rdemanda al Gobierno que no repita el error cometido hace una d\u00e9cada al conceder una nueva licencia de funcionamiento a la central, que expira el pr\u00f3ximo 20 de marzo.rrHoy no es un d\u00eda cualquiera: hace una d\u00e9cada, en febrero de 2011, una veintena de activistas de Greenpeace entraron en la central nuclear de Cofrentes y escalaron a una de las torres de refrigeraci\u00f3n. En esa acci\u00f3n pintaron en la torre de refrigeraci\u00f3n el mensaje \u0093Peligro Nuclear\u0094 para exigir que no se renovara la licencia para que siguiese operando. Pocos d\u00edas despu\u00e9s, un 11 de marzo como hoy, en Jap\u00f3n, la Central nuclear de Fukushima pasaba a la historia por sufrir el peor desastre nuclear desde Chern\u00f3bil en 1986.rrDespu\u00e9s de una d\u00e9cada, volvemos al lugar de los hechos para exigir, una vez m\u00e1s, que no se renueve la licencia de Cofrentes porque si algo hemos aprendido en este tiempo, es que que las nucleares son instalaciones envejecidas y que no las necesitamos para mantener la seguridad del suministro; y por lo tanto, no debemos renovar sus licencias sin, adem\u00e1s, la participaci\u00f3n de la ciudadan\u00eda en la toma de decisiones (algo que s\u00ed se pide para cualquier peque\u00f1a instalaci\u00f3n energ\u00e9tica y renovable).r\u00a9Greenpeace\/Pedro Armestrerr\u00a9Greenpeace Handout\/Pedro Armestre &#8211; No sales &#8211; No Archives &#8211; Editorial Use Only &#8211; Free use only for 14 days after release. Photo provided by GREENPEACE, distributed handout photo to be used only to illustrate news reporting or commentary on the facts or events depicted in this image.<\/div>\n<p> <a class=\"mh-excerpt-more\" href=\"https:\/\/www.tucomarca.com\/wordpress\/segunda\/ca\/greenpeace-mostra-la-seua-preocupacio-davant-lanunci-del-govern-de-renovar-la-llicencia-de-la-central-nuclear-de-cofrentes-fins-al-seu-tancament-en-2030\/accion-cofrentes-2021-2\/\" title=\"Acci\u00f3n Cofrentes 2021\">[+] <\/a><\/p>\n"},"alt_text":"","media_type":"image","mime_type":"image\/jpeg","media_details":{"width":600,"height":400,"file":"2021\/03\/GPES20210311PA0064-M.jpg","sizes":{"medium":{"file":"GPES20210311PA0064-M-300x200.jpg","width":300,"height":200,"mime_type":"image\/jpeg","source_url":"https:\/\/www.tucomarca.com\/wordpress\/segunda\/wp-content\/uploads\/2021\/03\/GPES20210311PA0064-M-300x200.jpg"},"thumbnail":{"file":"GPES20210311PA0064-M-290x290.jpg","width":290,"height":290,"mime_type":"image\/jpeg","source_url":"https:\/\/www.tucomarca.com\/wordpress\/segunda\/wp-content\/uploads\/2021\/03\/GPES20210311PA0064-M-290x290.jpg"},"mh-magazine-content":{"file":"GPES20210311PA0064-M-600x381.jpg","width":600,"height":381,"mime_type":"image\/jpeg","source_url":"https:\/\/www.tucomarca.com\/wordpress\/segunda\/wp-content\/uploads\/2021\/03\/GPES20210311PA0064-M-600x381.jpg"},"mh-magazine-medium":{"file":"GPES20210311PA0064-M-326x245.jpg","width":326,"height":245,"mime_type":"image\/jpeg","source_url":"https:\/\/www.tucomarca.com\/wordpress\/segunda\/wp-content\/uploads\/2021\/03\/GPES20210311PA0064-M-326x245.jpg"},"mh-magazine-small":{"file":"GPES20210311PA0064-M-80x60.jpg","width":80,"height":60,"mime_type":"image\/jpeg","source_url":"https:\/\/www.tucomarca.com\/wordpress\/segunda\/wp-content\/uploads\/2021\/03\/GPES20210311PA0064-M-80x60.jpg"},"full":{"file":"GPES20210311PA0064-M.jpg","width":600,"height":400,"mime_type":"image\/jpeg","source_url":"https:\/\/www.tucomarca.com\/wordpress\/segunda\/wp-content\/uploads\/2021\/03\/GPES20210311PA0064-M.jpg"}},"image_meta":{"aperture":"0","credit":"pedro armestre","camera":"X-Pro2","caption":"11\/03\/2021. Cofrentes, Valencia, Comunidad Valenciana, Espa\u00f1a.rrActivistas de Greenpeace se encadenan en el acceso a la central nuclear de Cofrentes (Valencia) para pedir al Gobierno su cierre definitivo. Coincidiendo con el 10\u00ba aniversario del accidente de Fukushima, la organizaci\u00f3n ecologista rdemanda al Gobierno que no repita el error cometido hace una d\u00e9cada al conceder una nueva licencia de funcionamiento a la central, que expira el pr\u00f3ximo 20 de marzo.rrHoy no es un d\u00eda cualquiera: hace una d\u00e9cada, en febrero de 2011, una veintena de activistas de Greenpeace entraron en la central nuclear de Cofrentes y escalaron a una de las torres de refrigeraci\u00f3n. En esa acci\u00f3n pintaron en la torre de refrigeraci\u00f3n el mensaje \u0093Peligro Nuclear\u0094 para exigir que no se renovara la licencia para que siguiese operando. Pocos d\u00edas despu\u00e9s, un 11 de marzo como hoy, en Jap\u00f3n, la Central nuclear de Fukushima pasaba a la historia por sufrir el peor desastre nuclear desde Chern\u00f3bil en 1986.rrDespu\u00e9s de una d\u00e9cada, volvemos al lugar de los hechos para exigir, una vez m\u00e1s, que no se renueve la licencia de Cofrentes porque si algo hemos aprendido en este tiempo, es que que las nucleares son instalaciones envejecidas y que no las necesitamos para mantener la seguridad del suministro; y por lo tanto, no debemos renovar sus licencias sin, adem\u00e1s, la participaci\u00f3n de la ciudadan\u00eda en la toma de decisiones (algo que s\u00ed se pide para cualquier peque\u00f1a instalaci\u00f3n energ\u00e9tica y renovable).r\u00a9Greenpeace\/Pedro Armestrerr\u00a9Greenpeace Handout\/Pedro Armestre - No sales - No Archives - Editorial Use Only - Free use only for 14 days after release. Photo provided by GREENPEACE, distributed handout photo to be used only to illustrate news reporting or commentary on the facts or events depicted in this image.","created_timestamp":"1615450883","copyright":"www.pedroarmestre.com","focal_length":"16","iso":"500","shutter_speed":"0.002","title":"Acci\u00f3n Cofrentes 2021","orientation":"0","keywords":["Acceso","Accion","Central","Cofrentes","Licencia","Nuclear","Renovacion"]}},"post":129058,"source_url":"https:\/\/www.tucomarca.com\/wordpress\/segunda\/wp-content\/uploads\/2021\/03\/GPES20210311PA0064-M.jpg","_links":{"self":[{"href":"https:\/\/www.tucomarca.com\/wordpress\/segunda\/ca\/wp-json\/wp\/v2\/media\/129056","targetHints":{"allow":["GET"]}}],"collection":[{"href":"https:\/\/www.tucomarca.com\/wordpress\/segunda\/ca\/wp-json\/wp\/v2\/media"}],"about":[{"href":"https:\/\/www.tucomarca.com\/wordpress\/segunda\/ca\/wp-json\/wp\/v2\/types\/attachment"}],"author":[{"embeddable":true,"href":"https:\/\/www.tucomarca.com\/wordpress\/segunda\/ca\/wp-json\/wp\/v2\/users\/12"}],"replies":[{"embeddable":true,"href":"https:\/\/www.tucomarca.com\/wordpress\/segunda\/ca\/wp-json\/wp\/v2\/comments?post=129056"}],"wp:attached-to":[{"embeddable":true,"post_type":"post","id":129058,"href":"https:\/\/www.tucomarca.com\/wordpress\/segunda\/ca\/wp-json\/wp\/v2\/posts\/129058"}],"curies":[{"name":"wp","href":"https:\/\/api.w.org\/{rel}","templated":true}]}}

Acción Cofrentes 2021

<div class="mh-excerpt">11/03/2021. Cofrentes, Valencia, Comunidad Valenciana, España.rrActivistas de Greenpeace se encadenan en el acceso a la central nuclear de Cofrentes (Valencia) para pedir al Gobierno su cierre definitivo. Coincidiendo con el 10º aniversario del accidente de Fukushima, la organización ecologista rdemanda al Gobierno que no repita el error cometido hace una década al conceder una nueva licencia de funcionamiento a la central, que expira el próximo 20 de marzo.rrHoy no es un día cualquiera: hace una década, en febrero de 2011, una veintena de activistas de Greenpeace entraron en la central nuclear de Cofrentes y escalaron a una de las torres de refrigeración. En esa acción pintaron en la torre de refrigeración el mensaje Peligro Nuclear para exigir que no se renovara la licencia para que siguiese operando. Pocos días después, un 11 de marzo como hoy, en Japón, la Central nuclear de Fukushima pasaba a la historia por sufrir el peor desastre nuclear desde Chernóbil en 1986.rrDespués de una década, volvemos al lugar de los hechos para exigir, una vez más, que no se renueve la licencia de Cofrentes porque si algo hemos aprendido en este tiempo, es que que las nucleares son instalaciones envejecidas y que no las necesitamos para mantener la seguridad del suministro; y por lo tanto, no debemos renovar sus licencias sin, además, la participación de la ciudadanía en la toma de decisiones (algo que sí se pide para cualquier pequeña instalación energética y renovable).r©Greenpeace/Pedro Armestrerr©Greenpeace Handout/Pedro Armestre &#8211; No sales &#8211; No Archives &#8211; Editorial Use Only &#8211; Free use only for 14 days after release. Photo provided by GREENPEACE, distributed handout photo to be used only to illustrate news reporting or commentary on the facts or events depicted in this image.</div>
<p> <a class="mh-excerpt-more" href="https://www.tucomarca.com/wordpress/segunda/ca/greenpeace-mostra-la-seua-preocupacio-davant-lanunci-del-govern-de-renovar-la-llicencia-de-la-central-nuclear-de-cofrentes-fins-al-seu-tancament-en-2030/accion-cofrentes-2021-2/" title="Acción Cofrentes 2021">[+] </a></p>

11/03/2021. Cofrentes, Valencia, Comunidad Valenciana, España.rrActivistas de Greenpeace se encadenan en el acceso a la central nuclear de Cofrentes (Valencia) para pedir al Gobierno su cierre definitivo. Coincidiendo con el 10º aniversario del accidente de Fukushima, la organización ecologista rdemanda al Gobierno que no repita el error cometido hace una década al conceder una nueva licencia de funcionamiento a la central, que expira el próximo 20 de marzo.rrHoy no es un día cualquiera: hace una década, en febrero de 2011, una veintena de activistas de Greenpeace entraron en la central nuclear de Cofrentes y escalaron a una de las torres de refrigeración. En esa acción pintaron en la torre de refrigeración el mensaje Peligro Nuclear para exigir que no se renovara la licencia para que siguiese operando. Pocos días después, un 11 de marzo como hoy, en Japón, la Central nuclear de Fukushima pasaba a la historia por sufrir el peor desastre nuclear desde Chernóbil en 1986.rrDespués de una década, volvemos al lugar de los hechos para exigir, una vez más, que no se renueve la licencia de Cofrentes porque si algo hemos aprendido en este tiempo, es que que las nucleares son instalaciones envejecidas y que no las necesitamos para mantener la seguridad del suministro; y por lo tanto, no debemos renovar sus licencias sin, además, la participación de la ciudadanía en la toma de decisiones (algo que sí se pide para cualquier pequeña instalación energética y renovable).r©Greenpeace/Pedro Armestrerr©Greenpeace Handout/Pedro Armestre - No sales - No Archives - Editorial Use Only - Free use only for 14 days after release. Photo provided by GREENPEACE, distributed handout photo to be used only to illustrate news reporting or commentary on the facts or events depicted in this image.
