{"id":71526,"date":"2018-06-12T13:49:00","date_gmt":"2018-06-12T11:49:00","guid":{"rendered":"http:\/\/www.tucomarca.com\/wordpress\/segunda\/wp-content\/uploads\/2018\/06\/AmigoBortForestal.jpg"},"modified":"2018-06-12T13:49:00","modified_gmt":"2018-06-12T11:49:00","slug":"amigobortforestal-2","status":"inherit","type":"attachment","link":"https:\/\/www.tucomarca.com\/wordpress\/segunda\/ca\/la-diputacio-augmenta-un-25-les-ajudes-a-la-gestio-forestal-sostenible-fins-als-2-milions-deuros\/amigobortforestal-2\/","title":{"rendered":"AmigoBortForestal"},"author":1,"featured_media":0,"comment_status":"open","ping_status":"closed","template":"","meta":[],"class_list":["post-71526","attachment","type-attachment","status-inherit"],"description":{"rendered":"<p class=\"attachment\"><a href='https:\/\/www.tucomarca.com\/wordpress\/segunda\/wp-content\/uploads\/2018\/06\/AmigoBortForestal.jpg'><img loading=\"lazy\" decoding=\"async\" width=\"300\" height=\"193\" src=\"https:\/\/www.tucomarca.com\/wordpress\/segunda\/wp-content\/uploads\/2018\/06\/AmigoBortForestal-300x193.jpg\" class=\"attachment-medium size-medium\" alt=\"\" srcset=\"https:\/\/www.tucomarca.com\/wordpress\/segunda\/wp-content\/uploads\/2018\/06\/AmigoBortForestal-300x193.jpg 300w, https:\/\/www.tucomarca.com\/wordpress\/segunda\/wp-content\/uploads\/2018\/06\/AmigoBortForestal-768x494.jpg 768w, https:\/\/www.tucomarca.com\/wordpress\/segunda\/wp-content\/uploads\/2018\/06\/AmigoBortForestal-1024x659.jpg 1024w\" sizes=\"auto, (max-width: 300px) 100vw, 300px\" \/><\/a><\/p>\n<p>La nova convocat\u00f2ria d\u2019ajudes forestals compta amb mig mili\u00f3 d\u2019euros m\u00e9s per a la conservaci\u00f3 del patrimoni forestal i la prevenci\u00f3 d\u2019incendis.<\/p>\n"},"caption":{"rendered":"<div class=\"mh-excerpt\">La nova convocat\u00f2ria d\u2019ajudes forestals compta amb mig mili\u00f3 d\u2019euros m\u00e9s per a la conservaci\u00f3 del patrimoni forestal i la prevenci\u00f3 d\u2019incendis.<\/div>\n<p> <a class=\"mh-excerpt-more\" href=\"https:\/\/www.tucomarca.com\/wordpress\/segunda\/ca\/la-diputacio-augmenta-un-25-les-ajudes-a-la-gestio-forestal-sostenible-fins-als-2-milions-deuros\/amigobortforestal-2\/\" title=\"AmigoBortForestal\">[+] <\/a><\/p>\n"},"alt_text":"","media_type":"image","mime_type":"image\/jpeg","media_details":{"width":2362,"height":1520,"file":"2018\/06\/AmigoBortForestal.jpg","sizes":{"thumbnail":{"file":"AmigoBortForestal-290x290.jpg","width":290,"height":290,"mime_type":"image\/jpeg","source_url":"https:\/\/www.tucomarca.com\/wordpress\/segunda\/wp-content\/uploads\/2018\/06\/AmigoBortForestal-290x290.jpg"},"medium":{"file":"AmigoBortForestal-300x193.jpg","width":300,"height":193,"mime_type":"image\/jpeg","source_url":"https:\/\/www.tucomarca.com\/wordpress\/segunda\/wp-content\/uploads\/2018\/06\/AmigoBortForestal-300x193.jpg"},"medium_large":{"file":"AmigoBortForestal-768x494.jpg","width":768,"height":494,"mime_type":"image\/jpeg","source_url":"https:\/\/www.tucomarca.com\/wordpress\/segunda\/wp-content\/uploads\/2018\/06\/AmigoBortForestal-768x494.jpg"},"large":{"file":"AmigoBortForestal-1024x659.jpg","width":1024,"height":659,"mime_type":"image\/jpeg","source_url":"https:\/\/www.tucomarca.com\/wordpress\/segunda\/wp-content\/uploads\/2018\/06\/AmigoBortForestal-1024x659.jpg"},"rss-image":{"file":"AmigoBortForestal-300x193.jpg","width":300,"height":193,"mime_type":"image\/jpeg","source_url":"https:\/\/www.tucomarca.com\/wordpress\/segunda\/wp-content\/uploads\/2018\/06\/AmigoBortForestal-300x193.jpg"},"post-thumbnail":{"file":"AmigoBortForestal-50x50.jpg","width":50,"height":50,"mime_type":"image\/jpeg","source_url":"https:\/\/www.tucomarca.com\/wordpress\/segunda\/wp-content\/uploads\/2018\/06\/AmigoBortForestal-50x50.jpg"},"gabfire":{"file":"AmigoBortForestal-1024x659.jpg","width":1024,"height":659,"mime_type":"image\/jpeg","source_url":"https:\/\/www.tucomarca.com\/wordpress\/segunda\/wp-content\/uploads\/2018\/06\/AmigoBortForestal-1024x659.jpg"},"full":{"file":"AmigoBortForestal.jpg","width":2362,"height":1520,"mime_type":"image\/jpeg","source_url":"https:\/\/www.tucomarca.com\/wordpress\/segunda\/wp-content\/uploads\/2018\/06\/AmigoBortForestal.jpg"}},"image_meta":{"aperture":"0","credit":"Raquel Abulaila","camera":"","caption":"","created_timestamp":"0","copyright":"Raquel Abulaila","focal_length":"0","iso":"0","shutter_speed":"0","title":"","orientation":"1","keywords":[]}},"post":71525,"source_url":"https:\/\/www.tucomarca.com\/wordpress\/segunda\/wp-content\/uploads\/2018\/06\/AmigoBortForestal.jpg","_links":{"self":[{"href":"https:\/\/www.tucomarca.com\/wordpress\/segunda\/ca\/wp-json\/wp\/v2\/media\/71526","targetHints":{"allow":["GET"]}}],"collection":[{"href":"https:\/\/www.tucomarca.com\/wordpress\/segunda\/ca\/wp-json\/wp\/v2\/media"}],"about":[{"href":"https:\/\/www.tucomarca.com\/wordpress\/segunda\/ca\/wp-json\/wp\/v2\/types\/attachment"}],"author":[{"embeddable":true,"href":"https:\/\/www.tucomarca.com\/wordpress\/segunda\/ca\/wp-json\/wp\/v2\/users\/1"}],"replies":[{"embeddable":true,"href":"https:\/\/www.tucomarca.com\/wordpress\/segunda\/ca\/wp-json\/wp\/v2\/comments?post=71526"}],"wp:attached-to":[{"embeddable":true,"post_type":"post","id":71525,"href":"https:\/\/www.tucomarca.com\/wordpress\/segunda\/ca\/wp-json\/wp\/v2\/posts\/71525"}],"curies":[{"name":"wp","href":"https:\/\/api.w.org\/{rel}","templated":true}]}}

<p class="attachment"><a href='https://www.tucomarca.com/wordpress/segunda/wp-content/uploads/2018/06/AmigoBortForestal.jpg'><img loading="lazy" decoding="async" width="300" height="193" src="https://www.tucomarca.com/wordpress/segunda/wp-content/uploads/2018/06/AmigoBortForestal-300x193.jpg" class="attachment-medium size-medium" alt="" srcset="https://www.tucomarca.com/wordpress/segunda/wp-content/uploads/2018/06/AmigoBortForestal-300x193.jpg 300w, https://www.tucomarca.com/wordpress/segunda/wp-content/uploads/2018/06/AmigoBortForestal-768x494.jpg 768w, https://www.tucomarca.com/wordpress/segunda/wp-content/uploads/2018/06/AmigoBortForestal-1024x659.jpg 1024w" sizes="auto, (max-width: 300px) 100vw, 300px" /></a></p>
<p>La nova convocatòria d’ajudes forestals compta amb mig milió d’euros més per a la conservació del patrimoni forestal i la prevenció d’incendis.</p>

<div class="mh-excerpt">La nova convocatòria d’ajudes forestals compta amb mig milió d’euros més per a la conservació del patrimoni forestal i la prevenció d’incendis.</div>
<p> <a class="mh-excerpt-more" href="https://www.tucomarca.com/wordpress/segunda/ca/la-diputacio-augmenta-un-25-les-ajudes-a-la-gestio-forestal-sostenible-fins-als-2-milions-deuros/amigobortforestal-2/" title="AmigoBortForestal">[+] </a></p>
