{"id":72720,"date":"2018-08-21T15:00:36","date_gmt":"2018-08-21T13:00:36","guid":{"rendered":"http:\/\/www.tucomarca.com\/wordpress\/segunda\/wp-content\/uploads\/2018\/08\/plan-despoblaci\u00f3n.jpg"},"modified":"2018-08-21T15:03:47","modified_gmt":"2018-08-21T13:03:47","slug":"plan-despoblacion-2","status":"inherit","type":"attachment","link":"https:\/\/www.tucomarca.com\/wordpress\/segunda\/ca\/la-diputacio-de-valencia-aportara-13-milions-deuros-al-pla-del-consell-contra-la-despoblacio\/plan-despoblacion-2\/","title":{"rendered":"plan despoblaci\u00f3n"},"author":1,"featured_media":0,"comment_status":"open","ping_status":"closed","template":"","meta":[],"class_list":["post-72720","attachment","type-attachment","status-inherit"],"description":{"rendered":"<p class=\"attachment\"><a href='https:\/\/www.tucomarca.com\/wordpress\/segunda\/wp-content\/uploads\/2018\/08\/plan-despoblaci\u00f3n.jpg'><img loading=\"lazy\" decoding=\"async\" width=\"300\" height=\"187\" src=\"https:\/\/www.tucomarca.com\/wordpress\/segunda\/wp-content\/uploads\/2018\/08\/plan-despoblaci\u00f3n-300x187.jpg\" class=\"attachment-medium size-medium\" alt=\"La Diputaci\u00f3 de Val\u00e8ncia destinar\u00e0 1.363.000 d&#039;euros al pla d&#039;ajudes directes als municipis valencians d&#039;interior amb alt risc de despoblaci\u00f3 que promou el Consell.\" srcset=\"https:\/\/www.tucomarca.com\/wordpress\/segunda\/wp-content\/uploads\/2018\/08\/plan-despoblaci\u00f3n-300x187.jpg 300w, https:\/\/www.tucomarca.com\/wordpress\/segunda\/wp-content\/uploads\/2018\/08\/plan-despoblaci\u00f3n-768x479.jpg 768w, https:\/\/www.tucomarca.com\/wordpress\/segunda\/wp-content\/uploads\/2018\/08\/plan-despoblaci\u00f3n-1024x639.jpg 1024w, https:\/\/www.tucomarca.com\/wordpress\/segunda\/wp-content\/uploads\/2018\/08\/plan-despoblaci\u00f3n.jpg 1575w\" sizes=\"auto, (max-width: 300px) 100vw, 300px\" \/><\/a><\/p>\n<p>La Diputaci\u00f3 de Val\u00e8ncia destinar\u00e0 1.363.000 d&#8217;euros al pla d&#8217;ajudes directes als municipis valencians d&#8217;interior amb alt risc de despoblaci\u00f3 que promou el Consell.<\/p>\n"},"caption":{"rendered":"<div class=\"mh-excerpt\">La Diputaci\u00f3 de Val\u00e8ncia destinar\u00e0 1.363.000 d&#8217;euros al pla d&#8217;ajudes directes als municipis valencians d&#8217;interior amb alt risc de despoblaci\u00f3 que promou el Consell.<\/div>\n<p> <a class=\"mh-excerpt-more\" href=\"https:\/\/www.tucomarca.com\/wordpress\/segunda\/ca\/la-diputacio-de-valencia-aportara-13-milions-deuros-al-pla-del-consell-contra-la-despoblacio\/plan-despoblacion-2\/\" title=\"plan despoblaci\u00f3n\">[+] <\/a><\/p>\n"},"alt_text":"La Diputaci\u00f3 de Val\u00e8ncia destinar\u00e0 1.363.000 d'euros al pla d'ajudes directes als municipis valencians d'interior amb alt risc de despoblaci\u00f3 que promou el Consell.","media_type":"image","mime_type":"image\/jpeg","media_details":{"width":1575,"height":983,"file":"2018\/08\/plan-despoblaci\u00f3n.jpg","sizes":{"thumbnail":{"file":"plan-despoblaci\u00f3n-290x290.jpg","width":290,"height":290,"mime_type":"image\/jpeg","source_url":"https:\/\/www.tucomarca.com\/wordpress\/segunda\/wp-content\/uploads\/2018\/08\/plan-despoblaci\u00f3n-290x290.jpg"},"medium":{"file":"plan-despoblaci\u00f3n-300x187.jpg","width":300,"height":187,"mime_type":"image\/jpeg","source_url":"https:\/\/www.tucomarca.com\/wordpress\/segunda\/wp-content\/uploads\/2018\/08\/plan-despoblaci\u00f3n-300x187.jpg"},"medium_large":{"file":"plan-despoblaci\u00f3n-768x479.jpg","width":768,"height":479,"mime_type":"image\/jpeg","source_url":"https:\/\/www.tucomarca.com\/wordpress\/segunda\/wp-content\/uploads\/2018\/08\/plan-despoblaci\u00f3n-768x479.jpg"},"large":{"file":"plan-despoblaci\u00f3n-1024x639.jpg","width":1024,"height":639,"mime_type":"image\/jpeg","source_url":"https:\/\/www.tucomarca.com\/wordpress\/segunda\/wp-content\/uploads\/2018\/08\/plan-despoblaci\u00f3n-1024x639.jpg"},"rss-image":{"file":"plan-despoblaci\u00f3n-300x187.jpg","width":300,"height":187,"mime_type":"image\/jpeg","source_url":"https:\/\/www.tucomarca.com\/wordpress\/segunda\/wp-content\/uploads\/2018\/08\/plan-despoblaci\u00f3n-300x187.jpg"},"post-thumbnail":{"file":"plan-despoblaci\u00f3n-50x50.jpg","width":50,"height":50,"mime_type":"image\/jpeg","source_url":"https:\/\/www.tucomarca.com\/wordpress\/segunda\/wp-content\/uploads\/2018\/08\/plan-despoblaci\u00f3n-50x50.jpg"},"gabfire":{"file":"plan-despoblaci\u00f3n-1024x639.jpg","width":1024,"height":639,"mime_type":"image\/jpeg","source_url":"https:\/\/www.tucomarca.com\/wordpress\/segunda\/wp-content\/uploads\/2018\/08\/plan-despoblaci\u00f3n-1024x639.jpg"},"full":{"file":"plan-despoblaci\u00f3n.jpg","width":1575,"height":983,"mime_type":"image\/jpeg","source_url":"https:\/\/www.tucomarca.com\/wordpress\/segunda\/wp-content\/uploads\/2018\/08\/plan-despoblaci\u00f3n.jpg"}},"image_meta":{"aperture":"4.5","credit":"","camera":"Canon EOS 6D","caption":"","created_timestamp":"1531746832","copyright":"","focal_length":"85","iso":"4000","shutter_speed":"0.0055555555555556","title":"","orientation":"1","keywords":[]}},"post":72722,"source_url":"https:\/\/www.tucomarca.com\/wordpress\/segunda\/wp-content\/uploads\/2018\/08\/plan-despoblaci\u00f3n.jpg","_links":{"self":[{"href":"https:\/\/www.tucomarca.com\/wordpress\/segunda\/ca\/wp-json\/wp\/v2\/media\/72720","targetHints":{"allow":["GET"]}}],"collection":[{"href":"https:\/\/www.tucomarca.com\/wordpress\/segunda\/ca\/wp-json\/wp\/v2\/media"}],"about":[{"href":"https:\/\/www.tucomarca.com\/wordpress\/segunda\/ca\/wp-json\/wp\/v2\/types\/attachment"}],"author":[{"embeddable":true,"href":"https:\/\/www.tucomarca.com\/wordpress\/segunda\/ca\/wp-json\/wp\/v2\/users\/1"}],"replies":[{"embeddable":true,"href":"https:\/\/www.tucomarca.com\/wordpress\/segunda\/ca\/wp-json\/wp\/v2\/comments?post=72720"}],"wp:attached-to":[{"embeddable":true,"post_type":"post","id":72722,"href":"https:\/\/www.tucomarca.com\/wordpress\/segunda\/ca\/wp-json\/wp\/v2\/posts\/72722"}],"curies":[{"name":"wp","href":"https:\/\/api.w.org\/{rel}","templated":true}]}}

http://www.tucomarca.com/wordpress/segunda/wp-content/uploads/2018/08/plan-despoblación.jpg

plan despoblación

<p class="attachment"><a href='https://www.tucomarca.com/wordpress/segunda/wp-content/uploads/2018/08/plan-despoblación.jpg'><img loading="lazy" decoding="async" width="300" height="187" src="https://www.tucomarca.com/wordpress/segunda/wp-content/uploads/2018/08/plan-despoblación-300x187.jpg" class="attachment-medium size-medium" alt="La Diputació de València destinarà 1.363.000 d&#039;euros al pla d&#039;ajudes directes als municipis valencians d&#039;interior amb alt risc de despoblació que promou el Consell." srcset="https://www.tucomarca.com/wordpress/segunda/wp-content/uploads/2018/08/plan-despoblación-300x187.jpg 300w, https://www.tucomarca.com/wordpress/segunda/wp-content/uploads/2018/08/plan-despoblación-768x479.jpg 768w, https://www.tucomarca.com/wordpress/segunda/wp-content/uploads/2018/08/plan-despoblación-1024x639.jpg 1024w, https://www.tucomarca.com/wordpress/segunda/wp-content/uploads/2018/08/plan-despoblación.jpg 1575w" sizes="auto, (max-width: 300px) 100vw, 300px" /></a></p>
<p>La Diputació de València destinarà 1.363.000 d&#8217;euros al pla d&#8217;ajudes directes als municipis valencians d&#8217;interior amb alt risc de despoblació que promou el Consell.</p>

<div class="mh-excerpt">La Diputació de València destinarà 1.363.000 d&#8217;euros al pla d&#8217;ajudes directes als municipis valencians d&#8217;interior amb alt risc de despoblació que promou el Consell.</div>
<p> <a class="mh-excerpt-more" href="https://www.tucomarca.com/wordpress/segunda/ca/la-diputacio-de-valencia-aportara-13-milions-deuros-al-pla-del-consell-contra-la-despoblacio/plan-despoblacion-2/" title="plan despoblación">[+] </a></p>

La Diputació de València destinarà 1.363.000 d'euros al pla d'ajudes directes als municipis valencians d'interior amb alt risc de despoblació que promou el Consell.

2018/08/plan-despoblación.jpg

plan-despoblación-290x290.jpg

https://www.tucomarca.com/wordpress/segunda/wp-content/uploads/2018/08/plan-despoblación-290x290.jpg

plan-despoblación-300x187.jpg

https://www.tucomarca.com/wordpress/segunda/wp-content/uploads/2018/08/plan-despoblación-300x187.jpg

plan-despoblación-768x479.jpg

https://www.tucomarca.com/wordpress/segunda/wp-content/uploads/2018/08/plan-despoblación-768x479.jpg

plan-despoblación-1024x639.jpg

https://www.tucomarca.com/wordpress/segunda/wp-content/uploads/2018/08/plan-despoblación-1024x639.jpg

plan-despoblación-50x50.jpg

https://www.tucomarca.com/wordpress/segunda/wp-content/uploads/2018/08/plan-despoblación-50x50.jpg

plan-despoblación.jpg

https://www.tucomarca.com/wordpress/segunda/wp-content/uploads/2018/08/plan-despoblación.jpg
