{"id":73866,"date":"2018-08-31T18:08:50","date_gmt":"2018-08-31T16:08:50","guid":{"rendered":"http:\/\/www.tucomarca.com\/wordpress\/segunda\/wp-content\/uploads\/2018\/08\/DosAguastorrevilaragut.jpg"},"modified":"2018-08-31T18:14:17","modified_gmt":"2018-08-31T16:14:17","slug":"dosaguastorrevilaragut","status":"inherit","type":"attachment","link":"https:\/\/www.tucomarca.com\/wordpress\/segunda\/ca\/dos-aguas-mejorara-el-entorno-historico-de-la-torre-vilaragut-con-ayuda-de-la-diputacio\/dosaguastorrevilaragut\/","title":{"rendered":"DosAguastorrevilaragut"},"author":1,"featured_media":0,"comment_status":"open","ping_status":"closed","template":"","meta":[],"class_list":["post-73866","attachment","type-attachment","status-inherit"],"description":{"rendered":"<p class=\"attachment\"><a href='https:\/\/www.tucomarca.com\/wordpress\/segunda\/wp-content\/uploads\/2018\/08\/DosAguastorrevilaragut.jpg'><img loading=\"lazy\" decoding=\"async\" width=\"300\" height=\"224\" src=\"https:\/\/www.tucomarca.com\/wordpress\/segunda\/wp-content\/uploads\/2018\/08\/DosAguastorrevilaragut-300x224.jpg\" class=\"attachment-medium size-medium\" alt=\"Dos Aguas millorar\u00e0 l&#039;entorn hist\u00f2ric de la Torre Vilaragut amb ajuda de la Diputaci\u00f3\" srcset=\"https:\/\/www.tucomarca.com\/wordpress\/segunda\/wp-content\/uploads\/2018\/08\/DosAguastorrevilaragut-300x224.jpg 300w, https:\/\/www.tucomarca.com\/wordpress\/segunda\/wp-content\/uploads\/2018\/08\/DosAguastorrevilaragut-768x575.jpg 768w, https:\/\/www.tucomarca.com\/wordpress\/segunda\/wp-content\/uploads\/2018\/08\/DosAguastorrevilaragut-1024x766.jpg 1024w, https:\/\/www.tucomarca.com\/wordpress\/segunda\/wp-content\/uploads\/2018\/08\/DosAguastorrevilaragut.jpg 1724w\" sizes=\"auto, (max-width: 300px) 100vw, 300px\" \/><\/a><\/p>\n<p>Dos Aguas millorar\u00e0 l&#8217;entorn hist\u00f2ric de la Torre Vilaragut amb ajuda de la Diputaci\u00f3<\/p>\n"},"caption":{"rendered":"<div class=\"mh-excerpt\">Dos Aguas millorar\u00e0 l&#8217;entorn hist\u00f2ric de la Torre Vilaragut amb ajuda de la Diputaci\u00f3<\/div>\n<p> <a class=\"mh-excerpt-more\" href=\"https:\/\/www.tucomarca.com\/wordpress\/segunda\/ca\/dos-aguas-mejorara-el-entorno-historico-de-la-torre-vilaragut-con-ayuda-de-la-diputacio\/dosaguastorrevilaragut\/\" title=\"DosAguastorrevilaragut\">[+] <\/a><\/p>\n"},"alt_text":"Dos Aguas millorar\u00e0 l'entorn hist\u00f2ric de la Torre Vilaragut amb ajuda de la Diputaci\u00f3","media_type":"image","mime_type":"image\/jpeg","media_details":{"width":1724,"height":1290,"file":"2018\/08\/DosAguastorrevilaragut.jpg","sizes":{"thumbnail":{"file":"DosAguastorrevilaragut-290x290.jpg","width":290,"height":290,"mime_type":"image\/jpeg","source_url":"https:\/\/www.tucomarca.com\/wordpress\/segunda\/wp-content\/uploads\/2018\/08\/DosAguastorrevilaragut-290x290.jpg"},"medium":{"file":"DosAguastorrevilaragut-300x224.jpg","width":300,"height":224,"mime_type":"image\/jpeg","source_url":"https:\/\/www.tucomarca.com\/wordpress\/segunda\/wp-content\/uploads\/2018\/08\/DosAguastorrevilaragut-300x224.jpg"},"medium_large":{"file":"DosAguastorrevilaragut-768x575.jpg","width":768,"height":575,"mime_type":"image\/jpeg","source_url":"https:\/\/www.tucomarca.com\/wordpress\/segunda\/wp-content\/uploads\/2018\/08\/DosAguastorrevilaragut-768x575.jpg"},"large":{"file":"DosAguastorrevilaragut-1024x766.jpg","width":1024,"height":766,"mime_type":"image\/jpeg","source_url":"https:\/\/www.tucomarca.com\/wordpress\/segunda\/wp-content\/uploads\/2018\/08\/DosAguastorrevilaragut-1024x766.jpg"},"rss-image":{"file":"DosAguastorrevilaragut-300x224.jpg","width":300,"height":224,"mime_type":"image\/jpeg","source_url":"https:\/\/www.tucomarca.com\/wordpress\/segunda\/wp-content\/uploads\/2018\/08\/DosAguastorrevilaragut-300x224.jpg"},"post-thumbnail":{"file":"DosAguastorrevilaragut-50x50.jpg","width":50,"height":50,"mime_type":"image\/jpeg","source_url":"https:\/\/www.tucomarca.com\/wordpress\/segunda\/wp-content\/uploads\/2018\/08\/DosAguastorrevilaragut-50x50.jpg"},"gabfire":{"file":"DosAguastorrevilaragut-1024x766.jpg","width":1024,"height":766,"mime_type":"image\/jpeg","source_url":"https:\/\/www.tucomarca.com\/wordpress\/segunda\/wp-content\/uploads\/2018\/08\/DosAguastorrevilaragut-1024x766.jpg"},"full":{"file":"DosAguastorrevilaragut.jpg","width":1724,"height":1290,"mime_type":"image\/jpeg","source_url":"https:\/\/www.tucomarca.com\/wordpress\/segunda\/wp-content\/uploads\/2018\/08\/DosAguastorrevilaragut.jpg"}},"image_meta":{"aperture":"0","credit":"","camera":"","caption":"","created_timestamp":"0","copyright":"","focal_length":"0","iso":"0","shutter_speed":"0","title":"","orientation":"0","keywords":[]}},"post":73865,"source_url":"https:\/\/www.tucomarca.com\/wordpress\/segunda\/wp-content\/uploads\/2018\/08\/DosAguastorrevilaragut.jpg","_links":{"self":[{"href":"https:\/\/www.tucomarca.com\/wordpress\/segunda\/ca\/wp-json\/wp\/v2\/media\/73866","targetHints":{"allow":["GET"]}}],"collection":[{"href":"https:\/\/www.tucomarca.com\/wordpress\/segunda\/ca\/wp-json\/wp\/v2\/media"}],"about":[{"href":"https:\/\/www.tucomarca.com\/wordpress\/segunda\/ca\/wp-json\/wp\/v2\/types\/attachment"}],"author":[{"embeddable":true,"href":"https:\/\/www.tucomarca.com\/wordpress\/segunda\/ca\/wp-json\/wp\/v2\/users\/1"}],"replies":[{"embeddable":true,"href":"https:\/\/www.tucomarca.com\/wordpress\/segunda\/ca\/wp-json\/wp\/v2\/comments?post=73866"}],"wp:attached-to":[{"embeddable":true,"post_type":"post","id":73865,"href":"https:\/\/www.tucomarca.com\/wordpress\/segunda\/ca\/wp-json\/wp\/v2\/posts\/73865"}],"curies":[{"name":"wp","href":"https:\/\/api.w.org\/{rel}","templated":true}]}}

<p class="attachment"><a href='https://www.tucomarca.com/wordpress/segunda/wp-content/uploads/2018/08/DosAguastorrevilaragut.jpg'><img loading="lazy" decoding="async" width="300" height="224" src="https://www.tucomarca.com/wordpress/segunda/wp-content/uploads/2018/08/DosAguastorrevilaragut-300x224.jpg" class="attachment-medium size-medium" alt="Dos Aguas millorarà l&#039;entorn històric de la Torre Vilaragut amb ajuda de la Diputació" srcset="https://www.tucomarca.com/wordpress/segunda/wp-content/uploads/2018/08/DosAguastorrevilaragut-300x224.jpg 300w, https://www.tucomarca.com/wordpress/segunda/wp-content/uploads/2018/08/DosAguastorrevilaragut-768x575.jpg 768w, https://www.tucomarca.com/wordpress/segunda/wp-content/uploads/2018/08/DosAguastorrevilaragut-1024x766.jpg 1024w, https://www.tucomarca.com/wordpress/segunda/wp-content/uploads/2018/08/DosAguastorrevilaragut.jpg 1724w" sizes="auto, (max-width: 300px) 100vw, 300px" /></a></p>
<p>Dos Aguas millorarà l&#8217;entorn històric de la Torre Vilaragut amb ajuda de la Diputació</p>

<div class="mh-excerpt">Dos Aguas millorarà l&#8217;entorn històric de la Torre Vilaragut amb ajuda de la Diputació</div>
<p> <a class="mh-excerpt-more" href="https://www.tucomarca.com/wordpress/segunda/ca/dos-aguas-mejorara-el-entorno-historico-de-la-torre-vilaragut-con-ayuda-de-la-diputacio/dosaguastorrevilaragut/" title="DosAguastorrevilaragut">[+] </a></p>

Dos Aguas millorarà l'entorn històric de la Torre Vilaragut amb ajuda de la Diputació
