{"id":76006,"date":"2018-10-15T21:28:15","date_gmt":"2018-10-15T19:28:15","guid":{"rendered":"http:\/\/www.tucomarca.com\/wordpress\/segunda\/wp-content\/uploads\/2018\/10\/IMG_0933.jpg"},"modified":"2018-10-15T21:29:41","modified_gmt":"2018-10-15T19:29:41","slug":"img_0933-2","status":"inherit","type":"attachment","link":"https:\/\/www.tucomarca.com\/wordpress\/segunda\/ca\/fotogaleria-xest-celebra-el-concurs-de-disfresses-de-les-festes-de-la-verema\/img_0933-2\/","title":{"rendered":"IMG_0933"},"author":2,"featured_media":0,"comment_status":"open","ping_status":"closed","template":"","meta":[],"class_list":["post-76006","attachment","type-attachment","status-inherit"],"description":{"rendered":"<p class=\"attachment\"><a href='https:\/\/www.tucomarca.com\/wordpress\/segunda\/wp-content\/uploads\/2018\/10\/IMG_0933.jpg'><img loading=\"lazy\" decoding=\"async\" width=\"300\" height=\"200\" src=\"https:\/\/www.tucomarca.com\/wordpress\/segunda\/wp-content\/uploads\/2018\/10\/IMG_0933-300x200.jpg\" class=\"attachment-medium size-medium\" alt=\"Este evento cuenta siempre con una gran participaci\u00f3n, sobre todo por parte de los y las m\u00e1s j\u00f3venes.\" srcset=\"https:\/\/www.tucomarca.com\/wordpress\/segunda\/wp-content\/uploads\/2018\/10\/IMG_0933-300x200.jpg 300w, https:\/\/www.tucomarca.com\/wordpress\/segunda\/wp-content\/uploads\/2018\/10\/IMG_0933-768x512.jpg 768w, https:\/\/www.tucomarca.com\/wordpress\/segunda\/wp-content\/uploads\/2018\/10\/IMG_0933-1024x683.jpg 1024w\" sizes=\"auto, (max-width: 300px) 100vw, 300px\" \/><\/a><\/p>\n<p>Este evento cuenta siempre con una gran participaci\u00f3n, sobre todo por parte de los y las m\u00e1s j\u00f3venes.<\/p>\n"},"caption":{"rendered":"<div class=\"mh-excerpt\">Este evento cuenta siempre con una gran participaci\u00f3n, sobre todo por parte de los y las m\u00e1s j\u00f3venes.<\/div>\n<p> <a class=\"mh-excerpt-more\" href=\"https:\/\/www.tucomarca.com\/wordpress\/segunda\/ca\/fotogaleria-xest-celebra-el-concurs-de-disfresses-de-les-festes-de-la-verema\/img_0933-2\/\" title=\"IMG_0933\">[+] <\/a><\/p>\n"},"alt_text":"Este evento cuenta siempre con una gran participaci\u00f3n, sobre todo por parte de los y las m\u00e1s j\u00f3venes.","media_type":"image","mime_type":"image\/jpeg","media_details":{"width":5472,"height":3648,"file":"2018\/10\/IMG_0933.jpg","sizes":{"thumbnail":{"file":"IMG_0933-290x290.jpg","width":290,"height":290,"mime_type":"image\/jpeg","source_url":"https:\/\/www.tucomarca.com\/wordpress\/segunda\/wp-content\/uploads\/2018\/10\/IMG_0933-290x290.jpg"},"medium":{"file":"IMG_0933-300x200.jpg","width":300,"height":200,"mime_type":"image\/jpeg","source_url":"https:\/\/www.tucomarca.com\/wordpress\/segunda\/wp-content\/uploads\/2018\/10\/IMG_0933-300x200.jpg"},"medium_large":{"file":"IMG_0933-768x512.jpg","width":768,"height":512,"mime_type":"image\/jpeg","source_url":"https:\/\/www.tucomarca.com\/wordpress\/segunda\/wp-content\/uploads\/2018\/10\/IMG_0933-768x512.jpg"},"large":{"file":"IMG_0933-1024x683.jpg","width":1024,"height":683,"mime_type":"image\/jpeg","source_url":"https:\/\/www.tucomarca.com\/wordpress\/segunda\/wp-content\/uploads\/2018\/10\/IMG_0933-1024x683.jpg"},"rss-image":{"file":"IMG_0933-300x200.jpg","width":300,"height":200,"mime_type":"image\/jpeg","source_url":"https:\/\/www.tucomarca.com\/wordpress\/segunda\/wp-content\/uploads\/2018\/10\/IMG_0933-300x200.jpg"},"post-thumbnail":{"file":"IMG_0933-50x50.jpg","width":50,"height":50,"mime_type":"image\/jpeg","source_url":"https:\/\/www.tucomarca.com\/wordpress\/segunda\/wp-content\/uploads\/2018\/10\/IMG_0933-50x50.jpg"},"gabfire":{"file":"IMG_0933-1024x683.jpg","width":1024,"height":683,"mime_type":"image\/jpeg","source_url":"https:\/\/www.tucomarca.com\/wordpress\/segunda\/wp-content\/uploads\/2018\/10\/IMG_0933-1024x683.jpg"},"full":{"file":"IMG_0933.jpg","width":5472,"height":3648,"mime_type":"image\/jpeg","source_url":"https:\/\/www.tucomarca.com\/wordpress\/segunda\/wp-content\/uploads\/2018\/10\/IMG_0933.jpg"}},"image_meta":{"aperture":"4","credit":"","camera":"Canon EOS 6D","caption":"","created_timestamp":"1539390861","copyright":"","focal_length":"59","iso":"6400","shutter_speed":"0.025","title":"","orientation":"1","keywords":[]}},"post":76041,"source_url":"https:\/\/www.tucomarca.com\/wordpress\/segunda\/wp-content\/uploads\/2018\/10\/IMG_0933.jpg","_links":{"self":[{"href":"https:\/\/www.tucomarca.com\/wordpress\/segunda\/ca\/wp-json\/wp\/v2\/media\/76006","targetHints":{"allow":["GET"]}}],"collection":[{"href":"https:\/\/www.tucomarca.com\/wordpress\/segunda\/ca\/wp-json\/wp\/v2\/media"}],"about":[{"href":"https:\/\/www.tucomarca.com\/wordpress\/segunda\/ca\/wp-json\/wp\/v2\/types\/attachment"}],"author":[{"embeddable":true,"href":"https:\/\/www.tucomarca.com\/wordpress\/segunda\/ca\/wp-json\/wp\/v2\/users\/2"}],"replies":[{"embeddable":true,"href":"https:\/\/www.tucomarca.com\/wordpress\/segunda\/ca\/wp-json\/wp\/v2\/comments?post=76006"}],"wp:attached-to":[{"embeddable":true,"post_type":"post","id":76041,"href":"https:\/\/www.tucomarca.com\/wordpress\/segunda\/ca\/wp-json\/wp\/v2\/posts\/76041"}],"curies":[{"name":"wp","href":"https:\/\/api.w.org\/{rel}","templated":true}]}}

<p class="attachment"><a href='https://www.tucomarca.com/wordpress/segunda/wp-content/uploads/2018/10/IMG_0933.jpg'><img loading="lazy" decoding="async" width="300" height="200" src="https://www.tucomarca.com/wordpress/segunda/wp-content/uploads/2018/10/IMG_0933-300x200.jpg" class="attachment-medium size-medium" alt="Este evento cuenta siempre con una gran participación, sobre todo por parte de los y las más jóvenes." srcset="https://www.tucomarca.com/wordpress/segunda/wp-content/uploads/2018/10/IMG_0933-300x200.jpg 300w, https://www.tucomarca.com/wordpress/segunda/wp-content/uploads/2018/10/IMG_0933-768x512.jpg 768w, https://www.tucomarca.com/wordpress/segunda/wp-content/uploads/2018/10/IMG_0933-1024x683.jpg 1024w" sizes="auto, (max-width: 300px) 100vw, 300px" /></a></p>
<p>Este evento cuenta siempre con una gran participación, sobre todo por parte de los y las más jóvenes.</p>

<div class="mh-excerpt">Este evento cuenta siempre con una gran participación, sobre todo por parte de los y las más jóvenes.</div>
<p> <a class="mh-excerpt-more" href="https://www.tucomarca.com/wordpress/segunda/ca/fotogaleria-xest-celebra-el-concurs-de-disfresses-de-les-festes-de-la-verema/img_0933-2/" title="IMG_0933">[+] </a></p>

Este evento cuenta siempre con una gran participación, sobre todo por parte de los y las más jóvenes.
