{"id":76701,"date":"2018-10-29T12:00:05","date_gmt":"2018-10-29T10:00:05","guid":{"rendered":"http:\/\/www.tucomarca.com\/wordpress\/segunda\/wp-content\/uploads\/2018\/10\/Neurorrehab_Infantil.jpg"},"modified":"2018-10-29T12:01:09","modified_gmt":"2018-10-29T10:01:09","slug":"neurorrehab_infantil-2","status":"inherit","type":"attachment","link":"https:\/\/www.tucomarca.com\/wordpress\/segunda\/ca\/la-unitat-de-neurorehabilitacio-infantil-de-lhospital-de-manises-aten-26-joves-amb-dany-cerebral\/neurorrehab_infantil-2\/","title":{"rendered":"Neurorrehab_Infantil"},"author":2,"featured_media":0,"comment_status":"open","ping_status":"closed","template":"","meta":[],"class_list":["post-76701","attachment","type-attachment","status-inherit"],"description":{"rendered":"<p class=\"attachment\"><a href='https:\/\/www.tucomarca.com\/wordpress\/segunda\/wp-content\/uploads\/2018\/10\/Neurorrehab_Infantil.jpg'><img loading=\"lazy\" decoding=\"async\" width=\"300\" height=\"225\" src=\"https:\/\/www.tucomarca.com\/wordpress\/segunda\/wp-content\/uploads\/2018\/10\/Neurorrehab_Infantil-300x225.jpg\" class=\"attachment-medium size-medium\" alt=\"La Unidad de Neurorrehabilitaci\u00f3n Infantil del Hospital de Manises atiende a 26 j\u00f3venes con da\u00f1o cerebral.\" srcset=\"https:\/\/www.tucomarca.com\/wordpress\/segunda\/wp-content\/uploads\/2018\/10\/Neurorrehab_Infantil-300x225.jpg 300w, https:\/\/www.tucomarca.com\/wordpress\/segunda\/wp-content\/uploads\/2018\/10\/Neurorrehab_Infantil-768x576.jpg 768w, https:\/\/www.tucomarca.com\/wordpress\/segunda\/wp-content\/uploads\/2018\/10\/Neurorrehab_Infantil-1024x768.jpg 1024w\" sizes=\"auto, (max-width: 300px) 100vw, 300px\" \/><\/a><\/p>\n<p>La Unidad de Neurorrehabilitaci\u00f3n Infantil del Hospital de Manises atiende a 26 j\u00f3venes con da\u00f1o cerebral.<\/p>\n"},"caption":{"rendered":"<div class=\"mh-excerpt\">La Unidad de Neurorrehabilitaci\u00f3n Infantil del Hospital de Manises atiende a 26 j\u00f3venes con da\u00f1o cerebral.<\/div>\n<p> <a class=\"mh-excerpt-more\" href=\"https:\/\/www.tucomarca.com\/wordpress\/segunda\/ca\/la-unitat-de-neurorehabilitacio-infantil-de-lhospital-de-manises-aten-26-joves-amb-dany-cerebral\/neurorrehab_infantil-2\/\" title=\"Neurorrehab_Infantil\">[+] <\/a><\/p>\n"},"alt_text":"La Unidad de Neurorrehabilitaci\u00f3n Infantil del Hospital de Manises atiende a 26 j\u00f3venes con da\u00f1o cerebral.","media_type":"image","mime_type":"image\/jpeg","media_details":{"width":3264,"height":2448,"file":"2018\/10\/Neurorrehab_Infantil.jpg","sizes":{"thumbnail":{"file":"Neurorrehab_Infantil-290x290.jpg","width":290,"height":290,"mime_type":"image\/jpeg","source_url":"https:\/\/www.tucomarca.com\/wordpress\/segunda\/wp-content\/uploads\/2018\/10\/Neurorrehab_Infantil-290x290.jpg"},"medium":{"file":"Neurorrehab_Infantil-300x225.jpg","width":300,"height":225,"mime_type":"image\/jpeg","source_url":"https:\/\/www.tucomarca.com\/wordpress\/segunda\/wp-content\/uploads\/2018\/10\/Neurorrehab_Infantil-300x225.jpg"},"medium_large":{"file":"Neurorrehab_Infantil-768x576.jpg","width":768,"height":576,"mime_type":"image\/jpeg","source_url":"https:\/\/www.tucomarca.com\/wordpress\/segunda\/wp-content\/uploads\/2018\/10\/Neurorrehab_Infantil-768x576.jpg"},"large":{"file":"Neurorrehab_Infantil-1024x768.jpg","width":1024,"height":768,"mime_type":"image\/jpeg","source_url":"https:\/\/www.tucomarca.com\/wordpress\/segunda\/wp-content\/uploads\/2018\/10\/Neurorrehab_Infantil-1024x768.jpg"},"rss-image":{"file":"Neurorrehab_Infantil-300x225.jpg","width":300,"height":225,"mime_type":"image\/jpeg","source_url":"https:\/\/www.tucomarca.com\/wordpress\/segunda\/wp-content\/uploads\/2018\/10\/Neurorrehab_Infantil-300x225.jpg"},"post-thumbnail":{"file":"Neurorrehab_Infantil-50x50.jpg","width":50,"height":50,"mime_type":"image\/jpeg","source_url":"https:\/\/www.tucomarca.com\/wordpress\/segunda\/wp-content\/uploads\/2018\/10\/Neurorrehab_Infantil-50x50.jpg"},"gabfire":{"file":"Neurorrehab_Infantil-1024x768.jpg","width":1024,"height":768,"mime_type":"image\/jpeg","source_url":"https:\/\/www.tucomarca.com\/wordpress\/segunda\/wp-content\/uploads\/2018\/10\/Neurorrehab_Infantil-1024x768.jpg"},"full":{"file":"Neurorrehab_Infantil.jpg","width":3264,"height":2448,"mime_type":"image\/jpeg","source_url":"https:\/\/www.tucomarca.com\/wordpress\/segunda\/wp-content\/uploads\/2018\/10\/Neurorrehab_Infantil.jpg"}},"image_meta":{"aperture":"2.2","credit":"","camera":"iPhone 6","caption":"","created_timestamp":"1427893790","copyright":"","focal_length":"4.15","iso":"64","shutter_speed":"0.03030303030303","title":"","orientation":"1","keywords":[]}},"post":76704,"source_url":"https:\/\/www.tucomarca.com\/wordpress\/segunda\/wp-content\/uploads\/2018\/10\/Neurorrehab_Infantil.jpg","_links":{"self":[{"href":"https:\/\/www.tucomarca.com\/wordpress\/segunda\/ca\/wp-json\/wp\/v2\/media\/76701","targetHints":{"allow":["GET"]}}],"collection":[{"href":"https:\/\/www.tucomarca.com\/wordpress\/segunda\/ca\/wp-json\/wp\/v2\/media"}],"about":[{"href":"https:\/\/www.tucomarca.com\/wordpress\/segunda\/ca\/wp-json\/wp\/v2\/types\/attachment"}],"author":[{"embeddable":true,"href":"https:\/\/www.tucomarca.com\/wordpress\/segunda\/ca\/wp-json\/wp\/v2\/users\/2"}],"replies":[{"embeddable":true,"href":"https:\/\/www.tucomarca.com\/wordpress\/segunda\/ca\/wp-json\/wp\/v2\/comments?post=76701"}],"wp:attached-to":[{"embeddable":true,"post_type":"post","id":76704,"href":"https:\/\/www.tucomarca.com\/wordpress\/segunda\/ca\/wp-json\/wp\/v2\/posts\/76704"}],"curies":[{"name":"wp","href":"https:\/\/api.w.org\/{rel}","templated":true}]}}

<p class="attachment"><a href='https://www.tucomarca.com/wordpress/segunda/wp-content/uploads/2018/10/Neurorrehab_Infantil.jpg'><img loading="lazy" decoding="async" width="300" height="225" src="https://www.tucomarca.com/wordpress/segunda/wp-content/uploads/2018/10/Neurorrehab_Infantil-300x225.jpg" class="attachment-medium size-medium" alt="La Unidad de Neurorrehabilitación Infantil del Hospital de Manises atiende a 26 jóvenes con daño cerebral." srcset="https://www.tucomarca.com/wordpress/segunda/wp-content/uploads/2018/10/Neurorrehab_Infantil-300x225.jpg 300w, https://www.tucomarca.com/wordpress/segunda/wp-content/uploads/2018/10/Neurorrehab_Infantil-768x576.jpg 768w, https://www.tucomarca.com/wordpress/segunda/wp-content/uploads/2018/10/Neurorrehab_Infantil-1024x768.jpg 1024w" sizes="auto, (max-width: 300px) 100vw, 300px" /></a></p>
<p>La Unidad de Neurorrehabilitación Infantil del Hospital de Manises atiende a 26 jóvenes con daño cerebral.</p>

<div class="mh-excerpt">La Unidad de Neurorrehabilitación Infantil del Hospital de Manises atiende a 26 jóvenes con daño cerebral.</div>
<p> <a class="mh-excerpt-more" href="https://www.tucomarca.com/wordpress/segunda/ca/la-unitat-de-neurorehabilitacio-infantil-de-lhospital-de-manises-aten-26-joves-amb-dany-cerebral/neurorrehab_infantil-2/" title="Neurorrehab_Infantil">[+] </a></p>

La Unidad de Neurorrehabilitación Infantil del Hospital de Manises atiende a 26 jóvenes con daño cerebral.
