{"id":77116,"date":"2018-06-04T20:41:16","date_gmt":"2018-06-04T18:41:16","guid":{"rendered":"http:\/\/www.tucomarca.com\/wordpress\/segunda\/wp-content\/uploads\/2018\/06\/alvarorti.jpg"},"modified":"2018-06-04T20:41:16","modified_gmt":"2018-06-04T18:41:16","slug":"alvarorti-2","status":"inherit","type":"attachment","link":"https:\/\/www.tucomarca.com\/wordpress\/segunda\/ca\/alvaro-orti-cessat-com-a-tecnic-del-club-esportiu-bunyol\/alvarorti-2\/","title":{"rendered":"alvarorti"},"author":1,"featured_media":0,"comment_status":"open","ping_status":"closed","template":"","meta":[],"class_list":["post-77116","attachment","type-attachment","status-inherit"],"description":{"rendered":"<p class=\"attachment\"><a href='https:\/\/www.tucomarca.com\/wordpress\/segunda\/wp-content\/uploads\/2018\/06\/alvarorti.jpg'><img loading=\"lazy\" decoding=\"async\" width=\"300\" height=\"287\" src=\"https:\/\/www.tucomarca.com\/wordpress\/segunda\/wp-content\/uploads\/2018\/06\/alvarorti-300x287.jpg\" class=\"attachment-medium size-medium\" alt=\"\" srcset=\"https:\/\/www.tucomarca.com\/wordpress\/segunda\/wp-content\/uploads\/2018\/06\/alvarorti-300x287.jpg 300w, https:\/\/www.tucomarca.com\/wordpress\/segunda\/wp-content\/uploads\/2018\/06\/alvarorti-768x735.jpg 768w, https:\/\/www.tucomarca.com\/wordpress\/segunda\/wp-content\/uploads\/2018\/06\/alvarorti.jpg 945w\" sizes=\"auto, (max-width: 300px) 100vw, 300px\" \/><\/a><\/p>\n<p>El nuevo entrenador del CD Bu\u00f1ol, \u00c1lvaro Ort\u00ed. Foto: Ra\u00fal Miralles.<\/p>\n"},"caption":{"rendered":"<div class=\"mh-excerpt\">El nuevo entrenador del CD Bu\u00f1ol, \u00c1lvaro Ort\u00ed. Foto: Ra\u00fal Miralles.<\/div>\n<p> <a class=\"mh-excerpt-more\" href=\"https:\/\/www.tucomarca.com\/wordpress\/segunda\/ca\/alvaro-orti-cessat-com-a-tecnic-del-club-esportiu-bunyol\/alvarorti-2\/\" title=\"alvarorti\">[+] <\/a><\/p>\n"},"alt_text":"","media_type":"image","mime_type":"image\/jpeg","media_details":{"width":945,"height":905,"file":"2018\/06\/alvarorti.jpg","sizes":{"thumbnail":{"file":"alvarorti-290x290.jpg","width":290,"height":290,"mime_type":"image\/jpeg","source_url":"https:\/\/www.tucomarca.com\/wordpress\/segunda\/wp-content\/uploads\/2018\/06\/alvarorti-290x290.jpg"},"medium":{"file":"alvarorti-300x287.jpg","width":300,"height":287,"mime_type":"image\/jpeg","source_url":"https:\/\/www.tucomarca.com\/wordpress\/segunda\/wp-content\/uploads\/2018\/06\/alvarorti-300x287.jpg"},"medium_large":{"file":"alvarorti-768x735.jpg","width":768,"height":735,"mime_type":"image\/jpeg","source_url":"https:\/\/www.tucomarca.com\/wordpress\/segunda\/wp-content\/uploads\/2018\/06\/alvarorti-768x735.jpg"},"rss-image":{"file":"alvarorti-300x287.jpg","width":300,"height":287,"mime_type":"image\/jpeg","source_url":"https:\/\/www.tucomarca.com\/wordpress\/segunda\/wp-content\/uploads\/2018\/06\/alvarorti-300x287.jpg"},"post-thumbnail":{"file":"alvarorti-50x50.jpg","width":50,"height":50,"mime_type":"image\/jpeg","source_url":"https:\/\/www.tucomarca.com\/wordpress\/segunda\/wp-content\/uploads\/2018\/06\/alvarorti-50x50.jpg"},"full":{"file":"alvarorti.jpg","width":945,"height":905,"mime_type":"image\/jpeg","source_url":"https:\/\/www.tucomarca.com\/wordpress\/segunda\/wp-content\/uploads\/2018\/06\/alvarorti.jpg"}},"image_meta":{"aperture":"0","credit":"","camera":"","caption":"","created_timestamp":"0","copyright":"","focal_length":"0","iso":"0","shutter_speed":"0","title":"","orientation":"1","keywords":[]}},"post":77115,"source_url":"https:\/\/www.tucomarca.com\/wordpress\/segunda\/wp-content\/uploads\/2018\/06\/alvarorti.jpg","_links":{"self":[{"href":"https:\/\/www.tucomarca.com\/wordpress\/segunda\/ca\/wp-json\/wp\/v2\/media\/77116","targetHints":{"allow":["GET"]}}],"collection":[{"href":"https:\/\/www.tucomarca.com\/wordpress\/segunda\/ca\/wp-json\/wp\/v2\/media"}],"about":[{"href":"https:\/\/www.tucomarca.com\/wordpress\/segunda\/ca\/wp-json\/wp\/v2\/types\/attachment"}],"author":[{"embeddable":true,"href":"https:\/\/www.tucomarca.com\/wordpress\/segunda\/ca\/wp-json\/wp\/v2\/users\/1"}],"replies":[{"embeddable":true,"href":"https:\/\/www.tucomarca.com\/wordpress\/segunda\/ca\/wp-json\/wp\/v2\/comments?post=77116"}],"wp:attached-to":[{"embeddable":true,"post_type":"post","id":77115,"href":"https:\/\/www.tucomarca.com\/wordpress\/segunda\/ca\/wp-json\/wp\/v2\/posts\/77115"}],"curies":[{"name":"wp","href":"https:\/\/api.w.org\/{rel}","templated":true}]}}

<p class="attachment"><a href='https://www.tucomarca.com/wordpress/segunda/wp-content/uploads/2018/06/alvarorti.jpg'><img loading="lazy" decoding="async" width="300" height="287" src="https://www.tucomarca.com/wordpress/segunda/wp-content/uploads/2018/06/alvarorti-300x287.jpg" class="attachment-medium size-medium" alt="" srcset="https://www.tucomarca.com/wordpress/segunda/wp-content/uploads/2018/06/alvarorti-300x287.jpg 300w, https://www.tucomarca.com/wordpress/segunda/wp-content/uploads/2018/06/alvarorti-768x735.jpg 768w, https://www.tucomarca.com/wordpress/segunda/wp-content/uploads/2018/06/alvarorti.jpg 945w" sizes="auto, (max-width: 300px) 100vw, 300px" /></a></p>
<p>El nuevo entrenador del CD Buñol, Álvaro Ortí. Foto: Raúl Miralles.</p>

<div class="mh-excerpt">El nuevo entrenador del CD Buñol, Álvaro Ortí. Foto: Raúl Miralles.</div>
<p> <a class="mh-excerpt-more" href="https://www.tucomarca.com/wordpress/segunda/ca/alvaro-orti-cessat-com-a-tecnic-del-club-esportiu-bunyol/alvarorti-2/" title="alvarorti">[+] </a></p>
