{"id":78763,"date":"2018-12-03T23:09:50","date_gmt":"2018-12-03T21:09:50","guid":{"rendered":"http:\/\/www.tucomarca.com\/wordpress\/segunda\/wp-content\/uploads\/2018\/12\/Catala.jpg"},"modified":"2018-12-03T23:10:08","modified_gmt":"2018-12-03T21:10:08","slug":"catala-2","status":"inherit","type":"attachment","link":"https:\/\/www.tucomarca.com\/wordpress\/segunda\/ca\/catala-oltra-no-pot-excusar-se-amagar-se-ni-mentir-mes-sobre-el-centre-de-menors-de-bunyol\/catala-2\/","title":{"rendered":"Catala"},"author":1,"featured_media":0,"comment_status":"open","ping_status":"closed","template":"","meta":[],"class_list":["post-78763","attachment","type-attachment","status-inherit"],"description":{"rendered":"<p class=\"attachment\"><a href='https:\/\/www.tucomarca.com\/wordpress\/segunda\/wp-content\/uploads\/2018\/12\/Catala.jpg'><img loading=\"lazy\" decoding=\"async\" width=\"300\" height=\"225\" src=\"https:\/\/www.tucomarca.com\/wordpress\/segunda\/wp-content\/uploads\/2018\/12\/Catala-300x225.jpg\" class=\"attachment-medium size-medium\" alt=\"La portavoz adjunta del Grupo Parlamentario Popular (GPP), Mar\u00eda Jos\u00e9 Catal\u00e1.\" srcset=\"https:\/\/www.tucomarca.com\/wordpress\/segunda\/wp-content\/uploads\/2018\/12\/Catala-300x225.jpg 300w, https:\/\/www.tucomarca.com\/wordpress\/segunda\/wp-content\/uploads\/2018\/12\/Catala-768x576.jpg 768w, https:\/\/www.tucomarca.com\/wordpress\/segunda\/wp-content\/uploads\/2018\/12\/Catala-1024x768.jpg 1024w, https:\/\/www.tucomarca.com\/wordpress\/segunda\/wp-content\/uploads\/2018\/12\/Catala.jpg 2016w\" sizes=\"auto, (max-width: 300px) 100vw, 300px\" \/><\/a><\/p>\n<p>La portavoz adjunta del Grupo Parlamentario Popular (GPP), Mar\u00eda Jos\u00e9 Catal\u00e1.<\/p>\n"},"caption":{"rendered":"<div class=\"mh-excerpt\">La portavoz adjunta del Grupo Parlamentario Popular (GPP), Mar\u00eda Jos\u00e9 Catal\u00e1.<\/div>\n<p> <a class=\"mh-excerpt-more\" href=\"https:\/\/www.tucomarca.com\/wordpress\/segunda\/ca\/catala-oltra-no-pot-excusar-se-amagar-se-ni-mentir-mes-sobre-el-centre-de-menors-de-bunyol\/catala-2\/\" title=\"Catala\">[+] <\/a><\/p>\n"},"alt_text":"La portavoz adjunta del Grupo Parlamentario Popular (GPP), Mar\u00eda Jos\u00e9 Catal\u00e1.","media_type":"image","mime_type":"image\/jpeg","media_details":{"width":2016,"height":1512,"file":"2018\/12\/Catala.jpg","sizes":{"thumbnail":{"file":"Catala-290x290.jpg","width":290,"height":290,"mime_type":"image\/jpeg","source_url":"https:\/\/www.tucomarca.com\/wordpress\/segunda\/wp-content\/uploads\/2018\/12\/Catala-290x290.jpg"},"medium":{"file":"Catala-300x225.jpg","width":300,"height":225,"mime_type":"image\/jpeg","source_url":"https:\/\/www.tucomarca.com\/wordpress\/segunda\/wp-content\/uploads\/2018\/12\/Catala-300x225.jpg"},"medium_large":{"file":"Catala-768x576.jpg","width":768,"height":576,"mime_type":"image\/jpeg","source_url":"https:\/\/www.tucomarca.com\/wordpress\/segunda\/wp-content\/uploads\/2018\/12\/Catala-768x576.jpg"},"large":{"file":"Catala-1024x768.jpg","width":1024,"height":768,"mime_type":"image\/jpeg","source_url":"https:\/\/www.tucomarca.com\/wordpress\/segunda\/wp-content\/uploads\/2018\/12\/Catala-1024x768.jpg"},"rss-image":{"file":"Catala-300x225.jpg","width":300,"height":225,"mime_type":"image\/jpeg","source_url":"https:\/\/www.tucomarca.com\/wordpress\/segunda\/wp-content\/uploads\/2018\/12\/Catala-300x225.jpg"},"post-thumbnail":{"file":"Catala-50x50.jpg","width":50,"height":50,"mime_type":"image\/jpeg","source_url":"https:\/\/www.tucomarca.com\/wordpress\/segunda\/wp-content\/uploads\/2018\/12\/Catala-50x50.jpg"},"gabfire":{"file":"Catala-1024x768.jpg","width":1024,"height":768,"mime_type":"image\/jpeg","source_url":"https:\/\/www.tucomarca.com\/wordpress\/segunda\/wp-content\/uploads\/2018\/12\/Catala-1024x768.jpg"},"full":{"file":"Catala.jpg","width":2016,"height":1512,"mime_type":"image\/jpeg","source_url":"https:\/\/www.tucomarca.com\/wordpress\/segunda\/wp-content\/uploads\/2018\/12\/Catala.jpg"}},"image_meta":{"aperture":"2.2","credit":"","camera":"iPhone SE","caption":"","created_timestamp":"1536235050","copyright":"","focal_length":"4.15","iso":"40","shutter_speed":"0.03030303030303","title":"","orientation":"1","keywords":[]}},"post":78765,"source_url":"https:\/\/www.tucomarca.com\/wordpress\/segunda\/wp-content\/uploads\/2018\/12\/Catala.jpg","_links":{"self":[{"href":"https:\/\/www.tucomarca.com\/wordpress\/segunda\/ca\/wp-json\/wp\/v2\/media\/78763","targetHints":{"allow":["GET"]}}],"collection":[{"href":"https:\/\/www.tucomarca.com\/wordpress\/segunda\/ca\/wp-json\/wp\/v2\/media"}],"about":[{"href":"https:\/\/www.tucomarca.com\/wordpress\/segunda\/ca\/wp-json\/wp\/v2\/types\/attachment"}],"author":[{"embeddable":true,"href":"https:\/\/www.tucomarca.com\/wordpress\/segunda\/ca\/wp-json\/wp\/v2\/users\/1"}],"replies":[{"embeddable":true,"href":"https:\/\/www.tucomarca.com\/wordpress\/segunda\/ca\/wp-json\/wp\/v2\/comments?post=78763"}],"wp:attached-to":[{"embeddable":true,"post_type":"post","id":78765,"href":"https:\/\/www.tucomarca.com\/wordpress\/segunda\/ca\/wp-json\/wp\/v2\/posts\/78765"}],"curies":[{"name":"wp","href":"https:\/\/api.w.org\/{rel}","templated":true}]}}

<p class="attachment"><a href='https://www.tucomarca.com/wordpress/segunda/wp-content/uploads/2018/12/Catala.jpg'><img loading="lazy" decoding="async" width="300" height="225" src="https://www.tucomarca.com/wordpress/segunda/wp-content/uploads/2018/12/Catala-300x225.jpg" class="attachment-medium size-medium" alt="La portavoz adjunta del Grupo Parlamentario Popular (GPP), María José Catalá." srcset="https://www.tucomarca.com/wordpress/segunda/wp-content/uploads/2018/12/Catala-300x225.jpg 300w, https://www.tucomarca.com/wordpress/segunda/wp-content/uploads/2018/12/Catala-768x576.jpg 768w, https://www.tucomarca.com/wordpress/segunda/wp-content/uploads/2018/12/Catala-1024x768.jpg 1024w, https://www.tucomarca.com/wordpress/segunda/wp-content/uploads/2018/12/Catala.jpg 2016w" sizes="auto, (max-width: 300px) 100vw, 300px" /></a></p>
<p>La portavoz adjunta del Grupo Parlamentario Popular (GPP), María José Catalá.</p>

<div class="mh-excerpt">La portavoz adjunta del Grupo Parlamentario Popular (GPP), María José Catalá.</div>
<p> <a class="mh-excerpt-more" href="https://www.tucomarca.com/wordpress/segunda/ca/catala-oltra-no-pot-excusar-se-amagar-se-ni-mentir-mes-sobre-el-centre-de-menors-de-bunyol/catala-2/" title="Catala">[+] </a></p>

La portavoz adjunta del Grupo Parlamentario Popular (GPP), María José Catalá.
