{"id":79114,"date":"2018-12-12T12:27:12","date_gmt":"2018-12-12T10:27:12","guid":{"rendered":"http:\/\/www.tucomarca.com\/wordpress\/segunda\/wp-content\/uploads\/2018\/12\/VilamarxantPleno.jpg"},"modified":"2018-12-12T12:27:29","modified_gmt":"2018-12-12T10:27:29","slug":"vilamarxantpleno-3-2","status":"inherit","type":"attachment","link":"https:\/\/www.tucomarca.com\/wordpress\/segunda\/ca\/el-ple-de-lajuntament-de-vilamarxant-aprova-per-unanimitat-un-acord-contra-la-violencia-de-genere\/vilamarxantpleno-3-2\/","title":{"rendered":"VilamarxantPleno"},"author":1,"featured_media":0,"comment_status":"open","ping_status":"closed","template":"","meta":[],"class_list":["post-79114","attachment","type-attachment","status-inherit"],"description":{"rendered":"<p class=\"attachment\"><a href='https:\/\/www.tucomarca.com\/wordpress\/segunda\/wp-content\/uploads\/2018\/12\/VilamarxantPleno.jpg'><img loading=\"lazy\" decoding=\"async\" width=\"300\" height=\"225\" src=\"https:\/\/www.tucomarca.com\/wordpress\/segunda\/wp-content\/uploads\/2018\/12\/VilamarxantPleno-300x225.jpg\" class=\"attachment-medium size-medium\" alt=\"La localidad del Camp de T\u00faria desarrollar\u00e1 un plan de prevenci\u00f3n contra las violencias machistas y la desigualdad que impregne las concejal\u00edas\" srcset=\"https:\/\/www.tucomarca.com\/wordpress\/segunda\/wp-content\/uploads\/2018\/12\/VilamarxantPleno-300x225.jpg 300w, https:\/\/www.tucomarca.com\/wordpress\/segunda\/wp-content\/uploads\/2018\/12\/VilamarxantPleno-768x576.jpg 768w, https:\/\/www.tucomarca.com\/wordpress\/segunda\/wp-content\/uploads\/2018\/12\/VilamarxantPleno-1024x768.jpg 1024w, https:\/\/www.tucomarca.com\/wordpress\/segunda\/wp-content\/uploads\/2018\/12\/VilamarxantPleno.jpg 1280w\" sizes=\"auto, (max-width: 300px) 100vw, 300px\" \/><\/a><\/p>\n<p>La localidad del Camp de T\u00faria desarrollar\u00e1 un plan de prevenci\u00f3n contra las violencias machistas y la desigualdad que impregne las concejal\u00edas.<\/p>\n"},"caption":{"rendered":"<div class=\"mh-excerpt\">La localidad del Camp de T\u00faria desarrollar\u00e1 un plan de prevenci\u00f3n contra las violencias machistas y la desigualdad que impregne las concejal\u00edas<\/div>\n<p> <a class=\"mh-excerpt-more\" href=\"https:\/\/www.tucomarca.com\/wordpress\/segunda\/ca\/el-ple-de-lajuntament-de-vilamarxant-aprova-per-unanimitat-un-acord-contra-la-violencia-de-genere\/vilamarxantpleno-3-2\/\" title=\"VilamarxantPleno\">[+] <\/a><\/p>\n"},"alt_text":"La localidad del Camp de T\u00faria desarrollar\u00e1 un plan de prevenci\u00f3n contra las violencias machistas y la desigualdad que impregne las concejal\u00edas","media_type":"image","mime_type":"image\/jpeg","media_details":{"width":1280,"height":960,"file":"2018\/12\/VilamarxantPleno.jpg","sizes":{"thumbnail":{"file":"VilamarxantPleno-290x290.jpg","width":290,"height":290,"mime_type":"image\/jpeg","source_url":"https:\/\/www.tucomarca.com\/wordpress\/segunda\/wp-content\/uploads\/2018\/12\/VilamarxantPleno-290x290.jpg"},"medium":{"file":"VilamarxantPleno-300x225.jpg","width":300,"height":225,"mime_type":"image\/jpeg","source_url":"https:\/\/www.tucomarca.com\/wordpress\/segunda\/wp-content\/uploads\/2018\/12\/VilamarxantPleno-300x225.jpg"},"medium_large":{"file":"VilamarxantPleno-768x576.jpg","width":768,"height":576,"mime_type":"image\/jpeg","source_url":"https:\/\/www.tucomarca.com\/wordpress\/segunda\/wp-content\/uploads\/2018\/12\/VilamarxantPleno-768x576.jpg"},"large":{"file":"VilamarxantPleno-1024x768.jpg","width":1024,"height":768,"mime_type":"image\/jpeg","source_url":"https:\/\/www.tucomarca.com\/wordpress\/segunda\/wp-content\/uploads\/2018\/12\/VilamarxantPleno-1024x768.jpg"},"rss-image":{"file":"VilamarxantPleno-300x225.jpg","width":300,"height":225,"mime_type":"image\/jpeg","source_url":"https:\/\/www.tucomarca.com\/wordpress\/segunda\/wp-content\/uploads\/2018\/12\/VilamarxantPleno-300x225.jpg"},"post-thumbnail":{"file":"VilamarxantPleno-50x50.jpg","width":50,"height":50,"mime_type":"image\/jpeg","source_url":"https:\/\/www.tucomarca.com\/wordpress\/segunda\/wp-content\/uploads\/2018\/12\/VilamarxantPleno-50x50.jpg"},"gabfire":{"file":"VilamarxantPleno-1024x768.jpg","width":1024,"height":768,"mime_type":"image\/jpeg","source_url":"https:\/\/www.tucomarca.com\/wordpress\/segunda\/wp-content\/uploads\/2018\/12\/VilamarxantPleno-1024x768.jpg"},"full":{"file":"VilamarxantPleno.jpg","width":1280,"height":960,"mime_type":"image\/jpeg","source_url":"https:\/\/www.tucomarca.com\/wordpress\/segunda\/wp-content\/uploads\/2018\/12\/VilamarxantPleno.jpg"}},"image_meta":{"aperture":"0","credit":"","camera":"","caption":"","created_timestamp":"0","copyright":"","focal_length":"0","iso":"0","shutter_speed":"0","title":"","orientation":"0","keywords":[]}},"post":79118,"source_url":"https:\/\/www.tucomarca.com\/wordpress\/segunda\/wp-content\/uploads\/2018\/12\/VilamarxantPleno.jpg","_links":{"self":[{"href":"https:\/\/www.tucomarca.com\/wordpress\/segunda\/ca\/wp-json\/wp\/v2\/media\/79114","targetHints":{"allow":["GET"]}}],"collection":[{"href":"https:\/\/www.tucomarca.com\/wordpress\/segunda\/ca\/wp-json\/wp\/v2\/media"}],"about":[{"href":"https:\/\/www.tucomarca.com\/wordpress\/segunda\/ca\/wp-json\/wp\/v2\/types\/attachment"}],"author":[{"embeddable":true,"href":"https:\/\/www.tucomarca.com\/wordpress\/segunda\/ca\/wp-json\/wp\/v2\/users\/1"}],"replies":[{"embeddable":true,"href":"https:\/\/www.tucomarca.com\/wordpress\/segunda\/ca\/wp-json\/wp\/v2\/comments?post=79114"}],"wp:attached-to":[{"embeddable":true,"post_type":"post","id":79118,"href":"https:\/\/www.tucomarca.com\/wordpress\/segunda\/ca\/wp-json\/wp\/v2\/posts\/79118"}],"curies":[{"name":"wp","href":"https:\/\/api.w.org\/{rel}","templated":true}]}}

<p class="attachment"><a href='https://www.tucomarca.com/wordpress/segunda/wp-content/uploads/2018/12/VilamarxantPleno.jpg'><img loading="lazy" decoding="async" width="300" height="225" src="https://www.tucomarca.com/wordpress/segunda/wp-content/uploads/2018/12/VilamarxantPleno-300x225.jpg" class="attachment-medium size-medium" alt="La localidad del Camp de Túria desarrollará un plan de prevención contra las violencias machistas y la desigualdad que impregne las concejalías" srcset="https://www.tucomarca.com/wordpress/segunda/wp-content/uploads/2018/12/VilamarxantPleno-300x225.jpg 300w, https://www.tucomarca.com/wordpress/segunda/wp-content/uploads/2018/12/VilamarxantPleno-768x576.jpg 768w, https://www.tucomarca.com/wordpress/segunda/wp-content/uploads/2018/12/VilamarxantPleno-1024x768.jpg 1024w, https://www.tucomarca.com/wordpress/segunda/wp-content/uploads/2018/12/VilamarxantPleno.jpg 1280w" sizes="auto, (max-width: 300px) 100vw, 300px" /></a></p>
<p>La localidad del Camp de Túria desarrollará un plan de prevención contra las violencias machistas y la desigualdad que impregne las concejalías.</p>

<div class="mh-excerpt">La localidad del Camp de Túria desarrollará un plan de prevención contra las violencias machistas y la desigualdad que impregne las concejalías</div>
<p> <a class="mh-excerpt-more" href="https://www.tucomarca.com/wordpress/segunda/ca/el-ple-de-lajuntament-de-vilamarxant-aprova-per-unanimitat-un-acord-contra-la-violencia-de-genere/vilamarxantpleno-3-2/" title="VilamarxantPleno">[+] </a></p>

La localidad del Camp de Túria desarrollará un plan de prevención contra las violencias machistas y la desigualdad que impregne las concejalías
