{"id":79257,"date":"2018-12-18T15:12:47","date_gmt":"2018-12-18T13:12:47","guid":{"rendered":"http:\/\/www.tucomarca.com\/wordpress\/segunda\/wp-content\/uploads\/2018\/12\/ChesteCodigo.jpg"},"modified":"2018-12-18T15:13:06","modified_gmt":"2018-12-18T13:13:06","slug":"chestecodigo-2","status":"inherit","type":"attachment","link":"https:\/\/www.tucomarca.com\/wordpress\/segunda\/ca\/xest-suneix-a-lesdeveniment-internacional-lhora-del-codi\/chestecodigo-2\/","title":{"rendered":"ChesteCodigo"},"author":1,"featured_media":0,"comment_status":"open","ping_status":"closed","template":"","meta":[],"class_list":["post-79257","attachment","type-attachment","status-inherit"],"description":{"rendered":"<p class=\"attachment\"><a href='https:\/\/www.tucomarca.com\/wordpress\/segunda\/wp-content\/uploads\/2018\/12\/ChesteCodigo.jpg'><img loading=\"lazy\" decoding=\"async\" width=\"300\" height=\"200\" src=\"https:\/\/www.tucomarca.com\/wordpress\/segunda\/wp-content\/uploads\/2018\/12\/ChesteCodigo-300x200.jpg\" class=\"attachment-medium size-medium\" alt=\"La presentaci\u00f3n del evento cont\u00f3 con la presencia del alcalde de Cheste y concejal de Juventud, Jos\u00e9 Morell.\" srcset=\"https:\/\/www.tucomarca.com\/wordpress\/segunda\/wp-content\/uploads\/2018\/12\/ChesteCodigo-300x200.jpg 300w, https:\/\/www.tucomarca.com\/wordpress\/segunda\/wp-content\/uploads\/2018\/12\/ChesteCodigo-768x512.jpg 768w, https:\/\/www.tucomarca.com\/wordpress\/segunda\/wp-content\/uploads\/2018\/12\/ChesteCodigo-1024x683.jpg 1024w\" sizes=\"auto, (max-width: 300px) 100vw, 300px\" \/><\/a><\/p>\n<p>La presentaci\u00f3n del evento cont\u00f3 con la presencia del alcalde de Cheste y concejal de Juventud, Jos\u00e9 Morell.<\/p>\n"},"caption":{"rendered":"<div class=\"mh-excerpt\">La presentaci\u00f3n del evento cont\u00f3 con la presencia del alcalde de Cheste y concejal de Juventud, Jos\u00e9 Morell.<\/div>\n<p> <a class=\"mh-excerpt-more\" href=\"https:\/\/www.tucomarca.com\/wordpress\/segunda\/ca\/xest-suneix-a-lesdeveniment-internacional-lhora-del-codi\/chestecodigo-2\/\" title=\"ChesteCodigo\">[+] <\/a><\/p>\n"},"alt_text":"La presentaci\u00f3n del evento cont\u00f3 con la presencia del alcalde de Cheste y concejal de Juventud, Jos\u00e9 Morell.","media_type":"image","mime_type":"image\/jpeg","media_details":{"width":5472,"height":3648,"file":"2018\/12\/ChesteCodigo.jpg","sizes":{"thumbnail":{"file":"ChesteCodigo-290x290.jpg","width":290,"height":290,"mime_type":"image\/jpeg","source_url":"https:\/\/www.tucomarca.com\/wordpress\/segunda\/wp-content\/uploads\/2018\/12\/ChesteCodigo-290x290.jpg"},"medium":{"file":"ChesteCodigo-300x200.jpg","width":300,"height":200,"mime_type":"image\/jpeg","source_url":"https:\/\/www.tucomarca.com\/wordpress\/segunda\/wp-content\/uploads\/2018\/12\/ChesteCodigo-300x200.jpg"},"medium_large":{"file":"ChesteCodigo-768x512.jpg","width":768,"height":512,"mime_type":"image\/jpeg","source_url":"https:\/\/www.tucomarca.com\/wordpress\/segunda\/wp-content\/uploads\/2018\/12\/ChesteCodigo-768x512.jpg"},"large":{"file":"ChesteCodigo-1024x683.jpg","width":1024,"height":683,"mime_type":"image\/jpeg","source_url":"https:\/\/www.tucomarca.com\/wordpress\/segunda\/wp-content\/uploads\/2018\/12\/ChesteCodigo-1024x683.jpg"},"rss-image":{"file":"ChesteCodigo-300x200.jpg","width":300,"height":200,"mime_type":"image\/jpeg","source_url":"https:\/\/www.tucomarca.com\/wordpress\/segunda\/wp-content\/uploads\/2018\/12\/ChesteCodigo-300x200.jpg"},"post-thumbnail":{"file":"ChesteCodigo-50x50.jpg","width":50,"height":50,"mime_type":"image\/jpeg","source_url":"https:\/\/www.tucomarca.com\/wordpress\/segunda\/wp-content\/uploads\/2018\/12\/ChesteCodigo-50x50.jpg"},"gabfire":{"file":"ChesteCodigo-1024x683.jpg","width":1024,"height":683,"mime_type":"image\/jpeg","source_url":"https:\/\/www.tucomarca.com\/wordpress\/segunda\/wp-content\/uploads\/2018\/12\/ChesteCodigo-1024x683.jpg"},"full":{"file":"ChesteCodigo.jpg","width":5472,"height":3648,"mime_type":"image\/jpeg","source_url":"https:\/\/www.tucomarca.com\/wordpress\/segunda\/wp-content\/uploads\/2018\/12\/ChesteCodigo.jpg"}},"image_meta":{"aperture":"4","credit":"","camera":"Canon EOS 6D","caption":"","created_timestamp":"1544812427","copyright":"","focal_length":"41","iso":"1600","shutter_speed":"0.0125","title":"","orientation":"1","keywords":[]}},"post":79261,"source_url":"https:\/\/www.tucomarca.com\/wordpress\/segunda\/wp-content\/uploads\/2018\/12\/ChesteCodigo.jpg","_links":{"self":[{"href":"https:\/\/www.tucomarca.com\/wordpress\/segunda\/ca\/wp-json\/wp\/v2\/media\/79257","targetHints":{"allow":["GET"]}}],"collection":[{"href":"https:\/\/www.tucomarca.com\/wordpress\/segunda\/ca\/wp-json\/wp\/v2\/media"}],"about":[{"href":"https:\/\/www.tucomarca.com\/wordpress\/segunda\/ca\/wp-json\/wp\/v2\/types\/attachment"}],"author":[{"embeddable":true,"href":"https:\/\/www.tucomarca.com\/wordpress\/segunda\/ca\/wp-json\/wp\/v2\/users\/1"}],"replies":[{"embeddable":true,"href":"https:\/\/www.tucomarca.com\/wordpress\/segunda\/ca\/wp-json\/wp\/v2\/comments?post=79257"}],"wp:attached-to":[{"embeddable":true,"post_type":"post","id":79261,"href":"https:\/\/www.tucomarca.com\/wordpress\/segunda\/ca\/wp-json\/wp\/v2\/posts\/79261"}],"curies":[{"name":"wp","href":"https:\/\/api.w.org\/{rel}","templated":true}]}}

<p class="attachment"><a href='https://www.tucomarca.com/wordpress/segunda/wp-content/uploads/2018/12/ChesteCodigo.jpg'><img loading="lazy" decoding="async" width="300" height="200" src="https://www.tucomarca.com/wordpress/segunda/wp-content/uploads/2018/12/ChesteCodigo-300x200.jpg" class="attachment-medium size-medium" alt="La presentación del evento contó con la presencia del alcalde de Cheste y concejal de Juventud, José Morell." srcset="https://www.tucomarca.com/wordpress/segunda/wp-content/uploads/2018/12/ChesteCodigo-300x200.jpg 300w, https://www.tucomarca.com/wordpress/segunda/wp-content/uploads/2018/12/ChesteCodigo-768x512.jpg 768w, https://www.tucomarca.com/wordpress/segunda/wp-content/uploads/2018/12/ChesteCodigo-1024x683.jpg 1024w" sizes="auto, (max-width: 300px) 100vw, 300px" /></a></p>
<p>La presentación del evento contó con la presencia del alcalde de Cheste y concejal de Juventud, José Morell.</p>

<div class="mh-excerpt">La presentación del evento contó con la presencia del alcalde de Cheste y concejal de Juventud, José Morell.</div>
<p> <a class="mh-excerpt-more" href="https://www.tucomarca.com/wordpress/segunda/ca/xest-suneix-a-lesdeveniment-internacional-lhora-del-codi/chestecodigo-2/" title="ChesteCodigo">[+] </a></p>

La presentación del evento contó con la presencia del alcalde de Cheste y concejal de Juventud, José Morell.
