{"id":79290,"date":"2018-12-18T16:09:01","date_gmt":"2018-12-18T14:09:01","guid":{"rendered":"http:\/\/www.tucomarca.com\/wordpress\/segunda\/wp-content\/uploads\/2018\/12\/BORTREQUENA-1.jpg"},"modified":"2018-12-18T16:09:22","modified_gmt":"2018-12-18T14:09:22","slug":"bortrequena-1-2","status":"inherit","type":"attachment","link":"https:\/\/www.tucomarca.com\/wordpress\/segunda\/ca\/la-diputacio-impulsa-les-politiques-de-gestio-forestal-sostenible-a-la-plana-de-requena-utiel\/bortrequena-1-2\/","title":{"rendered":"BORTREQUENA 1"},"author":1,"featured_media":0,"comment_status":"open","ping_status":"closed","template":"","meta":[],"class_list":["post-79290","attachment","type-attachment","status-inherit"],"description":{"rendered":"<p class=\"attachment\"><a href='https:\/\/www.tucomarca.com\/wordpress\/segunda\/wp-content\/uploads\/2018\/12\/BORTREQUENA-1.jpg'><img loading=\"lazy\" decoding=\"async\" width=\"300\" height=\"212\" src=\"https:\/\/www.tucomarca.com\/wordpress\/segunda\/wp-content\/uploads\/2018\/12\/BORTREQUENA-1-300x212.jpg\" class=\"attachment-medium size-medium\" alt=\"La Diputaci\u00f3 ha destinado 132.633 euros a la comarca de la Plana Requena-Utiel a trav\u00e9s del Programa de Gesti\u00f3n Forestal Sostenible de 2017.\" srcset=\"https:\/\/www.tucomarca.com\/wordpress\/segunda\/wp-content\/uploads\/2018\/12\/BORTREQUENA-1-300x212.jpg 300w, https:\/\/www.tucomarca.com\/wordpress\/segunda\/wp-content\/uploads\/2018\/12\/BORTREQUENA-1-768x544.jpg 768w, https:\/\/www.tucomarca.com\/wordpress\/segunda\/wp-content\/uploads\/2018\/12\/BORTREQUENA-1-1024x725.jpg 1024w\" sizes=\"auto, (max-width: 300px) 100vw, 300px\" \/><\/a><\/p>\n<p>La Diputaci\u00f3 ha destinado 132.633 euros a la comarca de la Plana Requena-Utiel a trav\u00e9s del Programa de Gesti\u00f3n Forestal Sostenible de 2017.<\/p>\n"},"caption":{"rendered":"<div class=\"mh-excerpt\">La Diputaci\u00f3 ha destinado 132.633 euros a la comarca de la Plana Requena-Utiel a trav\u00e9s del Programa de Gesti\u00f3n Forestal Sostenible de 2017.<\/div>\n<p> <a class=\"mh-excerpt-more\" href=\"https:\/\/www.tucomarca.com\/wordpress\/segunda\/ca\/la-diputacio-impulsa-les-politiques-de-gestio-forestal-sostenible-a-la-plana-de-requena-utiel\/bortrequena-1-2\/\" title=\"BORTREQUENA 1\">[+] <\/a><\/p>\n"},"alt_text":"La Diputaci\u00f3 ha destinado 132.633 euros a la comarca de la Plana Requena-Utiel a trav\u00e9s del Programa de Gesti\u00f3n Forestal Sostenible de 2017.","media_type":"image","mime_type":"image\/jpeg","media_details":{"width":2600,"height":1840,"file":"2018\/12\/BORTREQUENA-1.jpg","sizes":{"thumbnail":{"file":"BORTREQUENA-1-290x290.jpg","width":290,"height":290,"mime_type":"image\/jpeg","source_url":"https:\/\/www.tucomarca.com\/wordpress\/segunda\/wp-content\/uploads\/2018\/12\/BORTREQUENA-1-290x290.jpg"},"medium":{"file":"BORTREQUENA-1-300x212.jpg","width":300,"height":212,"mime_type":"image\/jpeg","source_url":"https:\/\/www.tucomarca.com\/wordpress\/segunda\/wp-content\/uploads\/2018\/12\/BORTREQUENA-1-300x212.jpg"},"medium_large":{"file":"BORTREQUENA-1-768x544.jpg","width":768,"height":544,"mime_type":"image\/jpeg","source_url":"https:\/\/www.tucomarca.com\/wordpress\/segunda\/wp-content\/uploads\/2018\/12\/BORTREQUENA-1-768x544.jpg"},"large":{"file":"BORTREQUENA-1-1024x725.jpg","width":1024,"height":725,"mime_type":"image\/jpeg","source_url":"https:\/\/www.tucomarca.com\/wordpress\/segunda\/wp-content\/uploads\/2018\/12\/BORTREQUENA-1-1024x725.jpg"},"rss-image":{"file":"BORTREQUENA-1-300x212.jpg","width":300,"height":212,"mime_type":"image\/jpeg","source_url":"https:\/\/www.tucomarca.com\/wordpress\/segunda\/wp-content\/uploads\/2018\/12\/BORTREQUENA-1-300x212.jpg"},"post-thumbnail":{"file":"BORTREQUENA-1-50x50.jpg","width":50,"height":50,"mime_type":"image\/jpeg","source_url":"https:\/\/www.tucomarca.com\/wordpress\/segunda\/wp-content\/uploads\/2018\/12\/BORTREQUENA-1-50x50.jpg"},"gabfire":{"file":"BORTREQUENA-1-1024x725.jpg","width":1024,"height":725,"mime_type":"image\/jpeg","source_url":"https:\/\/www.tucomarca.com\/wordpress\/segunda\/wp-content\/uploads\/2018\/12\/BORTREQUENA-1-1024x725.jpg"},"full":{"file":"BORTREQUENA-1.jpg","width":2600,"height":1840,"mime_type":"image\/jpeg","source_url":"https:\/\/www.tucomarca.com\/wordpress\/segunda\/wp-content\/uploads\/2018\/12\/BORTREQUENA-1.jpg"}},"image_meta":{"aperture":"2.8","credit":"","camera":"NIKON D3","caption":"","created_timestamp":"1544610199","copyright":"","focal_length":"36","iso":"800","shutter_speed":"0.01","title":"","orientation":"1","keywords":[]}},"post":79292,"source_url":"https:\/\/www.tucomarca.com\/wordpress\/segunda\/wp-content\/uploads\/2018\/12\/BORTREQUENA-1.jpg","_links":{"self":[{"href":"https:\/\/www.tucomarca.com\/wordpress\/segunda\/ca\/wp-json\/wp\/v2\/media\/79290","targetHints":{"allow":["GET"]}}],"collection":[{"href":"https:\/\/www.tucomarca.com\/wordpress\/segunda\/ca\/wp-json\/wp\/v2\/media"}],"about":[{"href":"https:\/\/www.tucomarca.com\/wordpress\/segunda\/ca\/wp-json\/wp\/v2\/types\/attachment"}],"author":[{"embeddable":true,"href":"https:\/\/www.tucomarca.com\/wordpress\/segunda\/ca\/wp-json\/wp\/v2\/users\/1"}],"replies":[{"embeddable":true,"href":"https:\/\/www.tucomarca.com\/wordpress\/segunda\/ca\/wp-json\/wp\/v2\/comments?post=79290"}],"wp:attached-to":[{"embeddable":true,"post_type":"post","id":79292,"href":"https:\/\/www.tucomarca.com\/wordpress\/segunda\/ca\/wp-json\/wp\/v2\/posts\/79292"}],"curies":[{"name":"wp","href":"https:\/\/api.w.org\/{rel}","templated":true}]}}

<p class="attachment"><a href='https://www.tucomarca.com/wordpress/segunda/wp-content/uploads/2018/12/BORTREQUENA-1.jpg'><img loading="lazy" decoding="async" width="300" height="212" src="https://www.tucomarca.com/wordpress/segunda/wp-content/uploads/2018/12/BORTREQUENA-1-300x212.jpg" class="attachment-medium size-medium" alt="La Diputació ha destinado 132.633 euros a la comarca de la Plana Requena-Utiel a través del Programa de Gestión Forestal Sostenible de 2017." srcset="https://www.tucomarca.com/wordpress/segunda/wp-content/uploads/2018/12/BORTREQUENA-1-300x212.jpg 300w, https://www.tucomarca.com/wordpress/segunda/wp-content/uploads/2018/12/BORTREQUENA-1-768x544.jpg 768w, https://www.tucomarca.com/wordpress/segunda/wp-content/uploads/2018/12/BORTREQUENA-1-1024x725.jpg 1024w" sizes="auto, (max-width: 300px) 100vw, 300px" /></a></p>
<p>La Diputació ha destinado 132.633 euros a la comarca de la Plana Requena-Utiel a través del Programa de Gestión Forestal Sostenible de 2017.</p>

<div class="mh-excerpt">La Diputació ha destinado 132.633 euros a la comarca de la Plana Requena-Utiel a través del Programa de Gestión Forestal Sostenible de 2017.</div>
<p> <a class="mh-excerpt-more" href="https://www.tucomarca.com/wordpress/segunda/ca/la-diputacio-impulsa-les-politiques-de-gestio-forestal-sostenible-a-la-plana-de-requena-utiel/bortrequena-1-2/" title="BORTREQUENA 1">[+] </a></p>

La Diputació ha destinado 132.633 euros a la comarca de la Plana Requena-Utiel a través del Programa de Gestión Forestal Sostenible de 2017.
