{"id":80099,"date":"2019-01-16T16:29:23","date_gmt":"2019-01-16T14:29:23","guid":{"rendered":"http:\/\/www.tucomarca.com\/wordpress\/segunda\/wp-content\/uploads\/2019\/01\/BellaBestia.jpg"},"modified":"2019-01-16T16:30:42","modified_gmt":"2019-01-16T14:30:42","slug":"bellabestia-2","status":"inherit","type":"attachment","link":"https:\/\/www.tucomarca.com\/wordpress\/segunda\/ca\/el-ballet-sobre-gel-del-palau-de-gel-de-moscou-representa-a-bunyol-i-requena-lespectacle-la-bella-i-la-bestia\/bellabestia-2\/","title":{"rendered":"BellaBestia"},"author":2,"featured_media":0,"comment_status":"open","ping_status":"closed","template":"","meta":[],"class_list":["post-80099","attachment","type-attachment","status-inherit"],"description":{"rendered":"<p class=\"attachment\"><a href='https:\/\/www.tucomarca.com\/wordpress\/segunda\/wp-content\/uploads\/2019\/01\/BellaBestia.jpg'><img loading=\"lazy\" decoding=\"async\" width=\"265\" height=\"300\" src=\"https:\/\/www.tucomarca.com\/wordpress\/segunda\/wp-content\/uploads\/2019\/01\/BellaBestia-265x300.jpg\" class=\"attachment-medium size-medium\" alt=\"El Ballet sobre hielo del Palacio de Hielo de Mosc\u00fa, representa en Bu\u00f1ol y Requena el espect\u00e1culo La Bella y la Bestia.\" srcset=\"https:\/\/www.tucomarca.com\/wordpress\/segunda\/wp-content\/uploads\/2019\/01\/BellaBestia-265x300.jpg 265w, https:\/\/www.tucomarca.com\/wordpress\/segunda\/wp-content\/uploads\/2019\/01\/BellaBestia.jpg 621w\" sizes=\"auto, (max-width: 265px) 100vw, 265px\" \/><\/a><\/p>\n<p>El Ballet sobre hielo del Palacio de Hielo de Mosc\u00fa, representa en Bu\u00f1ol y Requena el espect\u00e1culo La Bella y la Bestia.<\/p>\n"},"caption":{"rendered":"<div class=\"mh-excerpt\">El Ballet sobre hielo del Palacio de Hielo de Mosc\u00fa, representa en Bu\u00f1ol y Requena el espect\u00e1culo La Bella y la Bestia.<\/div>\n<p> <a class=\"mh-excerpt-more\" href=\"https:\/\/www.tucomarca.com\/wordpress\/segunda\/ca\/el-ballet-sobre-gel-del-palau-de-gel-de-moscou-representa-a-bunyol-i-requena-lespectacle-la-bella-i-la-bestia\/bellabestia-2\/\" title=\"BellaBestia\">[+] <\/a><\/p>\n"},"alt_text":"El Ballet sobre hielo del Palacio de Hielo de Mosc\u00fa, representa en Bu\u00f1ol y Requena el espect\u00e1culo La Bella y la Bestia.","media_type":"image","mime_type":"image\/jpeg","media_details":{"width":621,"height":704,"file":"2019\/01\/BellaBestia.jpg","sizes":{"thumbnail":{"file":"BellaBestia-290x290.jpg","width":290,"height":290,"mime_type":"image\/jpeg","source_url":"https:\/\/www.tucomarca.com\/wordpress\/segunda\/wp-content\/uploads\/2019\/01\/BellaBestia-290x290.jpg"},"medium":{"file":"BellaBestia-265x300.jpg","width":265,"height":300,"mime_type":"image\/jpeg","source_url":"https:\/\/www.tucomarca.com\/wordpress\/segunda\/wp-content\/uploads\/2019\/01\/BellaBestia-265x300.jpg"},"rss-image":{"file":"BellaBestia-265x300.jpg","width":265,"height":300,"mime_type":"image\/jpeg","source_url":"https:\/\/www.tucomarca.com\/wordpress\/segunda\/wp-content\/uploads\/2019\/01\/BellaBestia-265x300.jpg"},"post-thumbnail":{"file":"BellaBestia-50x50.jpg","width":50,"height":50,"mime_type":"image\/jpeg","source_url":"https:\/\/www.tucomarca.com\/wordpress\/segunda\/wp-content\/uploads\/2019\/01\/BellaBestia-50x50.jpg"},"full":{"file":"BellaBestia.jpg","width":621,"height":704,"mime_type":"image\/jpeg","source_url":"https:\/\/www.tucomarca.com\/wordpress\/segunda\/wp-content\/uploads\/2019\/01\/BellaBestia.jpg"}},"image_meta":{"aperture":"0","credit":"","camera":"","caption":"","created_timestamp":"0","copyright":"","focal_length":"0","iso":"0","shutter_speed":"0","title":"","orientation":"1","keywords":[]}},"post":80102,"source_url":"https:\/\/www.tucomarca.com\/wordpress\/segunda\/wp-content\/uploads\/2019\/01\/BellaBestia.jpg","_links":{"self":[{"href":"https:\/\/www.tucomarca.com\/wordpress\/segunda\/ca\/wp-json\/wp\/v2\/media\/80099","targetHints":{"allow":["GET"]}}],"collection":[{"href":"https:\/\/www.tucomarca.com\/wordpress\/segunda\/ca\/wp-json\/wp\/v2\/media"}],"about":[{"href":"https:\/\/www.tucomarca.com\/wordpress\/segunda\/ca\/wp-json\/wp\/v2\/types\/attachment"}],"author":[{"embeddable":true,"href":"https:\/\/www.tucomarca.com\/wordpress\/segunda\/ca\/wp-json\/wp\/v2\/users\/2"}],"replies":[{"embeddable":true,"href":"https:\/\/www.tucomarca.com\/wordpress\/segunda\/ca\/wp-json\/wp\/v2\/comments?post=80099"}],"wp:attached-to":[{"embeddable":true,"post_type":"post","id":80102,"href":"https:\/\/www.tucomarca.com\/wordpress\/segunda\/ca\/wp-json\/wp\/v2\/posts\/80102"}],"curies":[{"name":"wp","href":"https:\/\/api.w.org\/{rel}","templated":true}]}}

<p class="attachment"><a href='https://www.tucomarca.com/wordpress/segunda/wp-content/uploads/2019/01/BellaBestia.jpg'><img loading="lazy" decoding="async" width="265" height="300" src="https://www.tucomarca.com/wordpress/segunda/wp-content/uploads/2019/01/BellaBestia-265x300.jpg" class="attachment-medium size-medium" alt="El Ballet sobre hielo del Palacio de Hielo de Moscú, representa en Buñol y Requena el espectáculo La Bella y la Bestia." srcset="https://www.tucomarca.com/wordpress/segunda/wp-content/uploads/2019/01/BellaBestia-265x300.jpg 265w, https://www.tucomarca.com/wordpress/segunda/wp-content/uploads/2019/01/BellaBestia.jpg 621w" sizes="auto, (max-width: 265px) 100vw, 265px" /></a></p>
<p>El Ballet sobre hielo del Palacio de Hielo de Moscú, representa en Buñol y Requena el espectáculo La Bella y la Bestia.</p>

<div class="mh-excerpt">El Ballet sobre hielo del Palacio de Hielo de Moscú, representa en Buñol y Requena el espectáculo La Bella y la Bestia.</div>
<p> <a class="mh-excerpt-more" href="https://www.tucomarca.com/wordpress/segunda/ca/el-ballet-sobre-gel-del-palau-de-gel-de-moscou-representa-a-bunyol-i-requena-lespectacle-la-bella-i-la-bestia/bellabestia-2/" title="BellaBestia">[+] </a></p>

El Ballet sobre hielo del Palacio de Hielo de Moscú, representa en Buñol y Requena el espectáculo La Bella y la Bestia.
