{"id":80939,"date":"2017-11-10T17:19:03","date_gmt":"2017-11-10T15:19:03","guid":{"rendered":"http:\/\/www.tucomarca.com\/wordpress\/segunda\/wp-content\/uploads\/2017\/11\/ayuntamientocheste.jpg"},"modified":"2020-06-01T19:29:21","modified_gmt":"2020-06-01T17:29:21","slug":"ayuntamientocheste-3","status":"inherit","type":"attachment","link":"https:\/\/www.tucomarca.com\/wordpress\/segunda\/ca\/la-universitat-de-tardor-de-bunyol-analitza-la-tradicio-musical-com-singularitat-lligada-a-la-seva-geografia-i-a-la-seva-historia\/ayuntamientocheste-3\/","title":{"rendered":"ayuntamientocheste"},"author":2,"featured_media":0,"comment_status":"open","ping_status":"closed","template":"","meta":[],"class_list":["post-80939","attachment","type-attachment","status-inherit"],"description":{"rendered":"<p class=\"attachment\"><a href='https:\/\/www.tucomarca.com\/wordpress\/segunda\/wp-content\/uploads\/2017\/11\/ayuntamientocheste.jpg'><img loading=\"lazy\" decoding=\"async\" width=\"300\" height=\"225\" src=\"https:\/\/www.tucomarca.com\/wordpress\/segunda\/wp-content\/uploads\/2017\/11\/ayuntamientocheste-300x225.jpg\" class=\"attachment-medium size-medium\" alt=\"Rafael Climent participa en la jornada \u201cEmpleabilidad y competitividad empresarial\u201d que se desarrolla en Cheste.\" srcset=\"https:\/\/www.tucomarca.com\/wordpress\/segunda\/wp-content\/uploads\/2017\/11\/ayuntamientocheste-300x225.jpg 300w, https:\/\/www.tucomarca.com\/wordpress\/segunda\/wp-content\/uploads\/2017\/11\/ayuntamientocheste-768x576.jpg 768w, https:\/\/www.tucomarca.com\/wordpress\/segunda\/wp-content\/uploads\/2017\/11\/ayuntamientocheste.jpg 886w\" sizes=\"auto, (max-width: 300px) 100vw, 300px\" \/><\/a><\/p>\n<p>La duraci\u00f3n de las pr\u00e1cticas ser\u00e1 de 500 horas a realizar desde el pr\u00f3ximo 8 de enero hasta el 31 de mayo y las tareas propuestas por la concejal\u00eda de Empleo.<\/p>\n"},"caption":{"rendered":"<div class=\"mh-excerpt\">Rafael Climent participa en la jornada \u201cEmpleabilidad y competitividad empresarial\u201d que se desarrolla en Cheste.<\/div>\n<p> <a class=\"mh-excerpt-more\" href=\"https:\/\/www.tucomarca.com\/wordpress\/segunda\/ca\/la-universitat-de-tardor-de-bunyol-analitza-la-tradicio-musical-com-singularitat-lligada-a-la-seva-geografia-i-a-la-seva-historia\/ayuntamientocheste-3\/\" title=\"ayuntamientocheste\">[+] <\/a><\/p>\n"},"alt_text":"Rafael Climent participa en la jornada \u201cEmpleabilidad y competitividad empresarial\u201d que se desarrolla en Cheste.","media_type":"image","mime_type":"image\/jpeg","media_details":{"width":886,"height":665,"file":"2017\/11\/ayuntamientocheste.jpg","sizes":{"thumbnail":{"file":"ayuntamientocheste-290x290.jpg","width":290,"height":290,"mime_type":"image\/jpeg","source_url":"https:\/\/www.tucomarca.com\/wordpress\/segunda\/wp-content\/uploads\/2017\/11\/ayuntamientocheste-290x290.jpg"},"medium":{"file":"ayuntamientocheste-300x225.jpg","width":300,"height":225,"mime_type":"image\/jpeg","source_url":"https:\/\/www.tucomarca.com\/wordpress\/segunda\/wp-content\/uploads\/2017\/11\/ayuntamientocheste-300x225.jpg"},"medium_large":{"file":"ayuntamientocheste-768x576.jpg","width":768,"height":576,"mime_type":"image\/jpeg","source_url":"https:\/\/www.tucomarca.com\/wordpress\/segunda\/wp-content\/uploads\/2017\/11\/ayuntamientocheste-768x576.jpg"},"post-thumbnail":{"file":"ayuntamientocheste-50x50.jpg","width":50,"height":50,"mime_type":"image\/jpeg","source_url":"https:\/\/www.tucomarca.com\/wordpress\/segunda\/wp-content\/uploads\/2017\/11\/ayuntamientocheste-50x50.jpg"},"full":{"file":"ayuntamientocheste.jpg","width":886,"height":665,"mime_type":"image\/jpeg","source_url":"https:\/\/www.tucomarca.com\/wordpress\/segunda\/wp-content\/uploads\/2017\/11\/ayuntamientocheste.jpg"}},"image_meta":{"aperture":"4.8","credit":"","camera":"FinePix S304","caption":"","created_timestamp":"1058557411","copyright":"","focal_length":"17","iso":"100","shutter_speed":"0.0025","title":"","orientation":"1","keywords":[]}},"post":92673,"source_url":"https:\/\/www.tucomarca.com\/wordpress\/segunda\/wp-content\/uploads\/2017\/11\/ayuntamientocheste.jpg","_links":{"self":[{"href":"https:\/\/www.tucomarca.com\/wordpress\/segunda\/ca\/wp-json\/wp\/v2\/media\/80939","targetHints":{"allow":["GET"]}}],"collection":[{"href":"https:\/\/www.tucomarca.com\/wordpress\/segunda\/ca\/wp-json\/wp\/v2\/media"}],"about":[{"href":"https:\/\/www.tucomarca.com\/wordpress\/segunda\/ca\/wp-json\/wp\/v2\/types\/attachment"}],"author":[{"embeddable":true,"href":"https:\/\/www.tucomarca.com\/wordpress\/segunda\/ca\/wp-json\/wp\/v2\/users\/2"}],"replies":[{"embeddable":true,"href":"https:\/\/www.tucomarca.com\/wordpress\/segunda\/ca\/wp-json\/wp\/v2\/comments?post=80939"}],"wp:attached-to":[{"embeddable":true,"post_type":"post","id":92673,"href":"https:\/\/www.tucomarca.com\/wordpress\/segunda\/ca\/wp-json\/wp\/v2\/posts\/92673"}],"curies":[{"name":"wp","href":"https:\/\/api.w.org\/{rel}","templated":true}]}}

<p class="attachment"><a href='https://www.tucomarca.com/wordpress/segunda/wp-content/uploads/2017/11/ayuntamientocheste.jpg'><img loading="lazy" decoding="async" width="300" height="225" src="https://www.tucomarca.com/wordpress/segunda/wp-content/uploads/2017/11/ayuntamientocheste-300x225.jpg" class="attachment-medium size-medium" alt="Rafael Climent participa en la jornada “Empleabilidad y competitividad empresarial” que se desarrolla en Cheste." srcset="https://www.tucomarca.com/wordpress/segunda/wp-content/uploads/2017/11/ayuntamientocheste-300x225.jpg 300w, https://www.tucomarca.com/wordpress/segunda/wp-content/uploads/2017/11/ayuntamientocheste-768x576.jpg 768w, https://www.tucomarca.com/wordpress/segunda/wp-content/uploads/2017/11/ayuntamientocheste.jpg 886w" sizes="auto, (max-width: 300px) 100vw, 300px" /></a></p>
<p>La duración de las prácticas será de 500 horas a realizar desde el próximo 8 de enero hasta el 31 de mayo y las tareas propuestas por la concejalía de Empleo.</p>
