{"id":83420,"date":"2019-03-26T11:26:52","date_gmt":"2019-03-26T09:26:52","guid":{"rendered":"http:\/\/www.tucomarca.com\/wordpress\/segunda\/wp-content\/uploads\/2019\/03\/AparcamientoLEliana.jpg"},"modified":"2019-03-26T11:27:17","modified_gmt":"2019-03-26T09:27:17","slug":"aparcamientoleliana-2","status":"inherit","type":"attachment","link":"https:\/\/www.tucomarca.com\/wordpress\/segunda\/ca\/leliana-creara-292-noves-places-en-aparcaments-publics-gratuits\/aparcamientoleliana-2\/","title":{"rendered":"AparcamientoLEliana"},"author":1,"featured_media":0,"comment_status":"open","ping_status":"closed","template":"","meta":[],"class_list":["post-83420","attachment","type-attachment","status-inherit"],"description":{"rendered":"<p class=\"attachment\"><a href='https:\/\/www.tucomarca.com\/wordpress\/segunda\/wp-content\/uploads\/2019\/03\/AparcamientoLEliana.jpg'><img loading=\"lazy\" decoding=\"async\" width=\"300\" height=\"210\" src=\"https:\/\/www.tucomarca.com\/wordpress\/segunda\/wp-content\/uploads\/2019\/03\/AparcamientoLEliana-300x210.jpg\" class=\"attachment-medium size-medium\" alt=\"Invertir\u00e1 200.000 euros en creaci\u00f3n y adecuaci\u00f3n de parkings.\" srcset=\"https:\/\/www.tucomarca.com\/wordpress\/segunda\/wp-content\/uploads\/2019\/03\/AparcamientoLEliana-300x210.jpg 300w, https:\/\/www.tucomarca.com\/wordpress\/segunda\/wp-content\/uploads\/2019\/03\/AparcamientoLEliana-768x537.jpg 768w, https:\/\/www.tucomarca.com\/wordpress\/segunda\/wp-content\/uploads\/2019\/03\/AparcamientoLEliana-1024x716.jpg 1024w, https:\/\/www.tucomarca.com\/wordpress\/segunda\/wp-content\/uploads\/2019\/03\/AparcamientoLEliana.jpg 1245w\" sizes=\"auto, (max-width: 300px) 100vw, 300px\" \/><\/a><\/p>\n<p>Invertir\u00e1 200.000 euros en creaci\u00f3n y adecuaci\u00f3n de parkings<\/p>\n"},"caption":{"rendered":"<div class=\"mh-excerpt\"> Invertir\u00e1 200.000 euros en creaci\u00f3n y adecuaci\u00f3n de parkings.<\/div>\n<p> <a class=\"mh-excerpt-more\" href=\"https:\/\/www.tucomarca.com\/wordpress\/segunda\/ca\/leliana-creara-292-noves-places-en-aparcaments-publics-gratuits\/aparcamientoleliana-2\/\" title=\"AparcamientoLEliana\">[+] <\/a><\/p>\n"},"alt_text":"Invertir\u00e1 200.000 euros en creaci\u00f3n y adecuaci\u00f3n de parkings.","media_type":"image","mime_type":"image\/jpeg","media_details":{"width":1245,"height":870,"file":"2019\/03\/AparcamientoLEliana.jpg","sizes":{"thumbnail":{"file":"AparcamientoLEliana-290x290.jpg","width":290,"height":290,"mime_type":"image\/jpeg","source_url":"https:\/\/www.tucomarca.com\/wordpress\/segunda\/wp-content\/uploads\/2019\/03\/AparcamientoLEliana-290x290.jpg"},"medium":{"file":"AparcamientoLEliana-300x210.jpg","width":300,"height":210,"mime_type":"image\/jpeg","source_url":"https:\/\/www.tucomarca.com\/wordpress\/segunda\/wp-content\/uploads\/2019\/03\/AparcamientoLEliana-300x210.jpg"},"medium_large":{"file":"AparcamientoLEliana-768x537.jpg","width":768,"height":537,"mime_type":"image\/jpeg","source_url":"https:\/\/www.tucomarca.com\/wordpress\/segunda\/wp-content\/uploads\/2019\/03\/AparcamientoLEliana-768x537.jpg"},"large":{"file":"AparcamientoLEliana-1024x716.jpg","width":1024,"height":716,"mime_type":"image\/jpeg","source_url":"https:\/\/www.tucomarca.com\/wordpress\/segunda\/wp-content\/uploads\/2019\/03\/AparcamientoLEliana-1024x716.jpg"},"rss-image":{"file":"AparcamientoLEliana-300x210.jpg","width":300,"height":210,"mime_type":"image\/jpeg","source_url":"https:\/\/www.tucomarca.com\/wordpress\/segunda\/wp-content\/uploads\/2019\/03\/AparcamientoLEliana-300x210.jpg"},"post-thumbnail":{"file":"AparcamientoLEliana-50x50.jpg","width":50,"height":50,"mime_type":"image\/jpeg","source_url":"https:\/\/www.tucomarca.com\/wordpress\/segunda\/wp-content\/uploads\/2019\/03\/AparcamientoLEliana-50x50.jpg"},"gabfire":{"file":"AparcamientoLEliana-1024x716.jpg","width":1024,"height":716,"mime_type":"image\/jpeg","source_url":"https:\/\/www.tucomarca.com\/wordpress\/segunda\/wp-content\/uploads\/2019\/03\/AparcamientoLEliana-1024x716.jpg"},"full":{"file":"AparcamientoLEliana.jpg","width":1245,"height":870,"mime_type":"image\/jpeg","source_url":"https:\/\/www.tucomarca.com\/wordpress\/segunda\/wp-content\/uploads\/2019\/03\/AparcamientoLEliana.jpg"}},"image_meta":{"aperture":"0","credit":"Jorge Perez Comeche","camera":"","caption":"","created_timestamp":"1553178541","copyright":"","focal_length":"0","iso":"0","shutter_speed":"0","title":"","orientation":"0","keywords":[]}},"post":83423,"source_url":"https:\/\/www.tucomarca.com\/wordpress\/segunda\/wp-content\/uploads\/2019\/03\/AparcamientoLEliana.jpg","_links":{"self":[{"href":"https:\/\/www.tucomarca.com\/wordpress\/segunda\/ca\/wp-json\/wp\/v2\/media\/83420","targetHints":{"allow":["GET"]}}],"collection":[{"href":"https:\/\/www.tucomarca.com\/wordpress\/segunda\/ca\/wp-json\/wp\/v2\/media"}],"about":[{"href":"https:\/\/www.tucomarca.com\/wordpress\/segunda\/ca\/wp-json\/wp\/v2\/types\/attachment"}],"author":[{"embeddable":true,"href":"https:\/\/www.tucomarca.com\/wordpress\/segunda\/ca\/wp-json\/wp\/v2\/users\/1"}],"replies":[{"embeddable":true,"href":"https:\/\/www.tucomarca.com\/wordpress\/segunda\/ca\/wp-json\/wp\/v2\/comments?post=83420"}],"wp:attached-to":[{"embeddable":true,"post_type":"post","id":83423,"href":"https:\/\/www.tucomarca.com\/wordpress\/segunda\/ca\/wp-json\/wp\/v2\/posts\/83423"}],"curies":[{"name":"wp","href":"https:\/\/api.w.org\/{rel}","templated":true}]}}

<p class="attachment"><a href='https://www.tucomarca.com/wordpress/segunda/wp-content/uploads/2019/03/AparcamientoLEliana.jpg'><img loading="lazy" decoding="async" width="300" height="210" src="https://www.tucomarca.com/wordpress/segunda/wp-content/uploads/2019/03/AparcamientoLEliana-300x210.jpg" class="attachment-medium size-medium" alt="Invertirá 200.000 euros en creación y adecuación de parkings." srcset="https://www.tucomarca.com/wordpress/segunda/wp-content/uploads/2019/03/AparcamientoLEliana-300x210.jpg 300w, https://www.tucomarca.com/wordpress/segunda/wp-content/uploads/2019/03/AparcamientoLEliana-768x537.jpg 768w, https://www.tucomarca.com/wordpress/segunda/wp-content/uploads/2019/03/AparcamientoLEliana-1024x716.jpg 1024w, https://www.tucomarca.com/wordpress/segunda/wp-content/uploads/2019/03/AparcamientoLEliana.jpg 1245w" sizes="auto, (max-width: 300px) 100vw, 300px" /></a></p>
<p>Invertirá 200.000 euros en creación y adecuación de parkings</p>

<div class="mh-excerpt"> Invertirá 200.000 euros en creación y adecuación de parkings.</div>
<p> <a class="mh-excerpt-more" href="https://www.tucomarca.com/wordpress/segunda/ca/leliana-creara-292-noves-places-en-aparcaments-publics-gratuits/aparcamientoleliana-2/" title="AparcamientoLEliana">[+] </a></p>

Invertirá 200.000 euros en creación y adecuación de parkings.
