{"id":83617,"date":"2019-03-28T02:27:16","date_gmt":"2019-03-28T00:27:16","guid":{"rendered":"http:\/\/www.tucomarca.com\/wordpress\/segunda\/wp-content\/uploads\/2019\/03\/1-2.jpg"},"modified":"2019-03-28T02:27:44","modified_gmt":"2019-03-28T00:27:44","slug":"1-2-2-2","status":"inherit","type":"attachment","link":"https:\/\/www.tucomarca.com\/wordpress\/segunda\/ca\/mig-centenar-de-persones-recorreran-121-quilometres-contra-el-cancer-entre-venta-del-moro-i-almussafes\/1-2-2-2\/","title":{"rendered":"1 2"},"author":2,"featured_media":0,"comment_status":"open","ping_status":"closed","template":"","meta":[],"class_list":["post-83617","attachment","type-attachment","status-inherit"],"description":{"rendered":"<p class=\"attachment\"><a href='https:\/\/www.tucomarca.com\/wordpress\/segunda\/wp-content\/uploads\/2019\/03\/1-2.jpg'><img loading=\"lazy\" decoding=\"async\" width=\"300\" height=\"195\" src=\"https:\/\/www.tucomarca.com\/wordpress\/segunda\/wp-content\/uploads\/2019\/03\/1-2-300x195.jpg\" class=\"attachment-medium size-medium\" alt=\"Medio centenar de personas recorrer\u00e1n 121 kil\u00f3metros contra el c\u00e1ncer entre Venta del Moro y Almussafes.\" srcset=\"https:\/\/www.tucomarca.com\/wordpress\/segunda\/wp-content\/uploads\/2019\/03\/1-2-300x195.jpg 300w, https:\/\/www.tucomarca.com\/wordpress\/segunda\/wp-content\/uploads\/2019\/03\/1-2-768x499.jpg 768w, https:\/\/www.tucomarca.com\/wordpress\/segunda\/wp-content\/uploads\/2019\/03\/1-2-1024x665.jpg 1024w\" sizes=\"auto, (max-width: 300px) 100vw, 300px\" \/><\/a><\/p>\n<p>Medio centenar de personas recorrer\u00e1n 121 kil\u00f3metros contra el c\u00e1ncer entre Venta del Moro y Almussafes.<\/p>\n"},"caption":{"rendered":"<div class=\"mh-excerpt\">Medio centenar de personas recorrer\u00e1n 121 kil\u00f3metros contra el c\u00e1ncer entre Venta del Moro y Almussafes.<\/div>\n<p> <a class=\"mh-excerpt-more\" href=\"https:\/\/www.tucomarca.com\/wordpress\/segunda\/ca\/mig-centenar-de-persones-recorreran-121-quilometres-contra-el-cancer-entre-venta-del-moro-i-almussafes\/1-2-2-2\/\" title=\"1 2\">[+] <\/a><\/p>\n"},"alt_text":"Medio centenar de personas recorrer\u00e1n 121 kil\u00f3metros contra el c\u00e1ncer entre Venta del Moro y Almussafes.","media_type":"image","mime_type":"image\/jpeg","media_details":{"width":2362,"height":1535,"file":"2019\/03\/1-2.jpg","sizes":{"thumbnail":{"file":"1-2-290x290.jpg","width":290,"height":290,"mime_type":"image\/jpeg","source_url":"https:\/\/www.tucomarca.com\/wordpress\/segunda\/wp-content\/uploads\/2019\/03\/1-2-290x290.jpg"},"medium":{"file":"1-2-300x195.jpg","width":300,"height":195,"mime_type":"image\/jpeg","source_url":"https:\/\/www.tucomarca.com\/wordpress\/segunda\/wp-content\/uploads\/2019\/03\/1-2-300x195.jpg"},"medium_large":{"file":"1-2-768x499.jpg","width":768,"height":499,"mime_type":"image\/jpeg","source_url":"https:\/\/www.tucomarca.com\/wordpress\/segunda\/wp-content\/uploads\/2019\/03\/1-2-768x499.jpg"},"large":{"file":"1-2-1024x665.jpg","width":1024,"height":665,"mime_type":"image\/jpeg","source_url":"https:\/\/www.tucomarca.com\/wordpress\/segunda\/wp-content\/uploads\/2019\/03\/1-2-1024x665.jpg"},"rss-image":{"file":"1-2-300x195.jpg","width":300,"height":195,"mime_type":"image\/jpeg","source_url":"https:\/\/www.tucomarca.com\/wordpress\/segunda\/wp-content\/uploads\/2019\/03\/1-2-300x195.jpg"},"post-thumbnail":{"file":"1-2-50x50.jpg","width":50,"height":50,"mime_type":"image\/jpeg","source_url":"https:\/\/www.tucomarca.com\/wordpress\/segunda\/wp-content\/uploads\/2019\/03\/1-2-50x50.jpg"},"gabfire":{"file":"1-2-1024x665.jpg","width":1024,"height":665,"mime_type":"image\/jpeg","source_url":"https:\/\/www.tucomarca.com\/wordpress\/segunda\/wp-content\/uploads\/2019\/03\/1-2-1024x665.jpg"},"full":{"file":"1-2.jpg","width":2362,"height":1535,"mime_type":"image\/jpeg","source_url":"https:\/\/www.tucomarca.com\/wordpress\/segunda\/wp-content\/uploads\/2019\/03\/1-2.jpg"}},"image_meta":{"aperture":"0","credit":"Raquel Abulaila","camera":"","caption":"","created_timestamp":"0","copyright":"Raquel Abulaila","focal_length":"0","iso":"0","shutter_speed":"0","title":"","orientation":"1","keywords":[]}},"post":83618,"source_url":"https:\/\/www.tucomarca.com\/wordpress\/segunda\/wp-content\/uploads\/2019\/03\/1-2.jpg","_links":{"self":[{"href":"https:\/\/www.tucomarca.com\/wordpress\/segunda\/ca\/wp-json\/wp\/v2\/media\/83617","targetHints":{"allow":["GET"]}}],"collection":[{"href":"https:\/\/www.tucomarca.com\/wordpress\/segunda\/ca\/wp-json\/wp\/v2\/media"}],"about":[{"href":"https:\/\/www.tucomarca.com\/wordpress\/segunda\/ca\/wp-json\/wp\/v2\/types\/attachment"}],"author":[{"embeddable":true,"href":"https:\/\/www.tucomarca.com\/wordpress\/segunda\/ca\/wp-json\/wp\/v2\/users\/2"}],"replies":[{"embeddable":true,"href":"https:\/\/www.tucomarca.com\/wordpress\/segunda\/ca\/wp-json\/wp\/v2\/comments?post=83617"}],"wp:attached-to":[{"embeddable":true,"post_type":"post","id":83618,"href":"https:\/\/www.tucomarca.com\/wordpress\/segunda\/ca\/wp-json\/wp\/v2\/posts\/83618"}],"curies":[{"name":"wp","href":"https:\/\/api.w.org\/{rel}","templated":true}]}}

<p class="attachment"><a href='https://www.tucomarca.com/wordpress/segunda/wp-content/uploads/2019/03/1-2.jpg'><img loading="lazy" decoding="async" width="300" height="195" src="https://www.tucomarca.com/wordpress/segunda/wp-content/uploads/2019/03/1-2-300x195.jpg" class="attachment-medium size-medium" alt="Medio centenar de personas recorrerán 121 kilómetros contra el cáncer entre Venta del Moro y Almussafes." srcset="https://www.tucomarca.com/wordpress/segunda/wp-content/uploads/2019/03/1-2-300x195.jpg 300w, https://www.tucomarca.com/wordpress/segunda/wp-content/uploads/2019/03/1-2-768x499.jpg 768w, https://www.tucomarca.com/wordpress/segunda/wp-content/uploads/2019/03/1-2-1024x665.jpg 1024w" sizes="auto, (max-width: 300px) 100vw, 300px" /></a></p>
<p>Medio centenar de personas recorrerán 121 kilómetros contra el cáncer entre Venta del Moro y Almussafes.</p>

<div class="mh-excerpt">Medio centenar de personas recorrerán 121 kilómetros contra el cáncer entre Venta del Moro y Almussafes.</div>
<p> <a class="mh-excerpt-more" href="https://www.tucomarca.com/wordpress/segunda/ca/mig-centenar-de-persones-recorreran-121-quilometres-contra-el-cancer-entre-venta-del-moro-i-almussafes/1-2-2-2/" title="1 2">[+] </a></p>

Medio centenar de personas recorrerán 121 kilómetros contra el cáncer entre Venta del Moro y Almussafes.
