{"id":87809,"date":"2019-06-15T18:22:58","date_gmt":"2019-06-15T16:22:58","guid":{"rendered":"http:\/\/www.tucomarca.com\/wordpress\/segunda\/wp-content\/uploads\/2019\/06\/TurisEugenio.jpg"},"modified":"2019-06-15T18:43:14","modified_gmt":"2019-06-15T16:43:14","slug":"turiseugenio-2","status":"inherit","type":"attachment","link":"https:\/\/www.tucomarca.com\/wordpress\/segunda\/ca\/eugenio-fortana-psoe-fa-valer-la-seua-majoria-absoluta-per-revalidar-lalcaldia-de-turis\/turiseugenio-2\/","title":{"rendered":"TurisEugenio"},"author":1,"featured_media":0,"comment_status":"open","ping_status":"closed","template":"","meta":[],"class_list":["post-87809","attachment","type-attachment","status-inherit"],"description":{"rendered":"<p class=\"attachment\"><a href='https:\/\/www.tucomarca.com\/wordpress\/segunda\/wp-content\/uploads\/2019\/06\/TurisEugenio.jpg'><img loading=\"lazy\" decoding=\"async\" width=\"300\" height=\"225\" src=\"https:\/\/www.tucomarca.com\/wordpress\/segunda\/wp-content\/uploads\/2019\/06\/TurisEugenio-300x225.jpg\" class=\"attachment-medium size-medium\" alt=\"Eugenio Forta\u00f1a en el momento de tomar posesi\u00f3n de su cargo como alcalde de Tur\u00eds.\" srcset=\"https:\/\/www.tucomarca.com\/wordpress\/segunda\/wp-content\/uploads\/2019\/06\/TurisEugenio-300x225.jpg 300w, https:\/\/www.tucomarca.com\/wordpress\/segunda\/wp-content\/uploads\/2019\/06\/TurisEugenio-768x576.jpg 768w, https:\/\/www.tucomarca.com\/wordpress\/segunda\/wp-content\/uploads\/2019\/06\/TurisEugenio-1024x768.jpg 1024w\" sizes=\"auto, (max-width: 300px) 100vw, 300px\" \/><\/a><\/p>\n<p>Eugenio Forta\u00f1a en el momento de tomar posesi\u00f3n de su cargo como alcalde de Tur\u00eds.<\/p>\n"},"caption":{"rendered":"<div class=\"mh-excerpt\">Eugenio Forta\u00f1a en el momento de tomar posesi\u00f3n de su cargo como alcalde de Tur\u00eds.<\/div>\n<p> <a class=\"mh-excerpt-more\" href=\"https:\/\/www.tucomarca.com\/wordpress\/segunda\/ca\/eugenio-fortana-psoe-fa-valer-la-seua-majoria-absoluta-per-revalidar-lalcaldia-de-turis\/turiseugenio-2\/\" title=\"TurisEugenio\">[+] <\/a><\/p>\n"},"alt_text":"Eugenio Forta\u00f1a en el momento de tomar posesi\u00f3n de su cargo como alcalde de Tur\u00eds.","media_type":"image","mime_type":"image\/jpeg","media_details":{"width":4000,"height":3000,"file":"2019\/06\/TurisEugenio.jpg","sizes":{"thumbnail":{"file":"TurisEugenio-290x290.jpg","width":290,"height":290,"mime_type":"image\/jpeg","source_url":"https:\/\/www.tucomarca.com\/wordpress\/segunda\/wp-content\/uploads\/2019\/06\/TurisEugenio-290x290.jpg"},"medium":{"file":"TurisEugenio-300x225.jpg","width":300,"height":225,"mime_type":"image\/jpeg","source_url":"https:\/\/www.tucomarca.com\/wordpress\/segunda\/wp-content\/uploads\/2019\/06\/TurisEugenio-300x225.jpg"},"medium_large":{"file":"TurisEugenio-768x576.jpg","width":768,"height":576,"mime_type":"image\/jpeg","source_url":"https:\/\/www.tucomarca.com\/wordpress\/segunda\/wp-content\/uploads\/2019\/06\/TurisEugenio-768x576.jpg"},"large":{"file":"TurisEugenio-1024x768.jpg","width":1024,"height":768,"mime_type":"image\/jpeg","source_url":"https:\/\/www.tucomarca.com\/wordpress\/segunda\/wp-content\/uploads\/2019\/06\/TurisEugenio-1024x768.jpg"},"rss-image":{"file":"TurisEugenio-300x225.jpg","width":300,"height":225,"mime_type":"image\/jpeg","source_url":"https:\/\/www.tucomarca.com\/wordpress\/segunda\/wp-content\/uploads\/2019\/06\/TurisEugenio-300x225.jpg"},"post-thumbnail":{"file":"TurisEugenio-50x50.jpg","width":50,"height":50,"mime_type":"image\/jpeg","source_url":"https:\/\/www.tucomarca.com\/wordpress\/segunda\/wp-content\/uploads\/2019\/06\/TurisEugenio-50x50.jpg"},"gabfire":{"file":"TurisEugenio-1024x768.jpg","width":1024,"height":768,"mime_type":"image\/jpeg","source_url":"https:\/\/www.tucomarca.com\/wordpress\/segunda\/wp-content\/uploads\/2019\/06\/TurisEugenio-1024x768.jpg"},"full":{"file":"TurisEugenio.jpg","width":4000,"height":3000,"mime_type":"image\/jpeg","source_url":"https:\/\/www.tucomarca.com\/wordpress\/segunda\/wp-content\/uploads\/2019\/06\/TurisEugenio.jpg"}},"image_meta":{"aperture":"2","credit":"","camera":"Canon PowerShot G15","caption":"","created_timestamp":"1560605525","copyright":"","focal_length":"8.517","iso":"500","shutter_speed":"0.025","title":"","orientation":"1","keywords":[]}},"post":87811,"source_url":"https:\/\/www.tucomarca.com\/wordpress\/segunda\/wp-content\/uploads\/2019\/06\/TurisEugenio.jpg","_links":{"self":[{"href":"https:\/\/www.tucomarca.com\/wordpress\/segunda\/ca\/wp-json\/wp\/v2\/media\/87809","targetHints":{"allow":["GET"]}}],"collection":[{"href":"https:\/\/www.tucomarca.com\/wordpress\/segunda\/ca\/wp-json\/wp\/v2\/media"}],"about":[{"href":"https:\/\/www.tucomarca.com\/wordpress\/segunda\/ca\/wp-json\/wp\/v2\/types\/attachment"}],"author":[{"embeddable":true,"href":"https:\/\/www.tucomarca.com\/wordpress\/segunda\/ca\/wp-json\/wp\/v2\/users\/1"}],"replies":[{"embeddable":true,"href":"https:\/\/www.tucomarca.com\/wordpress\/segunda\/ca\/wp-json\/wp\/v2\/comments?post=87809"}],"wp:attached-to":[{"embeddable":true,"post_type":"post","id":87811,"href":"https:\/\/www.tucomarca.com\/wordpress\/segunda\/ca\/wp-json\/wp\/v2\/posts\/87811"}],"curies":[{"name":"wp","href":"https:\/\/api.w.org\/{rel}","templated":true}]}}

<p class="attachment"><a href='https://www.tucomarca.com/wordpress/segunda/wp-content/uploads/2019/06/TurisEugenio.jpg'><img loading="lazy" decoding="async" width="300" height="225" src="https://www.tucomarca.com/wordpress/segunda/wp-content/uploads/2019/06/TurisEugenio-300x225.jpg" class="attachment-medium size-medium" alt="Eugenio Fortaña en el momento de tomar posesión de su cargo como alcalde de Turís." srcset="https://www.tucomarca.com/wordpress/segunda/wp-content/uploads/2019/06/TurisEugenio-300x225.jpg 300w, https://www.tucomarca.com/wordpress/segunda/wp-content/uploads/2019/06/TurisEugenio-768x576.jpg 768w, https://www.tucomarca.com/wordpress/segunda/wp-content/uploads/2019/06/TurisEugenio-1024x768.jpg 1024w" sizes="auto, (max-width: 300px) 100vw, 300px" /></a></p>
<p>Eugenio Fortaña en el momento de tomar posesión de su cargo como alcalde de Turís.</p>

<div class="mh-excerpt">Eugenio Fortaña en el momento de tomar posesión de su cargo como alcalde de Turís.</div>
<p> <a class="mh-excerpt-more" href="https://www.tucomarca.com/wordpress/segunda/ca/eugenio-fortana-psoe-fa-valer-la-seua-majoria-absoluta-per-revalidar-lalcaldia-de-turis/turiseugenio-2/" title="TurisEugenio">[+] </a></p>

Eugenio Fortaña en el momento de tomar posesión de su cargo como alcalde de Turís.
