{"id":89199,"date":"2019-07-17T18:03:31","date_gmt":"2019-07-17T16:03:31","guid":{"rendered":"http:\/\/www.tucomarca.com\/wordpress\/segunda\/wp-content\/uploads\/2019\/07\/proyecto-cardiosaludable.jpeg"},"modified":"2019-07-17T18:03:37","modified_gmt":"2019-07-17T16:03:37","slug":"proyecto-cardiosaludable","status":"inherit","type":"attachment","link":"https:\/\/www.tucomarca.com\/wordpress\/segunda\/ca\/el-bosc-i-lactor-imanol-arias-presenten-la-primera-urbanitzacio-cardioprotegida-de-la-comunitat\/proyecto-cardiosaludable\/","title":{"rendered":"proyecto cardiosaludable"},"author":1,"featured_media":0,"comment_status":"open","ping_status":"closed","template":"","meta":[],"class_list":["post-89199","attachment","type-attachment","status-inherit"],"description":{"rendered":"<p class=\"attachment\"><a href='https:\/\/www.tucomarca.com\/wordpress\/segunda\/wp-content\/uploads\/2019\/07\/proyecto-cardiosaludable.jpeg'><img loading=\"lazy\" decoding=\"async\" width=\"300\" height=\"200\" src=\"https:\/\/www.tucomarca.com\/wordpress\/segunda\/wp-content\/uploads\/2019\/07\/proyecto-cardiosaludable-300x200.jpeg\" class=\"attachment-medium size-medium\" alt=\"Imanol Arias acudi\u00f3 al evento como padrino de la ONG AIZAN, encargada de la formaci\u00f3n homologada necesaria para el uso de los desfibriladores autom\u00e1ticos\" srcset=\"https:\/\/www.tucomarca.com\/wordpress\/segunda\/wp-content\/uploads\/2019\/07\/proyecto-cardiosaludable-300x200.jpeg 300w, https:\/\/www.tucomarca.com\/wordpress\/segunda\/wp-content\/uploads\/2019\/07\/proyecto-cardiosaludable.jpeg 640w\" sizes=\"auto, (max-width: 300px) 100vw, 300px\" \/><\/a><\/p>\n<p>Imanol Arias acudi\u00f3 al evento como padrino de la ONG AIZAN, encargada de la formaci\u00f3n homologada necesaria para el uso de los desfibriladores autom\u00e1ticos<\/p>\n"},"caption":{"rendered":"<div class=\"mh-excerpt\">Imanol Arias acudi\u00f3 al evento como padrino de la ONG AIZAN, encargada de la formaci\u00f3n homologada necesaria para el uso de los desfibriladores autom\u00e1ticos\n<\/div>\n<p> <a class=\"mh-excerpt-more\" href=\"https:\/\/www.tucomarca.com\/wordpress\/segunda\/ca\/el-bosc-i-lactor-imanol-arias-presenten-la-primera-urbanitzacio-cardioprotegida-de-la-comunitat\/proyecto-cardiosaludable\/\" title=\"proyecto cardiosaludable\">[+] <\/a><\/p>\n"},"alt_text":"Imanol Arias acudi\u00f3 al evento como padrino de la ONG AIZAN, encargada de la formaci\u00f3n homologada necesaria para el uso de los desfibriladores autom\u00e1ticos","media_type":"image","mime_type":"image\/jpeg","media_details":{"width":640,"height":427,"file":"2019\/07\/proyecto-cardiosaludable.jpeg","sizes":{"thumbnail":{"file":"proyecto-cardiosaludable-290x290.jpeg","width":290,"height":290,"mime_type":"image\/jpeg","source_url":"https:\/\/www.tucomarca.com\/wordpress\/segunda\/wp-content\/uploads\/2019\/07\/proyecto-cardiosaludable-290x290.jpeg"},"medium":{"file":"proyecto-cardiosaludable-300x200.jpeg","width":300,"height":200,"mime_type":"image\/jpeg","source_url":"https:\/\/www.tucomarca.com\/wordpress\/segunda\/wp-content\/uploads\/2019\/07\/proyecto-cardiosaludable-300x200.jpeg"},"rss-image":{"file":"proyecto-cardiosaludable-300x200.jpeg","width":300,"height":200,"mime_type":"image\/jpeg","source_url":"https:\/\/www.tucomarca.com\/wordpress\/segunda\/wp-content\/uploads\/2019\/07\/proyecto-cardiosaludable-300x200.jpeg"},"post-thumbnail":{"file":"proyecto-cardiosaludable-50x50.jpeg","width":50,"height":50,"mime_type":"image\/jpeg","source_url":"https:\/\/www.tucomarca.com\/wordpress\/segunda\/wp-content\/uploads\/2019\/07\/proyecto-cardiosaludable-50x50.jpeg"},"full":{"file":"proyecto-cardiosaludable.jpeg","width":640,"height":427,"mime_type":"image\/jpeg","source_url":"https:\/\/www.tucomarca.com\/wordpress\/segunda\/wp-content\/uploads\/2019\/07\/proyecto-cardiosaludable.jpeg"}},"image_meta":{"aperture":"2","credit":"JorgeGarciaRomeu","camera":"Canon EOS 5D Mark IV","caption":"","created_timestamp":"1562613573","copyright":"","focal_length":"35","iso":"800","shutter_speed":"0.005","title":"","orientation":"1","keywords":[]}},"post":89198,"source_url":"https:\/\/www.tucomarca.com\/wordpress\/segunda\/wp-content\/uploads\/2019\/07\/proyecto-cardiosaludable.jpeg","_links":{"self":[{"href":"https:\/\/www.tucomarca.com\/wordpress\/segunda\/ca\/wp-json\/wp\/v2\/media\/89199","targetHints":{"allow":["GET"]}}],"collection":[{"href":"https:\/\/www.tucomarca.com\/wordpress\/segunda\/ca\/wp-json\/wp\/v2\/media"}],"about":[{"href":"https:\/\/www.tucomarca.com\/wordpress\/segunda\/ca\/wp-json\/wp\/v2\/types\/attachment"}],"author":[{"embeddable":true,"href":"https:\/\/www.tucomarca.com\/wordpress\/segunda\/ca\/wp-json\/wp\/v2\/users\/1"}],"replies":[{"embeddable":true,"href":"https:\/\/www.tucomarca.com\/wordpress\/segunda\/ca\/wp-json\/wp\/v2\/comments?post=89199"}],"wp:attached-to":[{"embeddable":true,"post_type":"post","id":89198,"href":"https:\/\/www.tucomarca.com\/wordpress\/segunda\/ca\/wp-json\/wp\/v2\/posts\/89198"}],"curies":[{"name":"wp","href":"https:\/\/api.w.org\/{rel}","templated":true}]}}

<p class="attachment"><a href='https://www.tucomarca.com/wordpress/segunda/wp-content/uploads/2019/07/proyecto-cardiosaludable.jpeg'><img loading="lazy" decoding="async" width="300" height="200" src="https://www.tucomarca.com/wordpress/segunda/wp-content/uploads/2019/07/proyecto-cardiosaludable-300x200.jpeg" class="attachment-medium size-medium" alt="Imanol Arias acudió al evento como padrino de la ONG AIZAN, encargada de la formación homologada necesaria para el uso de los desfibriladores automáticos" srcset="https://www.tucomarca.com/wordpress/segunda/wp-content/uploads/2019/07/proyecto-cardiosaludable-300x200.jpeg 300w, https://www.tucomarca.com/wordpress/segunda/wp-content/uploads/2019/07/proyecto-cardiosaludable.jpeg 640w" sizes="auto, (max-width: 300px) 100vw, 300px" /></a></p>
<p>Imanol Arias acudió al evento como padrino de la ONG AIZAN, encargada de la formación homologada necesaria para el uso de los desfibriladores automáticos</p>

<div class="mh-excerpt">Imanol Arias acudió al evento como padrino de la ONG AIZAN, encargada de la formación homologada necesaria para el uso de los desfibriladores automáticos
</div>
<p> <a class="mh-excerpt-more" href="https://www.tucomarca.com/wordpress/segunda/ca/el-bosc-i-lactor-imanol-arias-presenten-la-primera-urbanitzacio-cardioprotegida-de-la-comunitat/proyecto-cardiosaludable/" title="proyecto cardiosaludable">[+] </a></p>

Imanol Arias acudió al evento como padrino de la ONG AIZAN, encargada de la formación homologada necesaria para el uso de los desfibriladores automáticos
