{"id":90569,"date":"2019-08-12T10:43:16","date_gmt":"2019-08-12T08:43:16","guid":{"rendered":"http:\/\/www.tucomarca.com\/wordpress\/segunda\/wp-content\/uploads\/2019\/08\/SeguridadSocial.jpg"},"modified":"2019-08-12T10:43:42","modified_gmt":"2019-08-12T08:43:42","slug":"seguridadsocial-2","status":"inherit","type":"attachment","link":"https:\/\/www.tucomarca.com\/wordpress\/segunda\/ca\/el-grup-valencia-seguretat-social-protagonitzara-el-concert-estel%c2%b7lar-de-la-fira-i-festes-2019-de-bunyol\/seguridadsocial-2\/","title":{"rendered":"SeguridadSocial"},"author":1,"featured_media":0,"comment_status":"open","ping_status":"closed","template":"","meta":[],"class_list":["post-90569","attachment","type-attachment","status-inherit"],"description":{"rendered":"<p class=\"attachment\"><a href='https:\/\/www.tucomarca.com\/wordpress\/segunda\/wp-content\/uploads\/2019\/08\/SeguridadSocial.jpg'><img loading=\"lazy\" decoding=\"async\" width=\"300\" height=\"184\" src=\"https:\/\/www.tucomarca.com\/wordpress\/segunda\/wp-content\/uploads\/2019\/08\/SeguridadSocial-300x184.jpg\" class=\"attachment-medium size-medium\" alt=\"El grupo Seguridad Social actuar\u00e1 el d\u00eda 28 de agosto en Bu\u00f1ol.\" srcset=\"https:\/\/www.tucomarca.com\/wordpress\/segunda\/wp-content\/uploads\/2019\/08\/SeguridadSocial-300x184.jpg 300w, https:\/\/www.tucomarca.com\/wordpress\/segunda\/wp-content\/uploads\/2019\/08\/SeguridadSocial.jpg 417w\" sizes=\"auto, (max-width: 300px) 100vw, 300px\" \/><\/a><\/p>\n<p>El grupo Seguridad Social actuar\u00e1 el d\u00eda 28 de agosto en Bu\u00f1ol.<\/p>\n"},"caption":{"rendered":"<div class=\"mh-excerpt\">El grupo Seguridad Social actuar\u00e1 el d\u00eda 28 de agosto en Bu\u00f1ol.<\/div>\n<p> <a class=\"mh-excerpt-more\" href=\"https:\/\/www.tucomarca.com\/wordpress\/segunda\/ca\/el-grup-valencia-seguretat-social-protagonitzara-el-concert-estel%c2%b7lar-de-la-fira-i-festes-2019-de-bunyol\/seguridadsocial-2\/\" title=\"SeguridadSocial\">[+] <\/a><\/p>\n"},"alt_text":"El grupo Seguridad Social actuar\u00e1 el d\u00eda 28 de agosto en Bu\u00f1ol.","media_type":"image","mime_type":"image\/jpeg","media_details":{"width":417,"height":256,"file":"2019\/08\/SeguridadSocial.jpg","sizes":{"thumbnail":{"file":"SeguridadSocial-290x256.jpg","width":290,"height":256,"mime_type":"image\/jpeg","source_url":"https:\/\/www.tucomarca.com\/wordpress\/segunda\/wp-content\/uploads\/2019\/08\/SeguridadSocial-290x256.jpg"},"medium":{"file":"SeguridadSocial-300x184.jpg","width":300,"height":184,"mime_type":"image\/jpeg","source_url":"https:\/\/www.tucomarca.com\/wordpress\/segunda\/wp-content\/uploads\/2019\/08\/SeguridadSocial-300x184.jpg"},"rss-image":{"file":"SeguridadSocial-300x184.jpg","width":300,"height":184,"mime_type":"image\/jpeg","source_url":"https:\/\/www.tucomarca.com\/wordpress\/segunda\/wp-content\/uploads\/2019\/08\/SeguridadSocial-300x184.jpg"},"post-thumbnail":{"file":"SeguridadSocial-50x50.jpg","width":50,"height":50,"mime_type":"image\/jpeg","source_url":"https:\/\/www.tucomarca.com\/wordpress\/segunda\/wp-content\/uploads\/2019\/08\/SeguridadSocial-50x50.jpg"},"full":{"file":"SeguridadSocial.jpg","width":417,"height":256,"mime_type":"image\/jpeg","source_url":"https:\/\/www.tucomarca.com\/wordpress\/segunda\/wp-content\/uploads\/2019\/08\/SeguridadSocial.jpg"}},"image_meta":{"aperture":"0","credit":"","camera":"","caption":"","created_timestamp":"0","copyright":"","focal_length":"0","iso":"0","shutter_speed":"0","title":"","orientation":"1","keywords":[]}},"post":90573,"source_url":"https:\/\/www.tucomarca.com\/wordpress\/segunda\/wp-content\/uploads\/2019\/08\/SeguridadSocial.jpg","_links":{"self":[{"href":"https:\/\/www.tucomarca.com\/wordpress\/segunda\/ca\/wp-json\/wp\/v2\/media\/90569","targetHints":{"allow":["GET"]}}],"collection":[{"href":"https:\/\/www.tucomarca.com\/wordpress\/segunda\/ca\/wp-json\/wp\/v2\/media"}],"about":[{"href":"https:\/\/www.tucomarca.com\/wordpress\/segunda\/ca\/wp-json\/wp\/v2\/types\/attachment"}],"author":[{"embeddable":true,"href":"https:\/\/www.tucomarca.com\/wordpress\/segunda\/ca\/wp-json\/wp\/v2\/users\/1"}],"replies":[{"embeddable":true,"href":"https:\/\/www.tucomarca.com\/wordpress\/segunda\/ca\/wp-json\/wp\/v2\/comments?post=90569"}],"wp:attached-to":[{"embeddable":true,"post_type":"post","id":90573,"href":"https:\/\/www.tucomarca.com\/wordpress\/segunda\/ca\/wp-json\/wp\/v2\/posts\/90573"}],"curies":[{"name":"wp","href":"https:\/\/api.w.org\/{rel}","templated":true}]}}

<p class="attachment"><a href='https://www.tucomarca.com/wordpress/segunda/wp-content/uploads/2019/08/SeguridadSocial.jpg'><img loading="lazy" decoding="async" width="300" height="184" src="https://www.tucomarca.com/wordpress/segunda/wp-content/uploads/2019/08/SeguridadSocial-300x184.jpg" class="attachment-medium size-medium" alt="El grupo Seguridad Social actuará el día 28 de agosto en Buñol." srcset="https://www.tucomarca.com/wordpress/segunda/wp-content/uploads/2019/08/SeguridadSocial-300x184.jpg 300w, https://www.tucomarca.com/wordpress/segunda/wp-content/uploads/2019/08/SeguridadSocial.jpg 417w" sizes="auto, (max-width: 300px) 100vw, 300px" /></a></p>
<p>El grupo Seguridad Social actuará el día 28 de agosto en Buñol.</p>

<div class="mh-excerpt">El grupo Seguridad Social actuará el día 28 de agosto en Buñol.</div>
<p> <a class="mh-excerpt-more" href="https://www.tucomarca.com/wordpress/segunda/ca/el-grup-valencia-seguretat-social-protagonitzara-el-concert-estel%c2%b7lar-de-la-fira-i-festes-2019-de-bunyol/seguridadsocial-2/" title="SeguridadSocial">[+] </a></p>

El grupo Seguridad Social actuará el día 28 de agosto en Buñol.
