{"id":92199,"date":"2019-09-09T19:36:08","date_gmt":"2019-09-09T17:36:08","guid":{"rendered":"http:\/\/www.tucomarca.com\/wordpress\/segunda\/wp-content\/uploads\/2019\/09\/DipuCapataces.jpg"},"modified":"2019-09-09T19:36:23","modified_gmt":"2019-09-09T17:36:23","slug":"dipucapataces-2","status":"inherit","type":"attachment","link":"https:\/\/www.tucomarca.com\/wordpress\/segunda\/ca\/mes-de-200-alumnes-comencen-el-nou-curs-a-lescola-de-capatassos-agricoles-de-la-diputacio\/dipucapataces-2\/","title":{"rendered":"DipuCapataces"},"author":1,"featured_media":0,"comment_status":"open","ping_status":"closed","template":"","meta":[],"class_list":["post-92199","attachment","type-attachment","status-inherit"],"description":{"rendered":"<p class=\"attachment\"><a href='https:\/\/www.tucomarca.com\/wordpress\/segunda\/wp-content\/uploads\/2019\/09\/DipuCapataces.jpg'><img loading=\"lazy\" decoding=\"async\" width=\"300\" height=\"195\" src=\"https:\/\/www.tucomarca.com\/wordpress\/segunda\/wp-content\/uploads\/2019\/09\/DipuCapataces-300x195.jpg\" class=\"attachment-medium size-medium\" alt=\"La diputada delegada de la escuela, Isabel Garc\u00eda, felicita a los estudiantes por haber elegido este centro de formaci\u00f3n agr\u00edcola ubicado en Catarroja.\" srcset=\"https:\/\/www.tucomarca.com\/wordpress\/segunda\/wp-content\/uploads\/2019\/09\/DipuCapataces-300x195.jpg 300w, https:\/\/www.tucomarca.com\/wordpress\/segunda\/wp-content\/uploads\/2019\/09\/DipuCapataces-768x499.jpg 768w, https:\/\/www.tucomarca.com\/wordpress\/segunda\/wp-content\/uploads\/2019\/09\/DipuCapataces-1024x665.jpg 1024w\" sizes=\"auto, (max-width: 300px) 100vw, 300px\" \/><\/a><\/p>\n<p>La diputada delegada de la escuela, Isabel Garc\u00eda, felicita a los estudiantes por haber elegido este centro de formaci\u00f3n agr\u00edcola ubicado en Catarroja.<\/p>\n"},"caption":{"rendered":"<div class=\"mh-excerpt\">La diputada delegada de la escuela, Isabel Garc\u00eda, felicita a los estudiantes por haber elegido este centro de formaci\u00f3n agr\u00edcola ubicado en Catarroja.<\/div>\n<p> <a class=\"mh-excerpt-more\" href=\"https:\/\/www.tucomarca.com\/wordpress\/segunda\/ca\/mes-de-200-alumnes-comencen-el-nou-curs-a-lescola-de-capatassos-agricoles-de-la-diputacio\/dipucapataces-2\/\" title=\"DipuCapataces\">[+] <\/a><\/p>\n"},"alt_text":"La diputada delegada de la escuela, Isabel Garc\u00eda, felicita a los estudiantes por haber elegido este centro de formaci\u00f3n agr\u00edcola ubicado en Catarroja.","media_type":"image","mime_type":"image\/jpeg","media_details":{"width":2362,"height":1535,"file":"2019\/09\/DipuCapataces.jpg","sizes":{"thumbnail":{"file":"DipuCapataces-290x290.jpg","width":290,"height":290,"mime_type":"image\/jpeg","source_url":"https:\/\/www.tucomarca.com\/wordpress\/segunda\/wp-content\/uploads\/2019\/09\/DipuCapataces-290x290.jpg"},"medium":{"file":"DipuCapataces-300x195.jpg","width":300,"height":195,"mime_type":"image\/jpeg","source_url":"https:\/\/www.tucomarca.com\/wordpress\/segunda\/wp-content\/uploads\/2019\/09\/DipuCapataces-300x195.jpg"},"medium_large":{"file":"DipuCapataces-768x499.jpg","width":768,"height":499,"mime_type":"image\/jpeg","source_url":"https:\/\/www.tucomarca.com\/wordpress\/segunda\/wp-content\/uploads\/2019\/09\/DipuCapataces-768x499.jpg"},"large":{"file":"DipuCapataces-1024x665.jpg","width":1024,"height":665,"mime_type":"image\/jpeg","source_url":"https:\/\/www.tucomarca.com\/wordpress\/segunda\/wp-content\/uploads\/2019\/09\/DipuCapataces-1024x665.jpg"},"rss-image":{"file":"DipuCapataces-300x195.jpg","width":300,"height":195,"mime_type":"image\/jpeg","source_url":"https:\/\/www.tucomarca.com\/wordpress\/segunda\/wp-content\/uploads\/2019\/09\/DipuCapataces-300x195.jpg"},"post-thumbnail":{"file":"DipuCapataces-50x50.jpg","width":50,"height":50,"mime_type":"image\/jpeg","source_url":"https:\/\/www.tucomarca.com\/wordpress\/segunda\/wp-content\/uploads\/2019\/09\/DipuCapataces-50x50.jpg"},"gabfire":{"file":"DipuCapataces-1024x665.jpg","width":1024,"height":665,"mime_type":"image\/jpeg","source_url":"https:\/\/www.tucomarca.com\/wordpress\/segunda\/wp-content\/uploads\/2019\/09\/DipuCapataces-1024x665.jpg"},"full":{"file":"DipuCapataces.jpg","width":2362,"height":1535,"mime_type":"image\/jpeg","source_url":"https:\/\/www.tucomarca.com\/wordpress\/segunda\/wp-content\/uploads\/2019\/09\/DipuCapataces.jpg"}},"image_meta":{"aperture":"0","credit":"Raquel Abulaila","camera":"","caption":"","created_timestamp":"0","copyright":"Raquel Abulaila","focal_length":"0","iso":"0","shutter_speed":"0","title":"","orientation":"1","keywords":[]}},"post":92201,"source_url":"https:\/\/www.tucomarca.com\/wordpress\/segunda\/wp-content\/uploads\/2019\/09\/DipuCapataces.jpg","_links":{"self":[{"href":"https:\/\/www.tucomarca.com\/wordpress\/segunda\/ca\/wp-json\/wp\/v2\/media\/92199","targetHints":{"allow":["GET"]}}],"collection":[{"href":"https:\/\/www.tucomarca.com\/wordpress\/segunda\/ca\/wp-json\/wp\/v2\/media"}],"about":[{"href":"https:\/\/www.tucomarca.com\/wordpress\/segunda\/ca\/wp-json\/wp\/v2\/types\/attachment"}],"author":[{"embeddable":true,"href":"https:\/\/www.tucomarca.com\/wordpress\/segunda\/ca\/wp-json\/wp\/v2\/users\/1"}],"replies":[{"embeddable":true,"href":"https:\/\/www.tucomarca.com\/wordpress\/segunda\/ca\/wp-json\/wp\/v2\/comments?post=92199"}],"wp:attached-to":[{"embeddable":true,"post_type":"post","id":92201,"href":"https:\/\/www.tucomarca.com\/wordpress\/segunda\/ca\/wp-json\/wp\/v2\/posts\/92201"}],"curies":[{"name":"wp","href":"https:\/\/api.w.org\/{rel}","templated":true}]}}

<p class="attachment"><a href='https://www.tucomarca.com/wordpress/segunda/wp-content/uploads/2019/09/DipuCapataces.jpg'><img loading="lazy" decoding="async" width="300" height="195" src="https://www.tucomarca.com/wordpress/segunda/wp-content/uploads/2019/09/DipuCapataces-300x195.jpg" class="attachment-medium size-medium" alt="La diputada delegada de la escuela, Isabel García, felicita a los estudiantes por haber elegido este centro de formación agrícola ubicado en Catarroja." srcset="https://www.tucomarca.com/wordpress/segunda/wp-content/uploads/2019/09/DipuCapataces-300x195.jpg 300w, https://www.tucomarca.com/wordpress/segunda/wp-content/uploads/2019/09/DipuCapataces-768x499.jpg 768w, https://www.tucomarca.com/wordpress/segunda/wp-content/uploads/2019/09/DipuCapataces-1024x665.jpg 1024w" sizes="auto, (max-width: 300px) 100vw, 300px" /></a></p>
<p>La diputada delegada de la escuela, Isabel García, felicita a los estudiantes por haber elegido este centro de formación agrícola ubicado en Catarroja.</p>

<div class="mh-excerpt">La diputada delegada de la escuela, Isabel García, felicita a los estudiantes por haber elegido este centro de formación agrícola ubicado en Catarroja.</div>
<p> <a class="mh-excerpt-more" href="https://www.tucomarca.com/wordpress/segunda/ca/mes-de-200-alumnes-comencen-el-nou-curs-a-lescola-de-capatassos-agricoles-de-la-diputacio/dipucapataces-2/" title="DipuCapataces">[+] </a></p>

La diputada delegada de la escuela, Isabel García, felicita a los estudiantes por haber elegido este centro de formación agrícola ubicado en Catarroja.
