{"id":94557,"date":"2019-10-24T18:25:11","date_gmt":"2019-10-24T16:25:11","guid":{"rendered":"http:\/\/www.tucomarca.com\/wordpress\/segunda\/wp-content\/uploads\/2019\/10\/CVI2019.jpg"},"modified":"2019-10-24T18:25:27","modified_gmt":"2019-10-24T16:25:27","slug":"cvi2019-2","status":"inherit","type":"attachment","link":"https:\/\/www.tucomarca.com\/wordpress\/segunda\/ca\/lassemblea-tria-a-lalcalde-de-riba-roja-robert-raga-com-a-nou-president-del-consorci-valencia-interior\/cvi2019-2\/","title":{"rendered":"CVI2019"},"author":1,"featured_media":0,"comment_status":"open","ping_status":"closed","template":"","meta":[],"class_list":["post-94557","attachment","type-attachment","status-inherit"],"description":{"rendered":"<p class=\"attachment\"><a href='https:\/\/www.tucomarca.com\/wordpress\/segunda\/wp-content\/uploads\/2019\/10\/CVI2019.jpg'><img loading=\"lazy\" decoding=\"async\" width=\"300\" height=\"225\" src=\"https:\/\/www.tucomarca.com\/wordpress\/segunda\/wp-content\/uploads\/2019\/10\/CVI2019-300x225.jpg\" class=\"attachment-medium size-medium\" alt=\"El alcalde de Riba-Roja de T\u00faria marca sus tres principales pilares al frente del CVI: la calidad de los servicios a la ciudadan\u00eda, el cuidado del Medio Ambiente y la transparencia en la gesti\u00f3n.\" srcset=\"https:\/\/www.tucomarca.com\/wordpress\/segunda\/wp-content\/uploads\/2019\/10\/CVI2019-300x225.jpg 300w, https:\/\/www.tucomarca.com\/wordpress\/segunda\/wp-content\/uploads\/2019\/10\/CVI2019-768x576.jpg 768w, https:\/\/www.tucomarca.com\/wordpress\/segunda\/wp-content\/uploads\/2019\/10\/CVI2019-1024x768.jpg 1024w, https:\/\/www.tucomarca.com\/wordpress\/segunda\/wp-content\/uploads\/2019\/10\/CVI2019-678x509.jpg 678w, https:\/\/www.tucomarca.com\/wordpress\/segunda\/wp-content\/uploads\/2019\/10\/CVI2019-326x245.jpg 326w, https:\/\/www.tucomarca.com\/wordpress\/segunda\/wp-content\/uploads\/2019\/10\/CVI2019-80x60.jpg 80w\" sizes=\"auto, (max-width: 300px) 100vw, 300px\" \/><\/a><\/p>\n<p>El alcalde de Riba-Roja de T\u00faria marca sus tres principales pilares al frente del CVI: la calidad de los servicios a la ciudadan\u00eda, el cuidado del Medio Ambiente y la transparencia en la gesti\u00f3n.<\/p>\n"},"caption":{"rendered":"<div class=\"mh-excerpt\">El alcalde de Riba-Roja de T\u00faria marca sus tres principales pilares al frente del CVI: la calidad de los servicios a la ciudadan\u00eda, el cuidado del Medio Ambiente y la transparencia en la gesti\u00f3n.<\/div>\n<p> <a class=\"mh-excerpt-more\" href=\"https:\/\/www.tucomarca.com\/wordpress\/segunda\/ca\/lassemblea-tria-a-lalcalde-de-riba-roja-robert-raga-com-a-nou-president-del-consorci-valencia-interior\/cvi2019-2\/\" title=\"CVI2019\">[+] <\/a><\/p>\n"},"alt_text":"El alcalde de Riba-Roja de T\u00faria marca sus tres principales pilares al frente del CVI: la calidad de los servicios a la ciudadan\u00eda, el cuidado del Medio Ambiente y la transparencia en la gesti\u00f3n.","media_type":"image","mime_type":"image\/jpeg","media_details":{"width":4032,"height":3024,"file":"2019\/10\/CVI2019.jpg","sizes":{"thumbnail":{"file":"CVI2019-290x290.jpg","width":290,"height":290,"mime_type":"image\/jpeg","source_url":"https:\/\/www.tucomarca.com\/wordpress\/segunda\/wp-content\/uploads\/2019\/10\/CVI2019-290x290.jpg"},"medium":{"file":"CVI2019-300x225.jpg","width":300,"height":225,"mime_type":"image\/jpeg","source_url":"https:\/\/www.tucomarca.com\/wordpress\/segunda\/wp-content\/uploads\/2019\/10\/CVI2019-300x225.jpg"},"medium_large":{"file":"CVI2019-768x576.jpg","width":768,"height":576,"mime_type":"image\/jpeg","source_url":"https:\/\/www.tucomarca.com\/wordpress\/segunda\/wp-content\/uploads\/2019\/10\/CVI2019-768x576.jpg"},"large":{"file":"CVI2019-1024x768.jpg","width":1024,"height":768,"mime_type":"image\/jpeg","source_url":"https:\/\/www.tucomarca.com\/wordpress\/segunda\/wp-content\/uploads\/2019\/10\/CVI2019-1024x768.jpg"},"mh-magazine-slider":{"file":"CVI2019-1030x438.jpg","width":1030,"height":438,"mime_type":"image\/jpeg","source_url":"https:\/\/www.tucomarca.com\/wordpress\/segunda\/wp-content\/uploads\/2019\/10\/CVI2019-1030x438.jpg"},"mh-magazine-content":{"file":"CVI2019-678x381.jpg","width":678,"height":381,"mime_type":"image\/jpeg","source_url":"https:\/\/www.tucomarca.com\/wordpress\/segunda\/wp-content\/uploads\/2019\/10\/CVI2019-678x381.jpg"},"mh-magazine-large":{"file":"CVI2019-678x509.jpg","width":678,"height":509,"mime_type":"image\/jpeg","source_url":"https:\/\/www.tucomarca.com\/wordpress\/segunda\/wp-content\/uploads\/2019\/10\/CVI2019-678x509.jpg"},"mh-magazine-medium":{"file":"CVI2019-326x245.jpg","width":326,"height":245,"mime_type":"image\/jpeg","source_url":"https:\/\/www.tucomarca.com\/wordpress\/segunda\/wp-content\/uploads\/2019\/10\/CVI2019-326x245.jpg"},"mh-magazine-small":{"file":"CVI2019-80x60.jpg","width":80,"height":60,"mime_type":"image\/jpeg","source_url":"https:\/\/www.tucomarca.com\/wordpress\/segunda\/wp-content\/uploads\/2019\/10\/CVI2019-80x60.jpg"},"full":{"file":"CVI2019.jpg","width":4032,"height":3024,"mime_type":"image\/jpeg","source_url":"https:\/\/www.tucomarca.com\/wordpress\/segunda\/wp-content\/uploads\/2019\/10\/CVI2019.jpg"}},"image_meta":{"aperture":"2.2","credit":"","camera":"iPhone SE","caption":"","created_timestamp":"1571923187","copyright":"","focal_length":"4.15","iso":"25","shutter_speed":"0.0031645569620253","title":"","orientation":"0","keywords":[]}},"post":94562,"source_url":"https:\/\/www.tucomarca.com\/wordpress\/segunda\/wp-content\/uploads\/2019\/10\/CVI2019.jpg","_links":{"self":[{"href":"https:\/\/www.tucomarca.com\/wordpress\/segunda\/ca\/wp-json\/wp\/v2\/media\/94557","targetHints":{"allow":["GET"]}}],"collection":[{"href":"https:\/\/www.tucomarca.com\/wordpress\/segunda\/ca\/wp-json\/wp\/v2\/media"}],"about":[{"href":"https:\/\/www.tucomarca.com\/wordpress\/segunda\/ca\/wp-json\/wp\/v2\/types\/attachment"}],"author":[{"embeddable":true,"href":"https:\/\/www.tucomarca.com\/wordpress\/segunda\/ca\/wp-json\/wp\/v2\/users\/1"}],"replies":[{"embeddable":true,"href":"https:\/\/www.tucomarca.com\/wordpress\/segunda\/ca\/wp-json\/wp\/v2\/comments?post=94557"}],"wp:attached-to":[{"embeddable":true,"post_type":"post","id":94562,"href":"https:\/\/www.tucomarca.com\/wordpress\/segunda\/ca\/wp-json\/wp\/v2\/posts\/94562"}],"curies":[{"name":"wp","href":"https:\/\/api.w.org\/{rel}","templated":true}]}}

<p class="attachment"><a href='https://www.tucomarca.com/wordpress/segunda/wp-content/uploads/2019/10/CVI2019.jpg'><img loading="lazy" decoding="async" width="300" height="225" src="https://www.tucomarca.com/wordpress/segunda/wp-content/uploads/2019/10/CVI2019-300x225.jpg" class="attachment-medium size-medium" alt="El alcalde de Riba-Roja de Túria marca sus tres principales pilares al frente del CVI: la calidad de los servicios a la ciudadanía, el cuidado del Medio Ambiente y la transparencia en la gestión." srcset="https://www.tucomarca.com/wordpress/segunda/wp-content/uploads/2019/10/CVI2019-300x225.jpg 300w, https://www.tucomarca.com/wordpress/segunda/wp-content/uploads/2019/10/CVI2019-768x576.jpg 768w, https://www.tucomarca.com/wordpress/segunda/wp-content/uploads/2019/10/CVI2019-1024x768.jpg 1024w, https://www.tucomarca.com/wordpress/segunda/wp-content/uploads/2019/10/CVI2019-678x509.jpg 678w, https://www.tucomarca.com/wordpress/segunda/wp-content/uploads/2019/10/CVI2019-326x245.jpg 326w, https://www.tucomarca.com/wordpress/segunda/wp-content/uploads/2019/10/CVI2019-80x60.jpg 80w" sizes="auto, (max-width: 300px) 100vw, 300px" /></a></p>
<p>El alcalde de Riba-Roja de Túria marca sus tres principales pilares al frente del CVI: la calidad de los servicios a la ciudadanía, el cuidado del Medio Ambiente y la transparencia en la gestión.</p>

<div class="mh-excerpt">El alcalde de Riba-Roja de Túria marca sus tres principales pilares al frente del CVI: la calidad de los servicios a la ciudadanía, el cuidado del Medio Ambiente y la transparencia en la gestión.</div>
<p> <a class="mh-excerpt-more" href="https://www.tucomarca.com/wordpress/segunda/ca/lassemblea-tria-a-lalcalde-de-riba-roja-robert-raga-com-a-nou-president-del-consorci-valencia-interior/cvi2019-2/" title="CVI2019">[+] </a></p>

El alcalde de Riba-Roja de Túria marca sus tres principales pilares al frente del CVI: la calidad de los servicios a la ciudadanía, el cuidado del Medio Ambiente y la transparencia en la gestión.
