{"id":94972,"date":"2019-10-30T20:04:14","date_gmt":"2019-10-30T18:04:14","guid":{"rendered":"http:\/\/www.tucomarca.com\/wordpress\/segunda\/wp-content\/uploads\/2019\/10\/GasparXuquer.jpg"},"modified":"2019-10-30T20:04:34","modified_gmt":"2019-10-30T18:04:34","slug":"gasparxuquer-2","status":"inherit","type":"attachment","link":"https:\/\/www.tucomarca.com\/wordpress\/segunda\/ca\/la-mancomunitat-dalcantera-de-xuquer-carcer-cotes-i-sellent-es-reunix-amb-els-responsables-de-la-diputacio\/gasparxuquer-2\/","title":{"rendered":"GasparXuquer"},"author":1,"featured_media":0,"comment_status":"open","ping_status":"closed","template":"","meta":[],"class_list":["post-94972","attachment","type-attachment","status-inherit"],"description":{"rendered":"<p class=\"attachment\"><a href='https:\/\/www.tucomarca.com\/wordpress\/segunda\/wp-content\/uploads\/2019\/10\/GasparXuquer.jpg'><img loading=\"lazy\" decoding=\"async\" width=\"300\" height=\"169\" src=\"https:\/\/www.tucomarca.com\/wordpress\/segunda\/wp-content\/uploads\/2019\/10\/GasparXuquer-300x169.jpg\" class=\"attachment-medium size-medium\" alt=\"La Mancomunitat d\u2019Alc\u00e0ntera de X\u00faquer, C\u00e0rcer, Cotes i Sellent se re\u00fane con los responsables de la Diputaci\u00f3.\" srcset=\"https:\/\/www.tucomarca.com\/wordpress\/segunda\/wp-content\/uploads\/2019\/10\/GasparXuquer-300x169.jpg 300w, https:\/\/www.tucomarca.com\/wordpress\/segunda\/wp-content\/uploads\/2019\/10\/GasparXuquer-768x433.jpg 768w, https:\/\/www.tucomarca.com\/wordpress\/segunda\/wp-content\/uploads\/2019\/10\/GasparXuquer-1024x577.jpg 1024w, https:\/\/www.tucomarca.com\/wordpress\/segunda\/wp-content\/uploads\/2019\/10\/GasparXuquer-678x381.jpg 678w\" sizes=\"auto, (max-width: 300px) 100vw, 300px\" \/><\/a><\/p>\n<p>La Mancomunitat d\u2019Alc\u00e0ntera de X\u00faquer, C\u00e0rcer, Cotes i Sellent se re\u00fane con los responsables de la Diputaci\u00f3.<\/p>\n"},"caption":{"rendered":"<div class=\"mh-excerpt\">La Mancomunitat d\u2019Alc\u00e0ntera de X\u00faquer, C\u00e0rcer, Cotes i Sellent se re\u00fane con los responsables de la Diputaci\u00f3.<\/div>\n<p> <a class=\"mh-excerpt-more\" href=\"https:\/\/www.tucomarca.com\/wordpress\/segunda\/ca\/la-mancomunitat-dalcantera-de-xuquer-carcer-cotes-i-sellent-es-reunix-amb-els-responsables-de-la-diputacio\/gasparxuquer-2\/\" title=\"GasparXuquer\">[+] <\/a><\/p>\n"},"alt_text":"La Mancomunitat d\u2019Alc\u00e0ntera de X\u00faquer, C\u00e0rcer, Cotes i Sellent se re\u00fane con los responsables de la Diputaci\u00f3.","media_type":"image","mime_type":"image\/jpeg","media_details":{"width":2362,"height":1331,"file":"2019\/10\/GasparXuquer.jpg","sizes":{"thumbnail":{"file":"GasparXuquer-290x290.jpg","width":290,"height":290,"mime_type":"image\/jpeg","source_url":"https:\/\/www.tucomarca.com\/wordpress\/segunda\/wp-content\/uploads\/2019\/10\/GasparXuquer-290x290.jpg"},"medium":{"file":"GasparXuquer-300x169.jpg","width":300,"height":169,"mime_type":"image\/jpeg","source_url":"https:\/\/www.tucomarca.com\/wordpress\/segunda\/wp-content\/uploads\/2019\/10\/GasparXuquer-300x169.jpg"},"medium_large":{"file":"GasparXuquer-768x433.jpg","width":768,"height":433,"mime_type":"image\/jpeg","source_url":"https:\/\/www.tucomarca.com\/wordpress\/segunda\/wp-content\/uploads\/2019\/10\/GasparXuquer-768x433.jpg"},"large":{"file":"GasparXuquer-1024x577.jpg","width":1024,"height":577,"mime_type":"image\/jpeg","source_url":"https:\/\/www.tucomarca.com\/wordpress\/segunda\/wp-content\/uploads\/2019\/10\/GasparXuquer-1024x577.jpg"},"mh-magazine-slider":{"file":"GasparXuquer-1030x438.jpg","width":1030,"height":438,"mime_type":"image\/jpeg","source_url":"https:\/\/www.tucomarca.com\/wordpress\/segunda\/wp-content\/uploads\/2019\/10\/GasparXuquer-1030x438.jpg"},"mh-magazine-content":{"file":"GasparXuquer-678x381.jpg","width":678,"height":381,"mime_type":"image\/jpeg","source_url":"https:\/\/www.tucomarca.com\/wordpress\/segunda\/wp-content\/uploads\/2019\/10\/GasparXuquer-678x381.jpg"},"mh-magazine-large":{"file":"GasparXuquer-678x509.jpg","width":678,"height":509,"mime_type":"image\/jpeg","source_url":"https:\/\/www.tucomarca.com\/wordpress\/segunda\/wp-content\/uploads\/2019\/10\/GasparXuquer-678x509.jpg"},"mh-magazine-medium":{"file":"GasparXuquer-326x245.jpg","width":326,"height":245,"mime_type":"image\/jpeg","source_url":"https:\/\/www.tucomarca.com\/wordpress\/segunda\/wp-content\/uploads\/2019\/10\/GasparXuquer-326x245.jpg"},"mh-magazine-small":{"file":"GasparXuquer-80x60.jpg","width":80,"height":60,"mime_type":"image\/jpeg","source_url":"https:\/\/www.tucomarca.com\/wordpress\/segunda\/wp-content\/uploads\/2019\/10\/GasparXuquer-80x60.jpg"},"full":{"file":"GasparXuquer.jpg","width":2362,"height":1331,"mime_type":"image\/jpeg","source_url":"https:\/\/www.tucomarca.com\/wordpress\/segunda\/wp-content\/uploads\/2019\/10\/GasparXuquer.jpg"}},"image_meta":{"aperture":"0","credit":"Raquel Abulaila","camera":"","caption":"","created_timestamp":"0","copyright":"Raquel Abulaila","focal_length":"0","iso":"0","shutter_speed":"0","title":"","orientation":"1","keywords":[]}},"post":94974,"source_url":"https:\/\/www.tucomarca.com\/wordpress\/segunda\/wp-content\/uploads\/2019\/10\/GasparXuquer.jpg","_links":{"self":[{"href":"https:\/\/www.tucomarca.com\/wordpress\/segunda\/ca\/wp-json\/wp\/v2\/media\/94972","targetHints":{"allow":["GET"]}}],"collection":[{"href":"https:\/\/www.tucomarca.com\/wordpress\/segunda\/ca\/wp-json\/wp\/v2\/media"}],"about":[{"href":"https:\/\/www.tucomarca.com\/wordpress\/segunda\/ca\/wp-json\/wp\/v2\/types\/attachment"}],"author":[{"embeddable":true,"href":"https:\/\/www.tucomarca.com\/wordpress\/segunda\/ca\/wp-json\/wp\/v2\/users\/1"}],"replies":[{"embeddable":true,"href":"https:\/\/www.tucomarca.com\/wordpress\/segunda\/ca\/wp-json\/wp\/v2\/comments?post=94972"}],"wp:attached-to":[{"embeddable":true,"post_type":"post","id":94974,"href":"https:\/\/www.tucomarca.com\/wordpress\/segunda\/ca\/wp-json\/wp\/v2\/posts\/94974"}],"curies":[{"name":"wp","href":"https:\/\/api.w.org\/{rel}","templated":true}]}}

<p class="attachment"><a href='https://www.tucomarca.com/wordpress/segunda/wp-content/uploads/2019/10/GasparXuquer.jpg'><img loading="lazy" decoding="async" width="300" height="169" src="https://www.tucomarca.com/wordpress/segunda/wp-content/uploads/2019/10/GasparXuquer-300x169.jpg" class="attachment-medium size-medium" alt="La Mancomunitat d’Alcàntera de Xúquer, Càrcer, Cotes i Sellent se reúne con los responsables de la Diputació." srcset="https://www.tucomarca.com/wordpress/segunda/wp-content/uploads/2019/10/GasparXuquer-300x169.jpg 300w, https://www.tucomarca.com/wordpress/segunda/wp-content/uploads/2019/10/GasparXuquer-768x433.jpg 768w, https://www.tucomarca.com/wordpress/segunda/wp-content/uploads/2019/10/GasparXuquer-1024x577.jpg 1024w, https://www.tucomarca.com/wordpress/segunda/wp-content/uploads/2019/10/GasparXuquer-678x381.jpg 678w" sizes="auto, (max-width: 300px) 100vw, 300px" /></a></p>
<p>La Mancomunitat d’Alcàntera de Xúquer, Càrcer, Cotes i Sellent se reúne con los responsables de la Diputació.</p>

<div class="mh-excerpt">La Mancomunitat d’Alcàntera de Xúquer, Càrcer, Cotes i Sellent se reúne con los responsables de la Diputació.</div>
<p> <a class="mh-excerpt-more" href="https://www.tucomarca.com/wordpress/segunda/ca/la-mancomunitat-dalcantera-de-xuquer-carcer-cotes-i-sellent-es-reunix-amb-els-responsables-de-la-diputacio/gasparxuquer-2/" title="GasparXuquer">[+] </a></p>

La Mancomunitat d’Alcàntera de Xúquer, Càrcer, Cotes i Sellent se reúne con los responsables de la Diputació.
