{"id":95247,"date":"2019-11-04T20:24:21","date_gmt":"2019-11-04T18:24:21","guid":{"rendered":"http:\/\/www.tucomarca.com\/wordpress\/segunda\/wp-content\/uploads\/2019\/11\/TeresaCofrentes.jpg"},"modified":"2019-11-04T20:28:20","modified_gmt":"2019-11-04T18:28:20","slug":"teresacofrentes-2","status":"inherit","type":"attachment","link":"https:\/\/www.tucomarca.com\/wordpress\/segunda\/ca\/lalcalde-de-teresa-de-cofrents-es-reuneix-amb-el-president-de-la-diputacio\/teresacofrentes-2\/","title":{"rendered":"TeresaCofrentes"},"author":1,"featured_media":0,"comment_status":"open","ping_status":"closed","template":"","meta":[],"class_list":["post-95247","attachment","type-attachment","status-inherit"],"description":{"rendered":"<p class=\"attachment\"><a href='https:\/\/www.tucomarca.com\/wordpress\/segunda\/wp-content\/uploads\/2019\/11\/TeresaCofrentes.jpg'><img loading=\"lazy\" decoding=\"async\" width=\"300\" height=\"199\" src=\"https:\/\/www.tucomarca.com\/wordpress\/segunda\/wp-content\/uploads\/2019\/11\/TeresaCofrentes-300x199.jpg\" class=\"attachment-medium size-medium\" alt=\"El presidente de la Diputaci\u00f3 de Val\u00e8ncia, Toni Gaspar, con el alcalde de Teresa de Cofrentes, Francisco Cebri\u00e1n.\" srcset=\"https:\/\/www.tucomarca.com\/wordpress\/segunda\/wp-content\/uploads\/2019\/11\/TeresaCofrentes-300x199.jpg 300w, https:\/\/www.tucomarca.com\/wordpress\/segunda\/wp-content\/uploads\/2019\/11\/TeresaCofrentes-768x510.jpg 768w, https:\/\/www.tucomarca.com\/wordpress\/segunda\/wp-content\/uploads\/2019\/11\/TeresaCofrentes-1024x680.jpg 1024w\" sizes=\"auto, (max-width: 300px) 100vw, 300px\" \/><\/a><\/p>\n<p>El presidente de la Diputaci\u00f3 de Val\u00e8ncia, Toni Gaspar, con el alcalde de Teresa de Cofrentes, Francisco Cebri\u00e1n.<\/p>\n"},"caption":{"rendered":"<div class=\"mh-excerpt\">El presidente de la Diputaci\u00f3 de Val\u00e8ncia, Toni Gaspar, con el alcalde de Teresa de Cofrentes, Francisco Cebri\u00e1n.<\/div>\n<p> <a class=\"mh-excerpt-more\" href=\"https:\/\/www.tucomarca.com\/wordpress\/segunda\/ca\/lalcalde-de-teresa-de-cofrents-es-reuneix-amb-el-president-de-la-diputacio\/teresacofrentes-2\/\" title=\"TeresaCofrentes\">[+] <\/a><\/p>\n"},"alt_text":"El presidente de la Diputaci\u00f3 de Val\u00e8ncia, Toni Gaspar, con el alcalde de Teresa de Cofrentes, Francisco Cebri\u00e1n.","media_type":"image","mime_type":"image\/jpeg","media_details":{"width":2362,"height":1568,"file":"2019\/11\/TeresaCofrentes.jpg","sizes":{"thumbnail":{"file":"TeresaCofrentes-290x290.jpg","width":290,"height":290,"mime_type":"image\/jpeg","source_url":"https:\/\/www.tucomarca.com\/wordpress\/segunda\/wp-content\/uploads\/2019\/11\/TeresaCofrentes-290x290.jpg"},"medium":{"file":"TeresaCofrentes-300x199.jpg","width":300,"height":199,"mime_type":"image\/jpeg","source_url":"https:\/\/www.tucomarca.com\/wordpress\/segunda\/wp-content\/uploads\/2019\/11\/TeresaCofrentes-300x199.jpg"},"medium_large":{"file":"TeresaCofrentes-768x510.jpg","width":768,"height":510,"mime_type":"image\/jpeg","source_url":"https:\/\/www.tucomarca.com\/wordpress\/segunda\/wp-content\/uploads\/2019\/11\/TeresaCofrentes-768x510.jpg"},"large":{"file":"TeresaCofrentes-1024x680.jpg","width":1024,"height":680,"mime_type":"image\/jpeg","source_url":"https:\/\/www.tucomarca.com\/wordpress\/segunda\/wp-content\/uploads\/2019\/11\/TeresaCofrentes-1024x680.jpg"},"mh-magazine-slider":{"file":"TeresaCofrentes-1030x438.jpg","width":1030,"height":438,"mime_type":"image\/jpeg","source_url":"https:\/\/www.tucomarca.com\/wordpress\/segunda\/wp-content\/uploads\/2019\/11\/TeresaCofrentes-1030x438.jpg"},"mh-magazine-content":{"file":"TeresaCofrentes-678x381.jpg","width":678,"height":381,"mime_type":"image\/jpeg","source_url":"https:\/\/www.tucomarca.com\/wordpress\/segunda\/wp-content\/uploads\/2019\/11\/TeresaCofrentes-678x381.jpg"},"mh-magazine-large":{"file":"TeresaCofrentes-678x509.jpg","width":678,"height":509,"mime_type":"image\/jpeg","source_url":"https:\/\/www.tucomarca.com\/wordpress\/segunda\/wp-content\/uploads\/2019\/11\/TeresaCofrentes-678x509.jpg"},"mh-magazine-medium":{"file":"TeresaCofrentes-326x245.jpg","width":326,"height":245,"mime_type":"image\/jpeg","source_url":"https:\/\/www.tucomarca.com\/wordpress\/segunda\/wp-content\/uploads\/2019\/11\/TeresaCofrentes-326x245.jpg"},"mh-magazine-small":{"file":"TeresaCofrentes-80x60.jpg","width":80,"height":60,"mime_type":"image\/jpeg","source_url":"https:\/\/www.tucomarca.com\/wordpress\/segunda\/wp-content\/uploads\/2019\/11\/TeresaCofrentes-80x60.jpg"},"full":{"file":"TeresaCofrentes.jpg","width":2362,"height":1568,"mime_type":"image\/jpeg","source_url":"https:\/\/www.tucomarca.com\/wordpress\/segunda\/wp-content\/uploads\/2019\/11\/TeresaCofrentes.jpg"}},"image_meta":{"aperture":"0","credit":"Raquel Abulaila","camera":"","caption":"","created_timestamp":"0","copyright":"Raquel Abulaila","focal_length":"0","iso":"0","shutter_speed":"0","title":"","orientation":"1","keywords":[]}},"post":95250,"source_url":"https:\/\/www.tucomarca.com\/wordpress\/segunda\/wp-content\/uploads\/2019\/11\/TeresaCofrentes.jpg","_links":{"self":[{"href":"https:\/\/www.tucomarca.com\/wordpress\/segunda\/ca\/wp-json\/wp\/v2\/media\/95247","targetHints":{"allow":["GET"]}}],"collection":[{"href":"https:\/\/www.tucomarca.com\/wordpress\/segunda\/ca\/wp-json\/wp\/v2\/media"}],"about":[{"href":"https:\/\/www.tucomarca.com\/wordpress\/segunda\/ca\/wp-json\/wp\/v2\/types\/attachment"}],"author":[{"embeddable":true,"href":"https:\/\/www.tucomarca.com\/wordpress\/segunda\/ca\/wp-json\/wp\/v2\/users\/1"}],"replies":[{"embeddable":true,"href":"https:\/\/www.tucomarca.com\/wordpress\/segunda\/ca\/wp-json\/wp\/v2\/comments?post=95247"}],"wp:attached-to":[{"embeddable":true,"post_type":"post","id":95250,"href":"https:\/\/www.tucomarca.com\/wordpress\/segunda\/ca\/wp-json\/wp\/v2\/posts\/95250"}],"curies":[{"name":"wp","href":"https:\/\/api.w.org\/{rel}","templated":true}]}}

<p class="attachment"><a href='https://www.tucomarca.com/wordpress/segunda/wp-content/uploads/2019/11/TeresaCofrentes.jpg'><img loading="lazy" decoding="async" width="300" height="199" src="https://www.tucomarca.com/wordpress/segunda/wp-content/uploads/2019/11/TeresaCofrentes-300x199.jpg" class="attachment-medium size-medium" alt="El presidente de la Diputació de València, Toni Gaspar, con el alcalde de Teresa de Cofrentes, Francisco Cebrián." srcset="https://www.tucomarca.com/wordpress/segunda/wp-content/uploads/2019/11/TeresaCofrentes-300x199.jpg 300w, https://www.tucomarca.com/wordpress/segunda/wp-content/uploads/2019/11/TeresaCofrentes-768x510.jpg 768w, https://www.tucomarca.com/wordpress/segunda/wp-content/uploads/2019/11/TeresaCofrentes-1024x680.jpg 1024w" sizes="auto, (max-width: 300px) 100vw, 300px" /></a></p>
<p>El presidente de la Diputació de València, Toni Gaspar, con el alcalde de Teresa de Cofrentes, Francisco Cebrián.</p>

<div class="mh-excerpt">El presidente de la Diputació de València, Toni Gaspar, con el alcalde de Teresa de Cofrentes, Francisco Cebrián.</div>
<p> <a class="mh-excerpt-more" href="https://www.tucomarca.com/wordpress/segunda/ca/lalcalde-de-teresa-de-cofrents-es-reuneix-amb-el-president-de-la-diputacio/teresacofrentes-2/" title="TeresaCofrentes">[+] </a></p>

El presidente de la Diputació de València, Toni Gaspar, con el alcalde de Teresa de Cofrentes, Francisco Cebrián.
