{"id":95288,"date":"2019-11-04T21:11:33","date_gmt":"2019-11-04T19:11:33","guid":{"rendered":"http:\/\/www.tucomarca.com\/wordpress\/segunda\/wp-content\/uploads\/2019\/11\/Antella.jpg"},"modified":"2019-11-04T21:11:45","modified_gmt":"2019-11-04T19:11:45","slug":"antella-2","status":"inherit","type":"attachment","link":"https:\/\/www.tucomarca.com\/wordpress\/segunda\/ca\/paula-tuzon-destaca-a-antella-la-importancia-dels-paratges-naturals-municipals-com-a-espais-clau-per-a-ladaptacio-i-mitigacio-de-el-canvi-climatic\/antella-2\/","title":{"rendered":"Antella"},"author":1,"featured_media":0,"comment_status":"open","ping_status":"closed","template":"","meta":[],"class_list":["post-95288","attachment","type-attachment","status-inherit"],"description":{"rendered":"<p class=\"attachment\"><a href='https:\/\/www.tucomarca.com\/wordpress\/segunda\/wp-content\/uploads\/2019\/11\/Antella.jpg'><img loading=\"lazy\" decoding=\"async\" width=\"300\" height=\"225\" src=\"https:\/\/www.tucomarca.com\/wordpress\/segunda\/wp-content\/uploads\/2019\/11\/Antella-300x225.jpg\" class=\"attachment-medium size-medium\" alt=\"Paula Tuz\u00f3n destaca la importancia de los parajes naturales municipales como espacios clave para la adaptaci\u00f3n y mitigaci\u00f3n al cambio clim\u00e1tico.\" srcset=\"https:\/\/www.tucomarca.com\/wordpress\/segunda\/wp-content\/uploads\/2019\/11\/Antella-300x225.jpg 300w, https:\/\/www.tucomarca.com\/wordpress\/segunda\/wp-content\/uploads\/2019\/11\/Antella-768x576.jpg 768w, https:\/\/www.tucomarca.com\/wordpress\/segunda\/wp-content\/uploads\/2019\/11\/Antella-1024x768.jpg 1024w, https:\/\/www.tucomarca.com\/wordpress\/segunda\/wp-content\/uploads\/2019\/11\/Antella-678x509.jpg 678w, https:\/\/www.tucomarca.com\/wordpress\/segunda\/wp-content\/uploads\/2019\/11\/Antella-326x245.jpg 326w, https:\/\/www.tucomarca.com\/wordpress\/segunda\/wp-content\/uploads\/2019\/11\/Antella-80x60.jpg 80w\" sizes=\"auto, (max-width: 300px) 100vw, 300px\" \/><\/a><\/p>\n<p>Paula Tuz\u00f3n destaca la importancia de los parajes naturales municipales como espacios clave para la adaptaci\u00f3n y mitigaci\u00f3n al cambio clim\u00e1tico.<\/p>\n"},"caption":{"rendered":"<div class=\"mh-excerpt\">Paula Tuz\u00f3n destaca la importancia de los parajes naturales municipales como espacios clave para la adaptaci\u00f3n y mitigaci\u00f3n al cambio clim\u00e1tico.<\/div>\n<p> <a class=\"mh-excerpt-more\" href=\"https:\/\/www.tucomarca.com\/wordpress\/segunda\/ca\/paula-tuzon-destaca-a-antella-la-importancia-dels-paratges-naturals-municipals-com-a-espais-clau-per-a-ladaptacio-i-mitigacio-de-el-canvi-climatic\/antella-2\/\" title=\"Antella\">[+] <\/a><\/p>\n"},"alt_text":"Paula Tuz\u00f3n destaca la importancia de los parajes naturales municipales como espacios clave para la adaptaci\u00f3n y mitigaci\u00f3n al cambio clim\u00e1tico.","media_type":"image","mime_type":"image\/jpeg","media_details":{"width":4032,"height":3024,"file":"2019\/11\/Antella.jpg","sizes":{"thumbnail":{"file":"Antella-290x290.jpg","width":290,"height":290,"mime_type":"image\/jpeg","source_url":"https:\/\/www.tucomarca.com\/wordpress\/segunda\/wp-content\/uploads\/2019\/11\/Antella-290x290.jpg"},"medium":{"file":"Antella-300x225.jpg","width":300,"height":225,"mime_type":"image\/jpeg","source_url":"https:\/\/www.tucomarca.com\/wordpress\/segunda\/wp-content\/uploads\/2019\/11\/Antella-300x225.jpg"},"medium_large":{"file":"Antella-768x576.jpg","width":768,"height":576,"mime_type":"image\/jpeg","source_url":"https:\/\/www.tucomarca.com\/wordpress\/segunda\/wp-content\/uploads\/2019\/11\/Antella-768x576.jpg"},"large":{"file":"Antella-1024x768.jpg","width":1024,"height":768,"mime_type":"image\/jpeg","source_url":"https:\/\/www.tucomarca.com\/wordpress\/segunda\/wp-content\/uploads\/2019\/11\/Antella-1024x768.jpg"},"mh-magazine-slider":{"file":"Antella-1030x438.jpg","width":1030,"height":438,"mime_type":"image\/jpeg","source_url":"https:\/\/www.tucomarca.com\/wordpress\/segunda\/wp-content\/uploads\/2019\/11\/Antella-1030x438.jpg"},"mh-magazine-content":{"file":"Antella-678x381.jpg","width":678,"height":381,"mime_type":"image\/jpeg","source_url":"https:\/\/www.tucomarca.com\/wordpress\/segunda\/wp-content\/uploads\/2019\/11\/Antella-678x381.jpg"},"mh-magazine-large":{"file":"Antella-678x509.jpg","width":678,"height":509,"mime_type":"image\/jpeg","source_url":"https:\/\/www.tucomarca.com\/wordpress\/segunda\/wp-content\/uploads\/2019\/11\/Antella-678x509.jpg"},"mh-magazine-medium":{"file":"Antella-326x245.jpg","width":326,"height":245,"mime_type":"image\/jpeg","source_url":"https:\/\/www.tucomarca.com\/wordpress\/segunda\/wp-content\/uploads\/2019\/11\/Antella-326x245.jpg"},"mh-magazine-small":{"file":"Antella-80x60.jpg","width":80,"height":60,"mime_type":"image\/jpeg","source_url":"https:\/\/www.tucomarca.com\/wordpress\/segunda\/wp-content\/uploads\/2019\/11\/Antella-80x60.jpg"},"full":{"file":"Antella.jpg","width":4032,"height":3024,"mime_type":"image\/jpeg","source_url":"https:\/\/www.tucomarca.com\/wordpress\/segunda\/wp-content\/uploads\/2019\/11\/Antella.jpg"}},"image_meta":{"aperture":"1.8","credit":"","camera":"iPhone XR","caption":"","created_timestamp":"1572870129","copyright":"","focal_length":"4.25","iso":"25","shutter_speed":"0.00091911764705882","title":"","orientation":"0","keywords":[]}},"post":95290,"source_url":"https:\/\/www.tucomarca.com\/wordpress\/segunda\/wp-content\/uploads\/2019\/11\/Antella.jpg","_links":{"self":[{"href":"https:\/\/www.tucomarca.com\/wordpress\/segunda\/ca\/wp-json\/wp\/v2\/media\/95288","targetHints":{"allow":["GET"]}}],"collection":[{"href":"https:\/\/www.tucomarca.com\/wordpress\/segunda\/ca\/wp-json\/wp\/v2\/media"}],"about":[{"href":"https:\/\/www.tucomarca.com\/wordpress\/segunda\/ca\/wp-json\/wp\/v2\/types\/attachment"}],"author":[{"embeddable":true,"href":"https:\/\/www.tucomarca.com\/wordpress\/segunda\/ca\/wp-json\/wp\/v2\/users\/1"}],"replies":[{"embeddable":true,"href":"https:\/\/www.tucomarca.com\/wordpress\/segunda\/ca\/wp-json\/wp\/v2\/comments?post=95288"}],"wp:attached-to":[{"embeddable":true,"post_type":"post","id":95290,"href":"https:\/\/www.tucomarca.com\/wordpress\/segunda\/ca\/wp-json\/wp\/v2\/posts\/95290"}],"curies":[{"name":"wp","href":"https:\/\/api.w.org\/{rel}","templated":true}]}}

<p class="attachment"><a href='https://www.tucomarca.com/wordpress/segunda/wp-content/uploads/2019/11/Antella.jpg'><img loading="lazy" decoding="async" width="300" height="225" src="https://www.tucomarca.com/wordpress/segunda/wp-content/uploads/2019/11/Antella-300x225.jpg" class="attachment-medium size-medium" alt="Paula Tuzón destaca la importancia de los parajes naturales municipales como espacios clave para la adaptación y mitigación al cambio climático." srcset="https://www.tucomarca.com/wordpress/segunda/wp-content/uploads/2019/11/Antella-300x225.jpg 300w, https://www.tucomarca.com/wordpress/segunda/wp-content/uploads/2019/11/Antella-768x576.jpg 768w, https://www.tucomarca.com/wordpress/segunda/wp-content/uploads/2019/11/Antella-1024x768.jpg 1024w, https://www.tucomarca.com/wordpress/segunda/wp-content/uploads/2019/11/Antella-678x509.jpg 678w, https://www.tucomarca.com/wordpress/segunda/wp-content/uploads/2019/11/Antella-326x245.jpg 326w, https://www.tucomarca.com/wordpress/segunda/wp-content/uploads/2019/11/Antella-80x60.jpg 80w" sizes="auto, (max-width: 300px) 100vw, 300px" /></a></p>
<p>Paula Tuzón destaca la importancia de los parajes naturales municipales como espacios clave para la adaptación y mitigación al cambio climático.</p>

<div class="mh-excerpt">Paula Tuzón destaca la importancia de los parajes naturales municipales como espacios clave para la adaptación y mitigación al cambio climático.</div>
<p> <a class="mh-excerpt-more" href="https://www.tucomarca.com/wordpress/segunda/ca/paula-tuzon-destaca-a-antella-la-importancia-dels-paratges-naturals-municipals-com-a-espais-clau-per-a-ladaptacio-i-mitigacio-de-el-canvi-climatic/antella-2/" title="Antella">[+] </a></p>

Paula Tuzón destaca la importancia de los parajes naturales municipales como espacios clave para la adaptación y mitigación al cambio climático.
