{"id":95633,"date":"2019-11-12T12:38:19","date_gmt":"2019-11-12T10:38:19","guid":{"rendered":"http:\/\/www.tucomarca.com\/wordpress\/segunda\/wp-content\/uploads\/2019\/11\/04ventas.jpg"},"modified":"2019-11-12T12:39:49","modified_gmt":"2019-11-12T10:39:49","slug":"04ventas-2","status":"inherit","type":"attachment","link":"https:\/\/www.tucomarca.com\/wordpress\/segunda\/ca\/fotogaleria-la-falla-ventas-de-bunyol-dona-a-coneixer-als-que-seran-els-seus-representants-infantils-per-al-2020\/04ventas-2\/","title":{"rendered":"04ventas"},"author":12,"featured_media":0,"comment_status":"open","ping_status":"closed","template":"","meta":[],"class_list":["post-95633","attachment","type-attachment","status-inherit"],"description":{"rendered":"<p class=\"attachment\"><a href='https:\/\/www.tucomarca.com\/wordpress\/segunda\/wp-content\/uploads\/2019\/11\/04ventas.jpg'><img loading=\"lazy\" decoding=\"async\" width=\"300\" height=\"201\" src=\"https:\/\/www.tucomarca.com\/wordpress\/segunda\/wp-content\/uploads\/2019\/11\/04ventas-300x201.jpg\" class=\"attachment-medium size-medium\" alt=\"Estela L\u00f3pez Pall\u00e1s y Lu\u00eds L\u00f3pez Ferrer ser\u00e1n los representantes de la Comisi\u00f3n Infantil para el a\u00f1o 2020.\" srcset=\"https:\/\/www.tucomarca.com\/wordpress\/segunda\/wp-content\/uploads\/2019\/11\/04ventas-300x201.jpg 300w, https:\/\/www.tucomarca.com\/wordpress\/segunda\/wp-content\/uploads\/2019\/11\/04ventas-768x516.jpg 768w, https:\/\/www.tucomarca.com\/wordpress\/segunda\/wp-content\/uploads\/2019\/11\/04ventas.jpg 965w\" sizes=\"auto, (max-width: 300px) 100vw, 300px\" \/><\/a><\/p>\n<p>Estela L\u00f3pez Pall\u00e1s y Lu\u00eds L\u00f3pez Ferrer ser\u00e1n los representantes de la Comisi\u00f3n Infantil para el a\u00f1o 2020.<\/p>\n"},"caption":{"rendered":"<div class=\"mh-excerpt\">Estela L\u00f3pez Pall\u00e1s y Lu\u00eds L\u00f3pez Ferrer ser\u00e1n los representantes de la Comisi\u00f3n Infantil para el a\u00f1o 2020.<\/div>\n<p> <a class=\"mh-excerpt-more\" href=\"https:\/\/www.tucomarca.com\/wordpress\/segunda\/ca\/fotogaleria-la-falla-ventas-de-bunyol-dona-a-coneixer-als-que-seran-els-seus-representants-infantils-per-al-2020\/04ventas-2\/\" title=\"04ventas\">[+] <\/a><\/p>\n"},"alt_text":"Estela L\u00f3pez Pall\u00e1s y Lu\u00eds L\u00f3pez Ferrer ser\u00e1n los representantes de la Comisi\u00f3n Infantil para el a\u00f1o 2020.","media_type":"image","mime_type":"image\/jpeg","media_details":{"width":965,"height":648,"file":"2019\/11\/04ventas.jpg","sizes":{"thumbnail":{"file":"04ventas-290x290.jpg","width":290,"height":290,"mime_type":"image\/jpeg","source_url":"https:\/\/www.tucomarca.com\/wordpress\/segunda\/wp-content\/uploads\/2019\/11\/04ventas-290x290.jpg"},"medium":{"file":"04ventas-300x201.jpg","width":300,"height":201,"mime_type":"image\/jpeg","source_url":"https:\/\/www.tucomarca.com\/wordpress\/segunda\/wp-content\/uploads\/2019\/11\/04ventas-300x201.jpg"},"medium_large":{"file":"04ventas-768x516.jpg","width":768,"height":516,"mime_type":"image\/jpeg","source_url":"https:\/\/www.tucomarca.com\/wordpress\/segunda\/wp-content\/uploads\/2019\/11\/04ventas-768x516.jpg"},"mh-magazine-slider":{"file":"04ventas-965x438.jpg","width":965,"height":438,"mime_type":"image\/jpeg","source_url":"https:\/\/www.tucomarca.com\/wordpress\/segunda\/wp-content\/uploads\/2019\/11\/04ventas-965x438.jpg"},"mh-magazine-content":{"file":"04ventas-678x381.jpg","width":678,"height":381,"mime_type":"image\/jpeg","source_url":"https:\/\/www.tucomarca.com\/wordpress\/segunda\/wp-content\/uploads\/2019\/11\/04ventas-678x381.jpg"},"mh-magazine-large":{"file":"04ventas-678x509.jpg","width":678,"height":509,"mime_type":"image\/jpeg","source_url":"https:\/\/www.tucomarca.com\/wordpress\/segunda\/wp-content\/uploads\/2019\/11\/04ventas-678x509.jpg"},"mh-magazine-medium":{"file":"04ventas-326x245.jpg","width":326,"height":245,"mime_type":"image\/jpeg","source_url":"https:\/\/www.tucomarca.com\/wordpress\/segunda\/wp-content\/uploads\/2019\/11\/04ventas-326x245.jpg"},"mh-magazine-small":{"file":"04ventas-80x60.jpg","width":80,"height":60,"mime_type":"image\/jpeg","source_url":"https:\/\/www.tucomarca.com\/wordpress\/segunda\/wp-content\/uploads\/2019\/11\/04ventas-80x60.jpg"},"full":{"file":"04ventas.jpg","width":965,"height":648,"mime_type":"image\/jpeg","source_url":"https:\/\/www.tucomarca.com\/wordpress\/segunda\/wp-content\/uploads\/2019\/11\/04ventas.jpg"}},"image_meta":{"aperture":"4.8","credit":"","camera":"NIKON D60","caption":"","created_timestamp":"1573411618","copyright":"","focal_length":"44","iso":"800","shutter_speed":"0.016666666666667","title":"","orientation":"1","keywords":[]}},"post":95649,"source_url":"https:\/\/www.tucomarca.com\/wordpress\/segunda\/wp-content\/uploads\/2019\/11\/04ventas.jpg","_links":{"self":[{"href":"https:\/\/www.tucomarca.com\/wordpress\/segunda\/ca\/wp-json\/wp\/v2\/media\/95633","targetHints":{"allow":["GET"]}}],"collection":[{"href":"https:\/\/www.tucomarca.com\/wordpress\/segunda\/ca\/wp-json\/wp\/v2\/media"}],"about":[{"href":"https:\/\/www.tucomarca.com\/wordpress\/segunda\/ca\/wp-json\/wp\/v2\/types\/attachment"}],"author":[{"embeddable":true,"href":"https:\/\/www.tucomarca.com\/wordpress\/segunda\/ca\/wp-json\/wp\/v2\/users\/12"}],"replies":[{"embeddable":true,"href":"https:\/\/www.tucomarca.com\/wordpress\/segunda\/ca\/wp-json\/wp\/v2\/comments?post=95633"}],"wp:attached-to":[{"embeddable":true,"post_type":"post","id":95649,"href":"https:\/\/www.tucomarca.com\/wordpress\/segunda\/ca\/wp-json\/wp\/v2\/posts\/95649"}],"curies":[{"name":"wp","href":"https:\/\/api.w.org\/{rel}","templated":true}]}}

<p class="attachment"><a href='https://www.tucomarca.com/wordpress/segunda/wp-content/uploads/2019/11/04ventas.jpg'><img loading="lazy" decoding="async" width="300" height="201" src="https://www.tucomarca.com/wordpress/segunda/wp-content/uploads/2019/11/04ventas-300x201.jpg" class="attachment-medium size-medium" alt="Estela López Pallás y Luís López Ferrer serán los representantes de la Comisión Infantil para el año 2020." srcset="https://www.tucomarca.com/wordpress/segunda/wp-content/uploads/2019/11/04ventas-300x201.jpg 300w, https://www.tucomarca.com/wordpress/segunda/wp-content/uploads/2019/11/04ventas-768x516.jpg 768w, https://www.tucomarca.com/wordpress/segunda/wp-content/uploads/2019/11/04ventas.jpg 965w" sizes="auto, (max-width: 300px) 100vw, 300px" /></a></p>
<p>Estela López Pallás y Luís López Ferrer serán los representantes de la Comisión Infantil para el año 2020.</p>

<div class="mh-excerpt">Estela López Pallás y Luís López Ferrer serán los representantes de la Comisión Infantil para el año 2020.</div>
<p> <a class="mh-excerpt-more" href="https://www.tucomarca.com/wordpress/segunda/ca/fotogaleria-la-falla-ventas-de-bunyol-dona-a-coneixer-als-que-seran-els-seus-representants-infantils-per-al-2020/04ventas-2/" title="04ventas">[+] </a></p>

Estela López Pallás y Luís López Ferrer serán los representantes de la Comisión Infantil para el año 2020.
