{"id":95673,"date":"2019-11-13T11:09:44","date_gmt":"2019-11-13T09:09:44","guid":{"rendered":"http:\/\/www.tucomarca.com\/wordpress\/segunda\/wp-content\/uploads\/2019\/11\/ACICOM.jpg"},"modified":"2019-11-13T11:15:41","modified_gmt":"2019-11-13T09:15:41","slug":"acicom-2","status":"inherit","type":"attachment","link":"https:\/\/www.tucomarca.com\/wordpress\/segunda\/ca\/la-biblioteca-publica-de-bunyol-projecta-dos-documentals-sobre-la-memoria-historica-dins-el-v-festival-cinema-ciutada-compromes-de-acicom\/acicom-2\/","title":{"rendered":"ACICOM"},"author":12,"featured_media":0,"comment_status":"open","ping_status":"closed","template":"","meta":[],"class_list":["post-95673","attachment","type-attachment","status-inherit"],"description":{"rendered":"<p class=\"attachment\"><a href='https:\/\/www.tucomarca.com\/wordpress\/segunda\/wp-content\/uploads\/2019\/11\/ACICOM.jpg'><img loading=\"lazy\" decoding=\"async\" width=\"300\" height=\"300\" src=\"https:\/\/www.tucomarca.com\/wordpress\/segunda\/wp-content\/uploads\/2019\/11\/ACICOM-300x300.jpg\" class=\"attachment-medium size-medium\" alt=\"La Biblioteca P\u00fablica Municipal de Bu\u00f1ol &quot;Cronista Fernando Galarza&quot; forma parte del V Festival Cinema Ciutad\u00e0 Comprom\u00e9s de ACICOM.\" srcset=\"https:\/\/www.tucomarca.com\/wordpress\/segunda\/wp-content\/uploads\/2019\/11\/ACICOM-300x300.jpg 300w, https:\/\/www.tucomarca.com\/wordpress\/segunda\/wp-content\/uploads\/2019\/11\/ACICOM-290x290.jpg 290w, https:\/\/www.tucomarca.com\/wordpress\/segunda\/wp-content\/uploads\/2019\/11\/ACICOM-768x768.jpg 768w, https:\/\/www.tucomarca.com\/wordpress\/segunda\/wp-content\/uploads\/2019\/11\/ACICOM.jpg 800w\" sizes=\"auto, (max-width: 300px) 100vw, 300px\" \/><\/a><\/p>\n<p>La Biblioteca P\u00fablica Municipal de Bu\u00f1ol &#8220;Cronista Fernando Galarza&#8221; forma parte del V Festival Cinema Ciutad\u00e0 Comprom\u00e9s de ACICOM.<\/p>\n"},"caption":{"rendered":"<div class=\"mh-excerpt\">La Biblioteca P\u00fablica Municipal de Bu\u00f1ol &#8220;Cronista Fernando Galarza&#8221; forma parte del V Festival Cinema Ciutad\u00e0 Comprom\u00e9s de ACICOM.<\/div>\n<p> <a class=\"mh-excerpt-more\" href=\"https:\/\/www.tucomarca.com\/wordpress\/segunda\/ca\/la-biblioteca-publica-de-bunyol-projecta-dos-documentals-sobre-la-memoria-historica-dins-el-v-festival-cinema-ciutada-compromes-de-acicom\/acicom-2\/\" title=\"ACICOM\">[+] <\/a><\/p>\n"},"alt_text":"La Biblioteca P\u00fablica Municipal de Bu\u00f1ol \"Cronista Fernando Galarza\" forma parte del V Festival Cinema Ciutad\u00e0 Comprom\u00e9s de ACICOM.","media_type":"image","mime_type":"image\/jpeg","media_details":{"width":800,"height":800,"file":"2019\/11\/ACICOM.jpg","sizes":{"thumbnail":{"file":"ACICOM-290x290.jpg","width":290,"height":290,"mime_type":"image\/jpeg","source_url":"https:\/\/www.tucomarca.com\/wordpress\/segunda\/wp-content\/uploads\/2019\/11\/ACICOM-290x290.jpg"},"medium":{"file":"ACICOM-300x300.jpg","width":300,"height":300,"mime_type":"image\/jpeg","source_url":"https:\/\/www.tucomarca.com\/wordpress\/segunda\/wp-content\/uploads\/2019\/11\/ACICOM-300x300.jpg"},"medium_large":{"file":"ACICOM-768x768.jpg","width":768,"height":768,"mime_type":"image\/jpeg","source_url":"https:\/\/www.tucomarca.com\/wordpress\/segunda\/wp-content\/uploads\/2019\/11\/ACICOM-768x768.jpg"},"mh-magazine-slider":{"file":"ACICOM-800x438.jpg","width":800,"height":438,"mime_type":"image\/jpeg","source_url":"https:\/\/www.tucomarca.com\/wordpress\/segunda\/wp-content\/uploads\/2019\/11\/ACICOM-800x438.jpg"},"mh-magazine-content":{"file":"ACICOM-678x381.jpg","width":678,"height":381,"mime_type":"image\/jpeg","source_url":"https:\/\/www.tucomarca.com\/wordpress\/segunda\/wp-content\/uploads\/2019\/11\/ACICOM-678x381.jpg"},"mh-magazine-large":{"file":"ACICOM-678x509.jpg","width":678,"height":509,"mime_type":"image\/jpeg","source_url":"https:\/\/www.tucomarca.com\/wordpress\/segunda\/wp-content\/uploads\/2019\/11\/ACICOM-678x509.jpg"},"mh-magazine-medium":{"file":"ACICOM-326x245.jpg","width":326,"height":245,"mime_type":"image\/jpeg","source_url":"https:\/\/www.tucomarca.com\/wordpress\/segunda\/wp-content\/uploads\/2019\/11\/ACICOM-326x245.jpg"},"mh-magazine-small":{"file":"ACICOM-80x60.jpg","width":80,"height":60,"mime_type":"image\/jpeg","source_url":"https:\/\/www.tucomarca.com\/wordpress\/segunda\/wp-content\/uploads\/2019\/11\/ACICOM-80x60.jpg"},"full":{"file":"ACICOM.jpg","width":800,"height":800,"mime_type":"image\/jpeg","source_url":"https:\/\/www.tucomarca.com\/wordpress\/segunda\/wp-content\/uploads\/2019\/11\/ACICOM.jpg"}},"image_meta":{"aperture":"0","credit":"","camera":"","caption":"","created_timestamp":"0","copyright":"","focal_length":"0","iso":"0","shutter_speed":"0","title":"","orientation":"1","keywords":[]}},"post":95674,"source_url":"https:\/\/www.tucomarca.com\/wordpress\/segunda\/wp-content\/uploads\/2019\/11\/ACICOM.jpg","_links":{"self":[{"href":"https:\/\/www.tucomarca.com\/wordpress\/segunda\/ca\/wp-json\/wp\/v2\/media\/95673","targetHints":{"allow":["GET"]}}],"collection":[{"href":"https:\/\/www.tucomarca.com\/wordpress\/segunda\/ca\/wp-json\/wp\/v2\/media"}],"about":[{"href":"https:\/\/www.tucomarca.com\/wordpress\/segunda\/ca\/wp-json\/wp\/v2\/types\/attachment"}],"author":[{"embeddable":true,"href":"https:\/\/www.tucomarca.com\/wordpress\/segunda\/ca\/wp-json\/wp\/v2\/users\/12"}],"replies":[{"embeddable":true,"href":"https:\/\/www.tucomarca.com\/wordpress\/segunda\/ca\/wp-json\/wp\/v2\/comments?post=95673"}],"wp:attached-to":[{"embeddable":true,"post_type":"post","id":95674,"href":"https:\/\/www.tucomarca.com\/wordpress\/segunda\/ca\/wp-json\/wp\/v2\/posts\/95674"}],"curies":[{"name":"wp","href":"https:\/\/api.w.org\/{rel}","templated":true}]}}

<p class="attachment"><a href='https://www.tucomarca.com/wordpress/segunda/wp-content/uploads/2019/11/ACICOM.jpg'><img loading="lazy" decoding="async" width="300" height="300" src="https://www.tucomarca.com/wordpress/segunda/wp-content/uploads/2019/11/ACICOM-300x300.jpg" class="attachment-medium size-medium" alt="La Biblioteca Pública Municipal de Buñol &quot;Cronista Fernando Galarza&quot; forma parte del V Festival Cinema Ciutadà Compromés de ACICOM." srcset="https://www.tucomarca.com/wordpress/segunda/wp-content/uploads/2019/11/ACICOM-300x300.jpg 300w, https://www.tucomarca.com/wordpress/segunda/wp-content/uploads/2019/11/ACICOM-290x290.jpg 290w, https://www.tucomarca.com/wordpress/segunda/wp-content/uploads/2019/11/ACICOM-768x768.jpg 768w, https://www.tucomarca.com/wordpress/segunda/wp-content/uploads/2019/11/ACICOM.jpg 800w" sizes="auto, (max-width: 300px) 100vw, 300px" /></a></p>
<p>La Biblioteca Pública Municipal de Buñol &#8220;Cronista Fernando Galarza&#8221; forma parte del V Festival Cinema Ciutadà Compromés de ACICOM.</p>

<div class="mh-excerpt">La Biblioteca Pública Municipal de Buñol &#8220;Cronista Fernando Galarza&#8221; forma parte del V Festival Cinema Ciutadà Compromés de ACICOM.</div>
<p> <a class="mh-excerpt-more" href="https://www.tucomarca.com/wordpress/segunda/ca/la-biblioteca-publica-de-bunyol-projecta-dos-documentals-sobre-la-memoria-historica-dins-el-v-festival-cinema-ciutada-compromes-de-acicom/acicom-2/" title="ACICOM">[+] </a></p>

La Biblioteca Pública Municipal de Buñol "Cronista Fernando Galarza" forma parte del V Festival Cinema Ciutadà Compromés de ACICOM.
