{"id":99136,"date":"2020-02-03T23:08:21","date_gmt":"2020-02-03T21:08:21","guid":{"rendered":"http:\/\/www.tucomarca.com\/wordpress\/segunda\/wp-content\/uploads\/2020\/02\/IIIMermoriaHistoricaIES.jpg"},"modified":"2020-02-03T23:09:36","modified_gmt":"2020-02-03T21:09:36","slug":"iiimermoriahistoricaies-2","status":"inherit","type":"attachment","link":"https:\/\/www.tucomarca.com\/wordpress\/segunda\/ca\/iii-concurs-per-la-memoria-historica-de-lies-la-foia-de-bunyol\/iiimermoriahistoricaies-2\/","title":{"rendered":"IIIMermoriaHistoricaIES"},"author":12,"featured_media":0,"comment_status":"open","ping_status":"closed","template":"","meta":[],"class_list":["post-99136","attachment","type-attachment","status-inherit"],"description":{"rendered":"<p class=\"attachment\"><a href='https:\/\/www.tucomarca.com\/wordpress\/segunda\/wp-content\/uploads\/2020\/02\/IIIMermoriaHistoricaIES.jpg'><img loading=\"lazy\" decoding=\"async\" width=\"210\" height=\"300\" src=\"https:\/\/www.tucomarca.com\/wordpress\/segunda\/wp-content\/uploads\/2020\/02\/IIIMermoriaHistoricaIES-210x300.jpg\" class=\"attachment-medium size-medium\" alt=\"El pr\u00f3ximo jueves 6 de febrero tendr\u00e1 lugar el acto p\u00fablico que da conclusi\u00f3n al III Concurso por la Memoria Hist\u00f3rica que organiza el IES La Hoya de Bu\u00f1ol.\" srcset=\"https:\/\/www.tucomarca.com\/wordpress\/segunda\/wp-content\/uploads\/2020\/02\/IIIMermoriaHistoricaIES-210x300.jpg 210w, https:\/\/www.tucomarca.com\/wordpress\/segunda\/wp-content\/uploads\/2020\/02\/IIIMermoriaHistoricaIES.jpg 591w\" sizes=\"auto, (max-width: 210px) 100vw, 210px\" \/><\/a><\/p>\n<p>El pr\u00f3ximo jueves 6 de febrero tendr\u00e1 lugar el acto p\u00fablico que da conclusi\u00f3n al III Concurso por la Memoria Hist\u00f3rica que organiza el IES La Hoya de Bu\u00f1ol.<\/p>\n"},"caption":{"rendered":"<div class=\"mh-excerpt\">El pr\u00f3ximo jueves 6 de febrero tendr\u00e1 lugar el acto p\u00fablico que da conclusi\u00f3n al III Concurso por la Memoria Hist\u00f3rica que organiza el IES La Hoya de Bu\u00f1ol.<\/div>\n<p> <a class=\"mh-excerpt-more\" href=\"https:\/\/www.tucomarca.com\/wordpress\/segunda\/ca\/iii-concurs-per-la-memoria-historica-de-lies-la-foia-de-bunyol\/iiimermoriahistoricaies-2\/\" title=\"IIIMermoriaHistoricaIES\">[+] <\/a><\/p>\n"},"alt_text":"El pr\u00f3ximo jueves 6 de febrero tendr\u00e1 lugar el acto p\u00fablico que da conclusi\u00f3n al III Concurso por la Memoria Hist\u00f3rica que organiza el IES La Hoya de Bu\u00f1ol.","media_type":"image","mime_type":"image\/jpeg","media_details":{"width":591,"height":844,"file":"2020\/02\/IIIMermoriaHistoricaIES.jpg","sizes":{"thumbnail":{"file":"IIIMermoriaHistoricaIES-290x290.jpg","width":290,"height":290,"mime_type":"image\/jpeg","source_url":"https:\/\/www.tucomarca.com\/wordpress\/segunda\/wp-content\/uploads\/2020\/02\/IIIMermoriaHistoricaIES-290x290.jpg"},"medium":{"file":"IIIMermoriaHistoricaIES-210x300.jpg","width":210,"height":300,"mime_type":"image\/jpeg","source_url":"https:\/\/www.tucomarca.com\/wordpress\/segunda\/wp-content\/uploads\/2020\/02\/IIIMermoriaHistoricaIES-210x300.jpg"},"mh-magazine-slider":{"file":"IIIMermoriaHistoricaIES-591x438.jpg","width":591,"height":438,"mime_type":"image\/jpeg","source_url":"https:\/\/www.tucomarca.com\/wordpress\/segunda\/wp-content\/uploads\/2020\/02\/IIIMermoriaHistoricaIES-591x438.jpg"},"mh-magazine-content":{"file":"IIIMermoriaHistoricaIES-591x381.jpg","width":591,"height":381,"mime_type":"image\/jpeg","source_url":"https:\/\/www.tucomarca.com\/wordpress\/segunda\/wp-content\/uploads\/2020\/02\/IIIMermoriaHistoricaIES-591x381.jpg"},"mh-magazine-large":{"file":"IIIMermoriaHistoricaIES-591x509.jpg","width":591,"height":509,"mime_type":"image\/jpeg","source_url":"https:\/\/www.tucomarca.com\/wordpress\/segunda\/wp-content\/uploads\/2020\/02\/IIIMermoriaHistoricaIES-591x509.jpg"},"mh-magazine-medium":{"file":"IIIMermoriaHistoricaIES-326x245.jpg","width":326,"height":245,"mime_type":"image\/jpeg","source_url":"https:\/\/www.tucomarca.com\/wordpress\/segunda\/wp-content\/uploads\/2020\/02\/IIIMermoriaHistoricaIES-326x245.jpg"},"mh-magazine-small":{"file":"IIIMermoriaHistoricaIES-80x60.jpg","width":80,"height":60,"mime_type":"image\/jpeg","source_url":"https:\/\/www.tucomarca.com\/wordpress\/segunda\/wp-content\/uploads\/2020\/02\/IIIMermoriaHistoricaIES-80x60.jpg"},"full":{"file":"IIIMermoriaHistoricaIES.jpg","width":591,"height":844,"mime_type":"image\/jpeg","source_url":"https:\/\/www.tucomarca.com\/wordpress\/segunda\/wp-content\/uploads\/2020\/02\/IIIMermoriaHistoricaIES.jpg"}},"image_meta":{"aperture":"0","credit":"","camera":"","caption":"","created_timestamp":"0","copyright":"","focal_length":"0","iso":"0","shutter_speed":"0","title":"","orientation":"1","keywords":[]}},"post":99137,"source_url":"https:\/\/www.tucomarca.com\/wordpress\/segunda\/wp-content\/uploads\/2020\/02\/IIIMermoriaHistoricaIES.jpg","_links":{"self":[{"href":"https:\/\/www.tucomarca.com\/wordpress\/segunda\/ca\/wp-json\/wp\/v2\/media\/99136","targetHints":{"allow":["GET"]}}],"collection":[{"href":"https:\/\/www.tucomarca.com\/wordpress\/segunda\/ca\/wp-json\/wp\/v2\/media"}],"about":[{"href":"https:\/\/www.tucomarca.com\/wordpress\/segunda\/ca\/wp-json\/wp\/v2\/types\/attachment"}],"author":[{"embeddable":true,"href":"https:\/\/www.tucomarca.com\/wordpress\/segunda\/ca\/wp-json\/wp\/v2\/users\/12"}],"replies":[{"embeddable":true,"href":"https:\/\/www.tucomarca.com\/wordpress\/segunda\/ca\/wp-json\/wp\/v2\/comments?post=99136"}],"wp:attached-to":[{"embeddable":true,"post_type":"post","id":99137,"href":"https:\/\/www.tucomarca.com\/wordpress\/segunda\/ca\/wp-json\/wp\/v2\/posts\/99137"}],"curies":[{"name":"wp","href":"https:\/\/api.w.org\/{rel}","templated":true}]}}

<p class="attachment"><a href='https://www.tucomarca.com/wordpress/segunda/wp-content/uploads/2020/02/IIIMermoriaHistoricaIES.jpg'><img loading="lazy" decoding="async" width="210" height="300" src="https://www.tucomarca.com/wordpress/segunda/wp-content/uploads/2020/02/IIIMermoriaHistoricaIES-210x300.jpg" class="attachment-medium size-medium" alt="El próximo jueves 6 de febrero tendrá lugar el acto público que da conclusión al III Concurso por la Memoria Histórica que organiza el IES La Hoya de Buñol." srcset="https://www.tucomarca.com/wordpress/segunda/wp-content/uploads/2020/02/IIIMermoriaHistoricaIES-210x300.jpg 210w, https://www.tucomarca.com/wordpress/segunda/wp-content/uploads/2020/02/IIIMermoriaHistoricaIES.jpg 591w" sizes="auto, (max-width: 210px) 100vw, 210px" /></a></p>
<p>El próximo jueves 6 de febrero tendrá lugar el acto público que da conclusión al III Concurso por la Memoria Histórica que organiza el IES La Hoya de Buñol.</p>

<div class="mh-excerpt">El próximo jueves 6 de febrero tendrá lugar el acto público que da conclusión al III Concurso por la Memoria Histórica que organiza el IES La Hoya de Buñol.</div>
<p> <a class="mh-excerpt-more" href="https://www.tucomarca.com/wordpress/segunda/ca/iii-concurs-per-la-memoria-historica-de-lies-la-foia-de-bunyol/iiimermoriahistoricaies-2/" title="IIIMermoriaHistoricaIES">[+] </a></p>

El próximo jueves 6 de febrero tendrá lugar el acto público que da conclusión al III Concurso por la Memoria Histórica que organiza el IES La Hoya de Buñol.
