{"id":12502,"date":"2013-03-17T11:07:13","date_gmt":"2013-03-17T10:07:13","guid":{"rendered":"http:\/\/www.tucomarca.com\/wordpress\/segunda\/wp-content\/uploads\/2013\/03\/PAlbertQuesa.jpg"},"modified":"2013-03-17T11:07:13","modified_gmt":"2013-03-17T10:07:13","slug":"palbertquesa","status":"inherit","type":"attachment","link":"https:\/\/www.tucomarca.com\/wordpress\/segunda\/pilar-albert-mantiene-una-reunion-de-trabajo-con-el-alcalde-de-quesa\/palbertquesa\/","title":{"rendered":"PAlbertQuesa"},"author":1,"featured_media":0,"comment_status":"open","ping_status":"open","template":"","meta":[],"class_list":["post-12502","attachment","type-attachment","status-inherit"],"description":{"rendered":"<p class=\"attachment\"><a href='https:\/\/www.tucomarca.com\/wordpress\/segunda\/wp-content\/uploads\/2013\/03\/PAlbertQuesa.jpg'><img loading=\"lazy\" decoding=\"async\" width=\"300\" height=\"200\" src=\"https:\/\/www.tucomarca.com\/wordpress\/segunda\/wp-content\/uploads\/2013\/03\/PAlbertQuesa-300x200.jpg\" class=\"attachment-medium size-medium\" alt=\"Durante la reuni\u00f3n han abordado los recursos sociales del municipio as\u00ed como las posibles v\u00edas de colaboraci\u00f3n.\" srcset=\"https:\/\/www.tucomarca.com\/wordpress\/segunda\/wp-content\/uploads\/2013\/03\/PAlbertQuesa-300x200.jpg 300w, https:\/\/www.tucomarca.com\/wordpress\/segunda\/wp-content\/uploads\/2013\/03\/PAlbertQuesa-1024x682.jpg 1024w\" sizes=\"auto, (max-width: 300px) 100vw, 300px\" \/><\/a><\/p>\n<p>Durante la reuni\u00f3n han abordado los recursos sociales del municipio as\u00ed como las posibles v\u00edas de colaboraci\u00f3n.<\/p>\n"},"caption":{"rendered":"<div class=\"mh-excerpt\">Durante la reuni\u00f3n han abordado los recursos sociales del municipio as\u00ed como las posibles v\u00edas de colaboraci\u00f3n.<\/div>\n<p> <a class=\"mh-excerpt-more\" href=\"https:\/\/www.tucomarca.com\/wordpress\/segunda\/pilar-albert-mantiene-una-reunion-de-trabajo-con-el-alcalde-de-quesa\/palbertquesa\/\" title=\"PAlbertQuesa\">[+] <\/a><\/p>\n"},"alt_text":"Durante la reuni\u00f3n han abordado los recursos sociales del municipio as\u00ed como las posibles v\u00edas de colaboraci\u00f3n.","media_type":"image","mime_type":"image\/jpeg","media_details":{"width":"4608","height":"3072","hwstring_small":"height='85' width='128'","file":"2013\/03\/PAlbertQuesa.jpg","sizes":{"thumbnail":{"file":"PAlbertQuesa-290x290.jpg","width":"290","height":"290","source_url":"https:\/\/www.tucomarca.com\/wordpress\/segunda\/wp-content\/uploads\/2013\/03\/PAlbertQuesa-290x290.jpg"},"medium":{"file":"PAlbertQuesa-300x200.jpg","width":"300","height":"200","source_url":"https:\/\/www.tucomarca.com\/wordpress\/segunda\/wp-content\/uploads\/2013\/03\/PAlbertQuesa-300x200.jpg"},"large":{"file":"PAlbertQuesa-1024x682.jpg","width":"1024","height":"682","source_url":"https:\/\/www.tucomarca.com\/wordpress\/segunda\/wp-content\/uploads\/2013\/03\/PAlbertQuesa-1024x682.jpg"},"post-thumbnail":{"file":"PAlbertQuesa-50x50.jpg","width":"50","height":"50","source_url":"https:\/\/www.tucomarca.com\/wordpress\/segunda\/wp-content\/uploads\/2013\/03\/PAlbertQuesa-50x50.jpg"},"gabfire":{"file":"PAlbertQuesa-1024x682.jpg","width":"1024","height":"682","source_url":"https:\/\/www.tucomarca.com\/wordpress\/segunda\/wp-content\/uploads\/2013\/03\/PAlbertQuesa-1024x682.jpg"},"full":{"file":"PAlbertQuesa.jpg","width":4608,"height":3072,"mime_type":"image\/jpeg","source_url":"https:\/\/www.tucomarca.com\/wordpress\/segunda\/wp-content\/uploads\/2013\/03\/PAlbertQuesa.jpg"}},"image_meta":{"aperture":"3.5","credit":"","camera":"NIKON D3100","caption":"","created_timestamp":"1363272841","copyright":"","focal_length":"18","iso":"500","shutter_speed":"0.016666666666667","title":""}},"post":12501,"source_url":"https:\/\/www.tucomarca.com\/wordpress\/segunda\/wp-content\/uploads\/2013\/03\/PAlbertQuesa.jpg","_links":{"self":[{"href":"https:\/\/www.tucomarca.com\/wordpress\/segunda\/wp-json\/wp\/v2\/media\/12502","targetHints":{"allow":["GET"]}}],"collection":[{"href":"https:\/\/www.tucomarca.com\/wordpress\/segunda\/wp-json\/wp\/v2\/media"}],"about":[{"href":"https:\/\/www.tucomarca.com\/wordpress\/segunda\/wp-json\/wp\/v2\/types\/attachment"}],"author":[{"embeddable":true,"href":"https:\/\/www.tucomarca.com\/wordpress\/segunda\/wp-json\/wp\/v2\/users\/1"}],"replies":[{"embeddable":true,"href":"https:\/\/www.tucomarca.com\/wordpress\/segunda\/wp-json\/wp\/v2\/comments?post=12502"}],"wp:attached-to":[{"embeddable":true,"post_type":"post","id":12501,"href":"https:\/\/www.tucomarca.com\/wordpress\/segunda\/wp-json\/wp\/v2\/posts\/12501"}],"curies":[{"name":"wp","href":"https:\/\/api.w.org\/{rel}","templated":true}]}}

<p class="attachment"><a href='https://www.tucomarca.com/wordpress/segunda/wp-content/uploads/2013/03/PAlbertQuesa.jpg'><img loading="lazy" decoding="async" width="300" height="200" src="https://www.tucomarca.com/wordpress/segunda/wp-content/uploads/2013/03/PAlbertQuesa-300x200.jpg" class="attachment-medium size-medium" alt="Durante la reunión han abordado los recursos sociales del municipio así como las posibles vías de colaboración." srcset="https://www.tucomarca.com/wordpress/segunda/wp-content/uploads/2013/03/PAlbertQuesa-300x200.jpg 300w, https://www.tucomarca.com/wordpress/segunda/wp-content/uploads/2013/03/PAlbertQuesa-1024x682.jpg 1024w" sizes="auto, (max-width: 300px) 100vw, 300px" /></a></p>
<p>Durante la reunión han abordado los recursos sociales del municipio así como las posibles vías de colaboración.</p>

<div class="mh-excerpt">Durante la reunión han abordado los recursos sociales del municipio así como las posibles vías de colaboración.</div>
<p> <a class="mh-excerpt-more" href="https://www.tucomarca.com/wordpress/segunda/pilar-albert-mantiene-una-reunion-de-trabajo-con-el-alcalde-de-quesa/palbertquesa/" title="PAlbertQuesa">[+] </a></p>

Durante la reunión han abordado los recursos sociales del municipio así como las posibles vías de colaboración.
