{"id":18095,"date":"2013-09-27T16:02:53","date_gmt":"2013-09-27T13:02:53","guid":{"rendered":"http:\/\/www.tucomarca.com\/wordpress\/segunda\/wp-content\/uploads\/2013\/09\/Bonig_expo_metro.jpg"},"modified":"2013-09-27T16:02:53","modified_gmt":"2013-09-27T13:02:53","slug":"bonig_expo_metro","status":"inherit","type":"attachment","link":"https:\/\/www.tucomarca.com\/wordpress\/segunda\/la-consellera-de-infraestructuras-inaugura-la-exposicion-sobre-los-125-anos-de-historia-del-trenet-del-turia\/bonig_expo_metro\/","title":{"rendered":"Bonig_expo_metro"},"author":1,"featured_media":0,"comment_status":"open","ping_status":"open","template":"","meta":[],"class_list":["post-18095","attachment","type-attachment","status-inherit"],"description":{"rendered":"<p class=\"attachment\"><a href='https:\/\/www.tucomarca.com\/wordpress\/segunda\/wp-content\/uploads\/2013\/09\/Bonig_expo_metro.jpg'><img loading=\"lazy\" decoding=\"async\" width=\"194\" height=\"300\" src=\"https:\/\/www.tucomarca.com\/wordpress\/segunda\/wp-content\/uploads\/2013\/09\/Bonig_expo_metro-194x300.jpg\" class=\"attachment-medium size-medium\" alt=\"La consellera de Infraestructuras ha inaugurado en la sala Lametro la exposici\u00f3n sobre los 125 a\u00f1os de historia del &#039;Trenet del T\u00faria&#039;.\" srcset=\"https:\/\/www.tucomarca.com\/wordpress\/segunda\/wp-content\/uploads\/2013\/09\/Bonig_expo_metro-194x300.jpg 194w, https:\/\/www.tucomarca.com\/wordpress\/segunda\/wp-content\/uploads\/2013\/09\/Bonig_expo_metro-665x1024.jpg 665w, https:\/\/www.tucomarca.com\/wordpress\/segunda\/wp-content\/uploads\/2013\/09\/Bonig_expo_metro.jpg 1535w\" sizes=\"auto, (max-width: 194px) 100vw, 194px\" \/><\/a><\/p>\n<p>La consellera de Infraestructuras ha inaugurado en la sala Lametro la exposici\u00f3n sobre los 125 a\u00f1os de historia del &#8216;Trenet del T\u00faria&#8217;.<\/p>\n"},"caption":{"rendered":"<div class=\"mh-excerpt\">La consellera de Infraestructuras ha inaugurado en la sala Lametro la exposici\u00f3n sobre los 125 a\u00f1os de historia del &#8216;Trenet del T\u00faria&#8217;.<\/div>\n<p> <a class=\"mh-excerpt-more\" href=\"https:\/\/www.tucomarca.com\/wordpress\/segunda\/la-consellera-de-infraestructuras-inaugura-la-exposicion-sobre-los-125-anos-de-historia-del-trenet-del-turia\/bonig_expo_metro\/\" title=\"Bonig_expo_metro\">[+] <\/a><\/p>\n"},"alt_text":"La consellera de Infraestructuras ha inaugurado en la sala Lametro la exposici\u00f3n sobre los 125 a\u00f1os de historia del 'Trenet del T\u00faria'.","media_type":"image","mime_type":"image\/jpeg","media_details":{"width":"1535","height":"2362","hwstring_small":"height='96' width='62'","file":"2013\/09\/Bonig_expo_metro.jpg","sizes":{"thumbnail":{"file":"Bonig_expo_metro-290x290.jpg","width":"290","height":"290","source_url":"https:\/\/www.tucomarca.com\/wordpress\/segunda\/wp-content\/uploads\/2013\/09\/Bonig_expo_metro-290x290.jpg"},"medium":{"file":"Bonig_expo_metro-194x300.jpg","width":"194","height":"300","source_url":"https:\/\/www.tucomarca.com\/wordpress\/segunda\/wp-content\/uploads\/2013\/09\/Bonig_expo_metro-194x300.jpg"},"large":{"file":"Bonig_expo_metro-665x1024.jpg","width":"665","height":"1024","source_url":"https:\/\/www.tucomarca.com\/wordpress\/segunda\/wp-content\/uploads\/2013\/09\/Bonig_expo_metro-665x1024.jpg"},"post-thumbnail":{"file":"Bonig_expo_metro-50x50.jpg","width":"50","height":"50","source_url":"https:\/\/www.tucomarca.com\/wordpress\/segunda\/wp-content\/uploads\/2013\/09\/Bonig_expo_metro-50x50.jpg"},"gabfire":{"file":"Bonig_expo_metro-1024x1575.jpg","width":"1024","height":"1575","source_url":"https:\/\/www.tucomarca.com\/wordpress\/segunda\/wp-content\/uploads\/2013\/09\/Bonig_expo_metro-1024x1575.jpg"},"full":{"file":"Bonig_expo_metro.jpg","width":1535,"height":2362,"mime_type":"image\/jpeg","source_url":"https:\/\/www.tucomarca.com\/wordpress\/segunda\/wp-content\/uploads\/2013\/09\/Bonig_expo_metro.jpg"}},"image_meta":{"aperture":"5.6","credit":"Benjamin Albiach Galan","camera":"Canon EOS 7D","caption":"","created_timestamp":"1380283742","copyright":"Benjamin Albiach Galan","focal_length":"22","iso":"800","shutter_speed":"0.00625","title":""}},"post":18094,"source_url":"https:\/\/www.tucomarca.com\/wordpress\/segunda\/wp-content\/uploads\/2013\/09\/Bonig_expo_metro.jpg","_links":{"self":[{"href":"https:\/\/www.tucomarca.com\/wordpress\/segunda\/wp-json\/wp\/v2\/media\/18095","targetHints":{"allow":["GET"]}}],"collection":[{"href":"https:\/\/www.tucomarca.com\/wordpress\/segunda\/wp-json\/wp\/v2\/media"}],"about":[{"href":"https:\/\/www.tucomarca.com\/wordpress\/segunda\/wp-json\/wp\/v2\/types\/attachment"}],"author":[{"embeddable":true,"href":"https:\/\/www.tucomarca.com\/wordpress\/segunda\/wp-json\/wp\/v2\/users\/1"}],"replies":[{"embeddable":true,"href":"https:\/\/www.tucomarca.com\/wordpress\/segunda\/wp-json\/wp\/v2\/comments?post=18095"}],"wp:attached-to":[{"embeddable":true,"post_type":"post","id":18094,"href":"https:\/\/www.tucomarca.com\/wordpress\/segunda\/wp-json\/wp\/v2\/posts\/18094"}],"curies":[{"name":"wp","href":"https:\/\/api.w.org\/{rel}","templated":true}]}}

<p class="attachment"><a href='https://www.tucomarca.com/wordpress/segunda/wp-content/uploads/2013/09/Bonig_expo_metro.jpg'><img loading="lazy" decoding="async" width="194" height="300" src="https://www.tucomarca.com/wordpress/segunda/wp-content/uploads/2013/09/Bonig_expo_metro-194x300.jpg" class="attachment-medium size-medium" alt="La consellera de Infraestructuras ha inaugurado en la sala Lametro la exposición sobre los 125 años de historia del &#039;Trenet del Túria&#039;." srcset="https://www.tucomarca.com/wordpress/segunda/wp-content/uploads/2013/09/Bonig_expo_metro-194x300.jpg 194w, https://www.tucomarca.com/wordpress/segunda/wp-content/uploads/2013/09/Bonig_expo_metro-665x1024.jpg 665w, https://www.tucomarca.com/wordpress/segunda/wp-content/uploads/2013/09/Bonig_expo_metro.jpg 1535w" sizes="auto, (max-width: 194px) 100vw, 194px" /></a></p>
<p>La consellera de Infraestructuras ha inaugurado en la sala Lametro la exposición sobre los 125 años de historia del &#8216;Trenet del Túria&#8217;.</p>

<div class="mh-excerpt">La consellera de Infraestructuras ha inaugurado en la sala Lametro la exposición sobre los 125 años de historia del &#8216;Trenet del Túria&#8217;.</div>
<p> <a class="mh-excerpt-more" href="https://www.tucomarca.com/wordpress/segunda/la-consellera-de-infraestructuras-inaugura-la-exposicion-sobre-los-125-anos-de-historia-del-trenet-del-turia/bonig_expo_metro/" title="Bonig_expo_metro">[+] </a></p>

La consellera de Infraestructuras ha inaugurado en la sala Lametro la exposición sobre los 125 años de historia del 'Trenet del Túria'.
