{"id":2635,"date":"2012-05-29T21:35:40","date_gmt":"2012-05-29T19:35:40","guid":{"rendered":"http:\/\/www.tucomarca.com\/wordpress\/segunda\/wp-content\/uploads\/2012\/05\/reunion.jpg"},"modified":"2012-05-29T21:35:40","modified_gmt":"2012-05-29T19:35:40","slug":"reunion","status":"inherit","type":"attachment","link":"https:\/\/www.tucomarca.com\/wordpress\/segunda\/joaquin-martinez-se-reune-con-el-subsecretario-de-sanidad-agapito-nunez-el-director-gerente-del-hospital-la-ribera-manuel-marin-y-el-consejero-delegado-del-grupo-solimar-eugenio-perez\/reunion\/","title":{"rendered":"reunion"},"author":1,"featured_media":0,"comment_status":"open","ping_status":"open","template":"","meta":[],"class_list":["post-2635","attachment","type-attachment","status-inherit"],"description":{"rendered":"<p class=\"attachment\"><a href='https:\/\/www.tucomarca.com\/wordpress\/segunda\/wp-content\/uploads\/2012\/05\/reunion.jpg'><img loading=\"lazy\" decoding=\"async\" width=\"300\" height=\"225\" src=\"https:\/\/www.tucomarca.com\/wordpress\/segunda\/wp-content\/uploads\/2012\/05\/reunion-300x225.jpg\" class=\"attachment-medium size-medium\" alt=\"Joaqu\u00edn Mart\u00ednez se ha reunido con el subsecretario de Sanidad, Agapito N\u00fa\u00f1ez, el director gerente del Hospital La Ribera, Manuel Mar\u00edn, y el consejero delegado del grupo &#039;Solimar&#039;, Eugenio P\u00e9rez.\" srcset=\"https:\/\/www.tucomarca.com\/wordpress\/segunda\/wp-content\/uploads\/2012\/05\/reunion-300x225.jpg 300w, https:\/\/www.tucomarca.com\/wordpress\/segunda\/wp-content\/uploads\/2012\/05\/reunion-1024x768.jpg 1024w, https:\/\/www.tucomarca.com\/wordpress\/segunda\/wp-content\/uploads\/2012\/05\/reunion.jpg 1600w\" sizes=\"auto, (max-width: 300px) 100vw, 300px\" \/><\/a><\/p>\n<p>Joaqu\u00edn Mart\u00ednez se ha reunido con el subsecretario de Sanidad, Agapito N\u00fa\u00f1ez, el director gerente del Hospital La Ribera, Manuel Mar\u00edn, y el consejero delegado del grupo &#8216;Solimar&#8217;, Eugenio P\u00e9rez.<\/p>\n"},"caption":{"rendered":"<div class=\"mh-excerpt\">Joaqu\u00edn Mart\u00ednez se ha reunido con el subsecretario de Sanidad, Agapito N\u00fa\u00f1ez, el director gerente del Hospital La Ribera, Manuel Mar\u00edn, y el consejero delegado del grupo &#8216;Solimar&#8217;, Eugenio P\u00e9rez.<\/div>\n<p> <a class=\"mh-excerpt-more\" href=\"https:\/\/www.tucomarca.com\/wordpress\/segunda\/joaquin-martinez-se-reune-con-el-subsecretario-de-sanidad-agapito-nunez-el-director-gerente-del-hospital-la-ribera-manuel-marin-y-el-consejero-delegado-del-grupo-solimar-eugenio-perez\/reunion\/\" title=\"reunion\">[+] <\/a><\/p>\n"},"alt_text":"Joaqu\u00edn Mart\u00ednez se ha reunido con el subsecretario de Sanidad, Agapito N\u00fa\u00f1ez, el director gerente del Hospital La Ribera, Manuel Mar\u00edn, y el consejero delegado del grupo 'Solimar', Eugenio P\u00e9rez.","media_type":"image","mime_type":"image\/jpeg","media_details":{"width":"1600","height":"1200","hwstring_small":"height='96' width='128'","file":"2012\/05\/reunion.jpg","sizes":{"thumbnail":{"file":"reunion-290x290.jpg","width":"290","height":"290","source_url":"https:\/\/www.tucomarca.com\/wordpress\/segunda\/wp-content\/uploads\/2012\/05\/reunion-290x290.jpg"},"medium":{"file":"reunion-300x225.jpg","width":"300","height":"225","source_url":"https:\/\/www.tucomarca.com\/wordpress\/segunda\/wp-content\/uploads\/2012\/05\/reunion-300x225.jpg"},"large":{"file":"reunion-1024x768.jpg","width":"1024","height":"768","source_url":"https:\/\/www.tucomarca.com\/wordpress\/segunda\/wp-content\/uploads\/2012\/05\/reunion-1024x768.jpg"},"post-thumbnail":{"file":"reunion-50x50.jpg","width":"50","height":"50","source_url":"https:\/\/www.tucomarca.com\/wordpress\/segunda\/wp-content\/uploads\/2012\/05\/reunion-50x50.jpg"},"gabfire":{"file":"reunion-1024x768.jpg","width":"1024","height":"768","source_url":"https:\/\/www.tucomarca.com\/wordpress\/segunda\/wp-content\/uploads\/2012\/05\/reunion-1024x768.jpg"},"full":{"file":"reunion.jpg","width":1600,"height":1200,"mime_type":"image\/jpeg","source_url":"https:\/\/www.tucomarca.com\/wordpress\/segunda\/wp-content\/uploads\/2012\/05\/reunion.jpg"}},"image_meta":{"aperture":"2.8","credit":"","camera":"DMC-FX50","caption":"","created_timestamp":"1145581263","copyright":"","focal_length":"4.6","iso":"250","shutter_speed":"0.033333333333333","title":""}},"post":2634,"source_url":"https:\/\/www.tucomarca.com\/wordpress\/segunda\/wp-content\/uploads\/2012\/05\/reunion.jpg","_links":{"self":[{"href":"https:\/\/www.tucomarca.com\/wordpress\/segunda\/wp-json\/wp\/v2\/media\/2635","targetHints":{"allow":["GET"]}}],"collection":[{"href":"https:\/\/www.tucomarca.com\/wordpress\/segunda\/wp-json\/wp\/v2\/media"}],"about":[{"href":"https:\/\/www.tucomarca.com\/wordpress\/segunda\/wp-json\/wp\/v2\/types\/attachment"}],"author":[{"embeddable":true,"href":"https:\/\/www.tucomarca.com\/wordpress\/segunda\/wp-json\/wp\/v2\/users\/1"}],"replies":[{"embeddable":true,"href":"https:\/\/www.tucomarca.com\/wordpress\/segunda\/wp-json\/wp\/v2\/comments?post=2635"}],"wp:attached-to":[{"embeddable":true,"post_type":"post","id":2634,"href":"https:\/\/www.tucomarca.com\/wordpress\/segunda\/wp-json\/wp\/v2\/posts\/2634"}],"curies":[{"name":"wp","href":"https:\/\/api.w.org\/{rel}","templated":true}]}}

<p class="attachment"><a href='https://www.tucomarca.com/wordpress/segunda/wp-content/uploads/2012/05/reunion.jpg'><img loading="lazy" decoding="async" width="300" height="225" src="https://www.tucomarca.com/wordpress/segunda/wp-content/uploads/2012/05/reunion-300x225.jpg" class="attachment-medium size-medium" alt="Joaquín Martínez se ha reunido con el subsecretario de Sanidad, Agapito Núñez, el director gerente del Hospital La Ribera, Manuel Marín, y el consejero delegado del grupo &#039;Solimar&#039;, Eugenio Pérez." srcset="https://www.tucomarca.com/wordpress/segunda/wp-content/uploads/2012/05/reunion-300x225.jpg 300w, https://www.tucomarca.com/wordpress/segunda/wp-content/uploads/2012/05/reunion-1024x768.jpg 1024w, https://www.tucomarca.com/wordpress/segunda/wp-content/uploads/2012/05/reunion.jpg 1600w" sizes="auto, (max-width: 300px) 100vw, 300px" /></a></p>
<p>Joaquín Martínez se ha reunido con el subsecretario de Sanidad, Agapito Núñez, el director gerente del Hospital La Ribera, Manuel Marín, y el consejero delegado del grupo &#8216;Solimar&#8217;, Eugenio Pérez.</p>

<div class="mh-excerpt">Joaquín Martínez se ha reunido con el subsecretario de Sanidad, Agapito Núñez, el director gerente del Hospital La Ribera, Manuel Marín, y el consejero delegado del grupo &#8216;Solimar&#8217;, Eugenio Pérez.</div>
<p> <a class="mh-excerpt-more" href="https://www.tucomarca.com/wordpress/segunda/joaquin-martinez-se-reune-con-el-subsecretario-de-sanidad-agapito-nunez-el-director-gerente-del-hospital-la-ribera-manuel-marin-y-el-consejero-delegado-del-grupo-solimar-eugenio-perez/reunion/" title="reunion">[+] </a></p>

Joaquín Martínez se ha reunido con el subsecretario de Sanidad, Agapito Núñez, el director gerente del Hospital La Ribera, Manuel Marín, y el consejero delegado del grupo 'Solimar', Eugenio Pérez.
