{"id":37096,"date":"2015-05-24T23:38:23","date_gmt":"2015-05-24T20:38:23","guid":{"rendered":"http:\/\/www.tucomarca.com\/wordpress\/segunda\/wp-content\/uploads\/2015\/05\/millarespp.jpg"},"modified":"2015-05-24T23:38:23","modified_gmt":"2015-05-24T20:38:23","slug":"millarespp","status":"inherit","type":"attachment","link":"https:\/\/www.tucomarca.com\/wordpress\/segunda\/jose-ricardo-perez-mantiene-al-partido-popular-en-el-gobierno-de-millares\/millarespp\/","title":{"rendered":"millarespp"},"author":2,"featured_media":0,"comment_status":"open","ping_status":"open","template":"","meta":[],"class_list":["post-37096","attachment","type-attachment","status-inherit"],"description":{"rendered":"<p class=\"attachment\"><a href='https:\/\/www.tucomarca.com\/wordpress\/segunda\/wp-content\/uploads\/2015\/05\/millarespp.jpg'><img loading=\"lazy\" decoding=\"async\" width=\"300\" height=\"180\" src=\"https:\/\/www.tucomarca.com\/wordpress\/segunda\/wp-content\/uploads\/2015\/05\/millarespp-300x180.jpg\" class=\"attachment-medium size-medium\" alt=\"Jos\u00e9 Ricardo P\u00e9rez (PP) ser\u00e1 el pr\u00f3ximo alcalde de Millares. tc.c\" srcset=\"https:\/\/www.tucomarca.com\/wordpress\/segunda\/wp-content\/uploads\/2015\/05\/millarespp-300x180.jpg 300w, https:\/\/www.tucomarca.com\/wordpress\/segunda\/wp-content\/uploads\/2015\/05\/millarespp-1024x614.jpg 1024w, https:\/\/www.tucomarca.com\/wordpress\/segunda\/wp-content\/uploads\/2015\/05\/millarespp.jpg 1063w\" sizes=\"auto, (max-width: 300px) 100vw, 300px\" \/><\/a><\/p>\n<p>Jos\u00e9 Ricardo P\u00e9rez (PP) ser\u00e1 el pr\u00f3ximo alcalde de Millares. tc.c<\/p>\n"},"caption":{"rendered":"<div class=\"mh-excerpt\">Jos\u00e9 Ricardo P\u00e9rez (PP) ser\u00e1 el pr\u00f3ximo alcalde de Millares. tc.c<\/div>\n<p> <a class=\"mh-excerpt-more\" href=\"https:\/\/www.tucomarca.com\/wordpress\/segunda\/jose-ricardo-perez-mantiene-al-partido-popular-en-el-gobierno-de-millares\/millarespp\/\" title=\"millarespp\">[+] <\/a><\/p>\n"},"alt_text":"Jos\u00e9 Ricardo P\u00e9rez (PP) ser\u00e1 el pr\u00f3ximo alcalde de Millares. tc.c","media_type":"image","mime_type":"image\/jpeg","media_details":{"width":"1063","height":"638","hwstring_small":"height='76' width='128'","file":"2015\/05\/millarespp.jpg","sizes":{"thumbnail":{"file":"millarespp-290x290.jpg","width":"290","height":"290","source_url":"https:\/\/www.tucomarca.com\/wordpress\/segunda\/wp-content\/uploads\/2015\/05\/millarespp-290x290.jpg"},"medium":{"file":"millarespp-300x180.jpg","width":"300","height":"180","source_url":"https:\/\/www.tucomarca.com\/wordpress\/segunda\/wp-content\/uploads\/2015\/05\/millarespp-300x180.jpg"},"large":{"file":"millarespp-1024x614.jpg","width":"1024","height":"614","source_url":"https:\/\/www.tucomarca.com\/wordpress\/segunda\/wp-content\/uploads\/2015\/05\/millarespp-1024x614.jpg"},"post-thumbnail":{"file":"millarespp-50x50.jpg","width":"50","height":"50","source_url":"https:\/\/www.tucomarca.com\/wordpress\/segunda\/wp-content\/uploads\/2015\/05\/millarespp-50x50.jpg"},"gabfire":{"file":"millarespp-1024x614.jpg","width":"1024","height":"614","source_url":"https:\/\/www.tucomarca.com\/wordpress\/segunda\/wp-content\/uploads\/2015\/05\/millarespp-1024x614.jpg"},"full":{"file":"millarespp.jpg","width":1063,"height":638,"mime_type":"image\/jpeg","source_url":"https:\/\/www.tucomarca.com\/wordpress\/segunda\/wp-content\/uploads\/2015\/05\/millarespp.jpg"}},"image_meta":{"aperture":"0","credit":"","camera":"","caption":"","created_timestamp":"0","copyright":"","focal_length":"0","iso":"0","shutter_speed":"0","title":""}},"post":37038,"source_url":"https:\/\/www.tucomarca.com\/wordpress\/segunda\/wp-content\/uploads\/2015\/05\/millarespp.jpg","_links":{"self":[{"href":"https:\/\/www.tucomarca.com\/wordpress\/segunda\/wp-json\/wp\/v2\/media\/37096","targetHints":{"allow":["GET"]}}],"collection":[{"href":"https:\/\/www.tucomarca.com\/wordpress\/segunda\/wp-json\/wp\/v2\/media"}],"about":[{"href":"https:\/\/www.tucomarca.com\/wordpress\/segunda\/wp-json\/wp\/v2\/types\/attachment"}],"author":[{"embeddable":true,"href":"https:\/\/www.tucomarca.com\/wordpress\/segunda\/wp-json\/wp\/v2\/users\/2"}],"replies":[{"embeddable":true,"href":"https:\/\/www.tucomarca.com\/wordpress\/segunda\/wp-json\/wp\/v2\/comments?post=37096"}],"wp:attached-to":[{"embeddable":true,"post_type":"post","id":37038,"href":"https:\/\/www.tucomarca.com\/wordpress\/segunda\/wp-json\/wp\/v2\/posts\/37038"}],"curies":[{"name":"wp","href":"https:\/\/api.w.org\/{rel}","templated":true}]}}

<p class="attachment"><a href='https://www.tucomarca.com/wordpress/segunda/wp-content/uploads/2015/05/millarespp.jpg'><img loading="lazy" decoding="async" width="300" height="180" src="https://www.tucomarca.com/wordpress/segunda/wp-content/uploads/2015/05/millarespp-300x180.jpg" class="attachment-medium size-medium" alt="José Ricardo Pérez (PP) será el próximo alcalde de Millares. tc.c" srcset="https://www.tucomarca.com/wordpress/segunda/wp-content/uploads/2015/05/millarespp-300x180.jpg 300w, https://www.tucomarca.com/wordpress/segunda/wp-content/uploads/2015/05/millarespp-1024x614.jpg 1024w, https://www.tucomarca.com/wordpress/segunda/wp-content/uploads/2015/05/millarespp.jpg 1063w" sizes="auto, (max-width: 300px) 100vw, 300px" /></a></p>
<p>José Ricardo Pérez (PP) será el próximo alcalde de Millares. tc.c</p>

<div class="mh-excerpt">José Ricardo Pérez (PP) será el próximo alcalde de Millares. tc.c</div>
<p> <a class="mh-excerpt-more" href="https://www.tucomarca.com/wordpress/segunda/jose-ricardo-perez-mantiene-al-partido-popular-en-el-gobierno-de-millares/millarespp/" title="millarespp">[+] </a></p>

José Ricardo Pérez (PP) será el próximo alcalde de Millares. tc.c
