{"id":37125,"date":"2015-05-24T23:59:47","date_gmt":"2015-05-24T20:59:47","guid":{"rendered":"http:\/\/www.tucomarca.com\/wordpress\/segunda\/wp-content\/uploads\/2015\/05\/yatovatres.jpg"},"modified":"2015-05-24T23:59:47","modified_gmt":"2015-05-24T20:59:47","slug":"yatovatres","status":"inherit","type":"attachment","link":"https:\/\/www.tucomarca.com\/wordpress\/segunda\/el-pp-pierde-su-mayoria-absoluta-en-yatova-en-favor-de-un-posible-pacto-entre-psoe-y-la-agrupacion-de-electores\/yatovatres\/","title":{"rendered":"yatovatres"},"author":1,"featured_media":0,"comment_status":"open","ping_status":"open","template":"","meta":[],"class_list":["post-37125","attachment","type-attachment","status-inherit"],"description":{"rendered":"<p class=\"attachment\"><a href='https:\/\/www.tucomarca.com\/wordpress\/segunda\/wp-content\/uploads\/2015\/05\/yatovatres.jpg'><img loading=\"lazy\" decoding=\"async\" width=\"300\" height=\"180\" src=\"https:\/\/www.tucomarca.com\/wordpress\/segunda\/wp-content\/uploads\/2015\/05\/yatovatres-300x180.jpg\" class=\"attachment-medium size-medium\" alt=\"Rafael Lisarde (PP); Miguel T\u00f3rtola (PSOE); y V\u00edctor Perell\u00f3 (Agrupaci\u00f3n de Electores).\" srcset=\"https:\/\/www.tucomarca.com\/wordpress\/segunda\/wp-content\/uploads\/2015\/05\/yatovatres-300x180.jpg 300w, https:\/\/www.tucomarca.com\/wordpress\/segunda\/wp-content\/uploads\/2015\/05\/yatovatres-1024x614.jpg 1024w, https:\/\/www.tucomarca.com\/wordpress\/segunda\/wp-content\/uploads\/2015\/05\/yatovatres.jpg 1063w\" sizes=\"auto, (max-width: 300px) 100vw, 300px\" \/><\/a><\/p>\n<p>Rafael Lisarde (PP); Miguel T\u00f3rtola (PSOE); y V\u00edctor Perell\u00f3 (Agrupaci\u00f3n de Electores).<\/p>\n"},"caption":{"rendered":"<div class=\"mh-excerpt\">Rafael Lisarde (PP); Miguel T\u00f3rtola (PSOE); y V\u00edctor Perell\u00f3 (Agrupaci\u00f3n de Electores).<\/div>\n<p> <a class=\"mh-excerpt-more\" href=\"https:\/\/www.tucomarca.com\/wordpress\/segunda\/el-pp-pierde-su-mayoria-absoluta-en-yatova-en-favor-de-un-posible-pacto-entre-psoe-y-la-agrupacion-de-electores\/yatovatres\/\" title=\"yatovatres\">[+] <\/a><\/p>\n"},"alt_text":"Rafael Lisarde (PP); Miguel T\u00f3rtola (PSOE); y V\u00edctor Perell\u00f3 (Agrupaci\u00f3n de Electores).","media_type":"image","mime_type":"image\/jpeg","media_details":{"width":"1063","height":"638","hwstring_small":"height='76' width='128'","file":"2015\/05\/yatovatres.jpg","sizes":{"thumbnail":{"file":"yatovatres-290x290.jpg","width":"290","height":"290","source_url":"https:\/\/www.tucomarca.com\/wordpress\/segunda\/wp-content\/uploads\/2015\/05\/yatovatres-290x290.jpg"},"medium":{"file":"yatovatres-300x180.jpg","width":"300","height":"180","source_url":"https:\/\/www.tucomarca.com\/wordpress\/segunda\/wp-content\/uploads\/2015\/05\/yatovatres-300x180.jpg"},"large":{"file":"yatovatres-1024x614.jpg","width":"1024","height":"614","source_url":"https:\/\/www.tucomarca.com\/wordpress\/segunda\/wp-content\/uploads\/2015\/05\/yatovatres-1024x614.jpg"},"post-thumbnail":{"file":"yatovatres-50x50.jpg","width":"50","height":"50","source_url":"https:\/\/www.tucomarca.com\/wordpress\/segunda\/wp-content\/uploads\/2015\/05\/yatovatres-50x50.jpg"},"gabfire":{"file":"yatovatres-1024x614.jpg","width":"1024","height":"614","source_url":"https:\/\/www.tucomarca.com\/wordpress\/segunda\/wp-content\/uploads\/2015\/05\/yatovatres-1024x614.jpg"},"full":{"file":"yatovatres.jpg","width":1063,"height":638,"mime_type":"image\/jpeg","source_url":"https:\/\/www.tucomarca.com\/wordpress\/segunda\/wp-content\/uploads\/2015\/05\/yatovatres.jpg"}},"image_meta":{"aperture":"0","credit":"","camera":"","caption":"","created_timestamp":"0","copyright":"","focal_length":"0","iso":"0","shutter_speed":"0","title":""}},"post":37101,"source_url":"https:\/\/www.tucomarca.com\/wordpress\/segunda\/wp-content\/uploads\/2015\/05\/yatovatres.jpg","_links":{"self":[{"href":"https:\/\/www.tucomarca.com\/wordpress\/segunda\/wp-json\/wp\/v2\/media\/37125","targetHints":{"allow":["GET"]}}],"collection":[{"href":"https:\/\/www.tucomarca.com\/wordpress\/segunda\/wp-json\/wp\/v2\/media"}],"about":[{"href":"https:\/\/www.tucomarca.com\/wordpress\/segunda\/wp-json\/wp\/v2\/types\/attachment"}],"author":[{"embeddable":true,"href":"https:\/\/www.tucomarca.com\/wordpress\/segunda\/wp-json\/wp\/v2\/users\/1"}],"replies":[{"embeddable":true,"href":"https:\/\/www.tucomarca.com\/wordpress\/segunda\/wp-json\/wp\/v2\/comments?post=37125"}],"wp:attached-to":[{"embeddable":true,"post_type":"post","id":37101,"href":"https:\/\/www.tucomarca.com\/wordpress\/segunda\/wp-json\/wp\/v2\/posts\/37101"}],"curies":[{"name":"wp","href":"https:\/\/api.w.org\/{rel}","templated":true}]}}

<p class="attachment"><a href='https://www.tucomarca.com/wordpress/segunda/wp-content/uploads/2015/05/yatovatres.jpg'><img loading="lazy" decoding="async" width="300" height="180" src="https://www.tucomarca.com/wordpress/segunda/wp-content/uploads/2015/05/yatovatres-300x180.jpg" class="attachment-medium size-medium" alt="Rafael Lisarde (PP); Miguel Tórtola (PSOE); y Víctor Perelló (Agrupación de Electores)." srcset="https://www.tucomarca.com/wordpress/segunda/wp-content/uploads/2015/05/yatovatres-300x180.jpg 300w, https://www.tucomarca.com/wordpress/segunda/wp-content/uploads/2015/05/yatovatres-1024x614.jpg 1024w, https://www.tucomarca.com/wordpress/segunda/wp-content/uploads/2015/05/yatovatres.jpg 1063w" sizes="auto, (max-width: 300px) 100vw, 300px" /></a></p>
<p>Rafael Lisarde (PP); Miguel Tórtola (PSOE); y Víctor Perelló (Agrupación de Electores).</p>

<div class="mh-excerpt">Rafael Lisarde (PP); Miguel Tórtola (PSOE); y Víctor Perelló (Agrupación de Electores).</div>
<p> <a class="mh-excerpt-more" href="https://www.tucomarca.com/wordpress/segunda/el-pp-pierde-su-mayoria-absoluta-en-yatova-en-favor-de-un-posible-pacto-entre-psoe-y-la-agrupacion-de-electores/yatovatres/" title="yatovatres">[+] </a></p>

Rafael Lisarde (PP); Miguel Tórtola (PSOE); y Víctor Perelló (Agrupación de Electores).
