{"id":4239,"date":"2012-06-27T11:39:35","date_gmt":"2012-06-27T09:39:35","guid":{"rendered":"http:\/\/www.tucomarca.com\/wordpress\/segunda\/wp-content\/uploads\/2012\/06\/DSC_1191.jpg"},"modified":"2012-06-27T11:39:35","modified_gmt":"2012-06-27T09:39:35","slug":"dsc_1191","status":"inherit","type":"attachment","link":"https:\/\/www.tucomarca.com\/wordpress\/segunda\/267-personas-participan-este-ano-en-el-ascenso-nocturno-al-motroton-organizado-por-el-grupo-excursionista-atava-de-yatova\/dsc_1191\/","title":{"rendered":"DSC_1191"},"author":1,"featured_media":0,"comment_status":"open","ping_status":"open","template":"","meta":[],"class_list":["post-4239","attachment","type-attachment","status-inherit"],"description":{"rendered":"<p class=\"attachment\"><a href='https:\/\/www.tucomarca.com\/wordpress\/segunda\/wp-content\/uploads\/2012\/06\/DSC_1191.jpg'><img loading=\"lazy\" decoding=\"async\" width=\"300\" height=\"200\" src=\"https:\/\/www.tucomarca.com\/wordpress\/segunda\/wp-content\/uploads\/2012\/06\/DSC_1191-300x200.jpg\" class=\"attachment-medium size-medium\" alt=\"La monta\u00f1a es una de las m\u00e1s emblem\u00e1ticas de La hoya de Bu\u00f1ol-Chiva.\" srcset=\"https:\/\/www.tucomarca.com\/wordpress\/segunda\/wp-content\/uploads\/2012\/06\/DSC_1191-300x200.jpg 300w, https:\/\/www.tucomarca.com\/wordpress\/segunda\/wp-content\/uploads\/2012\/06\/DSC_1191-1024x685.jpg 1024w, https:\/\/www.tucomarca.com\/wordpress\/segunda\/wp-content\/uploads\/2012\/06\/DSC_1191.jpg 1936w\" sizes=\"auto, (max-width: 300px) 100vw, 300px\" \/><\/a><\/p>\n<p>La monta\u00f1a es una de las m\u00e1s emblem\u00e1ticas de La hoya de Bu\u00f1ol-Chiva.<\/p>\n"},"caption":{"rendered":"<div class=\"mh-excerpt\">La monta\u00f1a es una de las m\u00e1s emblem\u00e1ticas de La hoya de Bu\u00f1ol-Chiva.<\/div>\n<p> <a class=\"mh-excerpt-more\" href=\"https:\/\/www.tucomarca.com\/wordpress\/segunda\/267-personas-participan-este-ano-en-el-ascenso-nocturno-al-motroton-organizado-por-el-grupo-excursionista-atava-de-yatova\/dsc_1191\/\" title=\"DSC_1191\">[+] <\/a><\/p>\n"},"alt_text":"La monta\u00f1a es una de las m\u00e1s emblem\u00e1ticas de La hoya de Bu\u00f1ol-Chiva.","media_type":"image","mime_type":"image\/jpeg","media_details":{"width":"1936","height":"1296","hwstring_small":"height='85' width='128'","file":"2012\/06\/DSC_1191.jpg","sizes":{"thumbnail":{"file":"DSC_1191-290x290.jpg","width":"290","height":"290","source_url":"https:\/\/www.tucomarca.com\/wordpress\/segunda\/wp-content\/uploads\/2012\/06\/DSC_1191-290x290.jpg"},"medium":{"file":"DSC_1191-300x200.jpg","width":"300","height":"200","source_url":"https:\/\/www.tucomarca.com\/wordpress\/segunda\/wp-content\/uploads\/2012\/06\/DSC_1191-300x200.jpg"},"large":{"file":"DSC_1191-1024x685.jpg","width":"1024","height":"685","source_url":"https:\/\/www.tucomarca.com\/wordpress\/segunda\/wp-content\/uploads\/2012\/06\/DSC_1191-1024x685.jpg"},"post-thumbnail":{"file":"DSC_1191-50x50.jpg","width":"50","height":"50","source_url":"https:\/\/www.tucomarca.com\/wordpress\/segunda\/wp-content\/uploads\/2012\/06\/DSC_1191-50x50.jpg"},"gabfire":{"file":"DSC_1191-1024x685.jpg","width":"1024","height":"685","source_url":"https:\/\/www.tucomarca.com\/wordpress\/segunda\/wp-content\/uploads\/2012\/06\/DSC_1191-1024x685.jpg"},"full":{"file":"DSC_1191.jpg","width":1936,"height":1296,"mime_type":"image\/jpeg","source_url":"https:\/\/www.tucomarca.com\/wordpress\/segunda\/wp-content\/uploads\/2012\/06\/DSC_1191.jpg"}},"image_meta":{"aperture":"3.8","credit":"","camera":"NIKON D60","caption":"","created_timestamp":"1340488309","copyright":"","focal_length":"20","iso":"200","shutter_speed":"0.016666666666667","title":""}},"post":4233,"source_url":"https:\/\/www.tucomarca.com\/wordpress\/segunda\/wp-content\/uploads\/2012\/06\/DSC_1191.jpg","_links":{"self":[{"href":"https:\/\/www.tucomarca.com\/wordpress\/segunda\/wp-json\/wp\/v2\/media\/4239","targetHints":{"allow":["GET"]}}],"collection":[{"href":"https:\/\/www.tucomarca.com\/wordpress\/segunda\/wp-json\/wp\/v2\/media"}],"about":[{"href":"https:\/\/www.tucomarca.com\/wordpress\/segunda\/wp-json\/wp\/v2\/types\/attachment"}],"author":[{"embeddable":true,"href":"https:\/\/www.tucomarca.com\/wordpress\/segunda\/wp-json\/wp\/v2\/users\/1"}],"replies":[{"embeddable":true,"href":"https:\/\/www.tucomarca.com\/wordpress\/segunda\/wp-json\/wp\/v2\/comments?post=4239"}],"wp:attached-to":[{"embeddable":true,"post_type":"post","id":4233,"href":"https:\/\/www.tucomarca.com\/wordpress\/segunda\/wp-json\/wp\/v2\/posts\/4233"}],"curies":[{"name":"wp","href":"https:\/\/api.w.org\/{rel}","templated":true}]}}

<p class="attachment"><a href='https://www.tucomarca.com/wordpress/segunda/wp-content/uploads/2012/06/DSC_1191.jpg'><img loading="lazy" decoding="async" width="300" height="200" src="https://www.tucomarca.com/wordpress/segunda/wp-content/uploads/2012/06/DSC_1191-300x200.jpg" class="attachment-medium size-medium" alt="La montaña es una de las más emblemáticas de La hoya de Buñol-Chiva." srcset="https://www.tucomarca.com/wordpress/segunda/wp-content/uploads/2012/06/DSC_1191-300x200.jpg 300w, https://www.tucomarca.com/wordpress/segunda/wp-content/uploads/2012/06/DSC_1191-1024x685.jpg 1024w, https://www.tucomarca.com/wordpress/segunda/wp-content/uploads/2012/06/DSC_1191.jpg 1936w" sizes="auto, (max-width: 300px) 100vw, 300px" /></a></p>
<p>La montaña es una de las más emblemáticas de La hoya de Buñol-Chiva.</p>

<div class="mh-excerpt">La montaña es una de las más emblemáticas de La hoya de Buñol-Chiva.</div>
<p> <a class="mh-excerpt-more" href="https://www.tucomarca.com/wordpress/segunda/267-personas-participan-este-ano-en-el-ascenso-nocturno-al-motroton-organizado-por-el-grupo-excursionista-atava-de-yatova/dsc_1191/" title="DSC_1191">[+] </a></p>

La montaña es una de las más emblemáticas de La hoya de Buñol-Chiva.
