{"id":4551,"date":"2012-06-30T11:09:10","date_gmt":"2012-06-30T09:09:10","guid":{"rendered":"http:\/\/www.tucomarca.com\/wordpress\/segunda\/wp-content\/uploads\/2012\/06\/monteincendio.jpg"},"modified":"2012-06-30T11:09:10","modified_gmt":"2012-06-30T09:09:10","slug":"monteincendio","status":"inherit","type":"attachment","link":"https:\/\/www.tucomarca.com\/wordpress\/segunda\/los-efectivos-combaten-en-yatova-uno-de-los-frentes-mas-activos-que-se-dirige-hacia-el-motroton\/monteincendio\/","title":{"rendered":"monteincendio"},"author":1,"featured_media":0,"comment_status":"open","ping_status":"open","template":"","meta":[],"class_list":["post-4551","attachment","type-attachment","status-inherit"],"description":{"rendered":"<p class=\"attachment\"><a href='https:\/\/www.tucomarca.com\/wordpress\/segunda\/wp-content\/uploads\/2012\/06\/monteincendio.jpg'><img loading=\"lazy\" decoding=\"async\" width=\"300\" height=\"224\" src=\"https:\/\/www.tucomarca.com\/wordpress\/segunda\/wp-content\/uploads\/2012\/06\/monteincendio-300x224.jpg\" class=\"attachment-medium size-medium\" alt=\"Uno de los frentes m\u00e1s activos se extiende por el t\u00e9rmino de Y\u00e1tova.\" srcset=\"https:\/\/www.tucomarca.com\/wordpress\/segunda\/wp-content\/uploads\/2012\/06\/monteincendio-300x224.jpg 300w, https:\/\/www.tucomarca.com\/wordpress\/segunda\/wp-content\/uploads\/2012\/06\/monteincendio.jpg 640w\" sizes=\"auto, (max-width: 300px) 100vw, 300px\" \/><\/a><\/p>\n<p>Uno de los frentes m\u00e1s activos se extiende por el t\u00e9rmino de Y\u00e1tova.<\/p>\n"},"caption":{"rendered":"<div class=\"mh-excerpt\">Uno de los frentes m\u00e1s activos se extiende por el t\u00e9rmino de Y\u00e1tova.<\/div>\n<p> <a class=\"mh-excerpt-more\" href=\"https:\/\/www.tucomarca.com\/wordpress\/segunda\/los-efectivos-combaten-en-yatova-uno-de-los-frentes-mas-activos-que-se-dirige-hacia-el-motroton\/monteincendio\/\" title=\"monteincendio\">[+] <\/a><\/p>\n"},"alt_text":"Uno de los frentes m\u00e1s activos se extiende por el t\u00e9rmino de Y\u00e1tova.","media_type":"image","mime_type":"image\/jpeg","media_details":{"width":"640","height":"478","hwstring_small":"height='96' width='128'","file":"2012\/06\/monteincendio.jpg","sizes":{"thumbnail":{"file":"monteincendio-290x290.jpg","width":"290","height":"290","source_url":"https:\/\/www.tucomarca.com\/wordpress\/segunda\/wp-content\/uploads\/2012\/06\/monteincendio-290x290.jpg"},"medium":{"file":"monteincendio-300x224.jpg","width":"300","height":"224","source_url":"https:\/\/www.tucomarca.com\/wordpress\/segunda\/wp-content\/uploads\/2012\/06\/monteincendio-300x224.jpg"},"post-thumbnail":{"file":"monteincendio-50x50.jpg","width":"50","height":"50","source_url":"https:\/\/www.tucomarca.com\/wordpress\/segunda\/wp-content\/uploads\/2012\/06\/monteincendio-50x50.jpg"},"full":{"file":"monteincendio.jpg","width":640,"height":478,"mime_type":"image\/jpeg","source_url":"https:\/\/www.tucomarca.com\/wordpress\/segunda\/wp-content\/uploads\/2012\/06\/monteincendio.jpg"}},"image_meta":{"aperture":"2.8","credit":"","camera":"iPhone 4","caption":"","created_timestamp":"1341006279","copyright":"","focal_length":"3.85","iso":"125","shutter_speed":"0.066666666666667","title":""}},"post":4545,"source_url":"https:\/\/www.tucomarca.com\/wordpress\/segunda\/wp-content\/uploads\/2012\/06\/monteincendio.jpg","_links":{"self":[{"href":"https:\/\/www.tucomarca.com\/wordpress\/segunda\/wp-json\/wp\/v2\/media\/4551","targetHints":{"allow":["GET"]}}],"collection":[{"href":"https:\/\/www.tucomarca.com\/wordpress\/segunda\/wp-json\/wp\/v2\/media"}],"about":[{"href":"https:\/\/www.tucomarca.com\/wordpress\/segunda\/wp-json\/wp\/v2\/types\/attachment"}],"author":[{"embeddable":true,"href":"https:\/\/www.tucomarca.com\/wordpress\/segunda\/wp-json\/wp\/v2\/users\/1"}],"replies":[{"embeddable":true,"href":"https:\/\/www.tucomarca.com\/wordpress\/segunda\/wp-json\/wp\/v2\/comments?post=4551"}],"wp:attached-to":[{"embeddable":true,"post_type":"post","id":4545,"href":"https:\/\/www.tucomarca.com\/wordpress\/segunda\/wp-json\/wp\/v2\/posts\/4545"}],"curies":[{"name":"wp","href":"https:\/\/api.w.org\/{rel}","templated":true}]}}

<p class="attachment"><a href='https://www.tucomarca.com/wordpress/segunda/wp-content/uploads/2012/06/monteincendio.jpg'><img loading="lazy" decoding="async" width="300" height="224" src="https://www.tucomarca.com/wordpress/segunda/wp-content/uploads/2012/06/monteincendio-300x224.jpg" class="attachment-medium size-medium" alt="Uno de los frentes más activos se extiende por el término de Yátova." srcset="https://www.tucomarca.com/wordpress/segunda/wp-content/uploads/2012/06/monteincendio-300x224.jpg 300w, https://www.tucomarca.com/wordpress/segunda/wp-content/uploads/2012/06/monteincendio.jpg 640w" sizes="auto, (max-width: 300px) 100vw, 300px" /></a></p>
<p>Uno de los frentes más activos se extiende por el término de Yátova.</p>

<div class="mh-excerpt">Uno de los frentes más activos se extiende por el término de Yátova.</div>
<p> <a class="mh-excerpt-more" href="https://www.tucomarca.com/wordpress/segunda/los-efectivos-combaten-en-yatova-uno-de-los-frentes-mas-activos-que-se-dirige-hacia-el-motroton/monteincendio/" title="monteincendio">[+] </a></p>

Uno de los frentes más activos se extiende por el término de Yátova.
