{"id":48910,"date":"2016-08-21T19:56:21","date_gmt":"2016-08-21T16:56:21","guid":{"rendered":"http:\/\/www.tucomarca.com\/wordpress\/segunda\/wp-content\/uploads\/2016\/08\/gimnasiaritmica.jpg"},"modified":"2016-08-21T19:56:21","modified_gmt":"2016-08-21T16:56:21","slug":"gimnasiaritmica","status":"inherit","type":"attachment","link":"https:\/\/www.tucomarca.com\/wordpress\/segunda\/la-turisana-elena-lopez-benaches-medalla-de-plata-con-la-seleccion-espanola-de-gimnasia-ritmica\/gimnasiaritmica\/","title":{"rendered":"gimnasiaritmica"},"author":1,"featured_media":0,"comment_status":"open","ping_status":"open","template":"","meta":[],"class_list":["post-48910","attachment","type-attachment","status-inherit"],"description":{"rendered":"<p class=\"attachment\"><a href='https:\/\/www.tucomarca.com\/wordpress\/segunda\/wp-content\/uploads\/2016\/08\/gimnasiaritmica.jpg'><img loading=\"lazy\" decoding=\"async\" width=\"300\" height=\"138\" src=\"https:\/\/www.tucomarca.com\/wordpress\/segunda\/wp-content\/uploads\/2016\/08\/gimnasiaritmica-300x138.jpg\" class=\"attachment-medium size-medium\" alt=\"La gimnasta turisana Elena L\u00f3pez (la primera por la derecha) con sus compa\u00f1eras en R\u00edo.\" srcset=\"https:\/\/www.tucomarca.com\/wordpress\/segunda\/wp-content\/uploads\/2016\/08\/gimnasiaritmica-300x138.jpg 300w, https:\/\/www.tucomarca.com\/wordpress\/segunda\/wp-content\/uploads\/2016\/08\/gimnasiaritmica.jpg 768w\" sizes=\"auto, (max-width: 300px) 100vw, 300px\" \/><\/a><\/p>\n<p>La gimnasta turisana Elena L\u00f3pez (la primera por la derecha) con sus compa\u00f1eras en R\u00edo.<\/p>\n"},"caption":{"rendered":"<div class=\"mh-excerpt\">La gimnasta turisana Elena L\u00f3pez (la primera por la derecha) con sus compa\u00f1eras en R\u00edo.<\/div>\n<p> <a class=\"mh-excerpt-more\" href=\"https:\/\/www.tucomarca.com\/wordpress\/segunda\/la-turisana-elena-lopez-benaches-medalla-de-plata-con-la-seleccion-espanola-de-gimnasia-ritmica\/gimnasiaritmica\/\" title=\"gimnasiaritmica\">[+] <\/a><\/p>\n"},"alt_text":"La gimnasta turisana Elena L\u00f3pez (la primera por la derecha) con sus compa\u00f1eras en R\u00edo.","media_type":"image","mime_type":"image\/jpeg","media_details":{"width":"768","height":"354","hwstring_small":"height='59' width='128'","file":"2016\/08\/gimnasiaritmica.jpg","sizes":{"thumbnail":{"file":"gimnasiaritmica-290x290.jpg","width":"290","height":"290","source_url":"https:\/\/www.tucomarca.com\/wordpress\/segunda\/wp-content\/uploads\/2016\/08\/gimnasiaritmica-290x290.jpg"},"medium":{"file":"gimnasiaritmica-300x138.jpg","width":"300","height":"138","source_url":"https:\/\/www.tucomarca.com\/wordpress\/segunda\/wp-content\/uploads\/2016\/08\/gimnasiaritmica-300x138.jpg"},"post-thumbnail":{"file":"gimnasiaritmica-50x50.jpg","width":"50","height":"50","source_url":"https:\/\/www.tucomarca.com\/wordpress\/segunda\/wp-content\/uploads\/2016\/08\/gimnasiaritmica-50x50.jpg"},"full":{"file":"gimnasiaritmica.jpg","width":768,"height":354,"mime_type":"image\/jpeg","source_url":"https:\/\/www.tucomarca.com\/wordpress\/segunda\/wp-content\/uploads\/2016\/08\/gimnasiaritmica.jpg"}},"image_meta":{"aperture":"0","credit":"","camera":"","caption":"","created_timestamp":"0","copyright":"","focal_length":"0","iso":"0","shutter_speed":"0","title":""}},"post":48906,"source_url":"https:\/\/www.tucomarca.com\/wordpress\/segunda\/wp-content\/uploads\/2016\/08\/gimnasiaritmica.jpg","_links":{"self":[{"href":"https:\/\/www.tucomarca.com\/wordpress\/segunda\/wp-json\/wp\/v2\/media\/48910","targetHints":{"allow":["GET"]}}],"collection":[{"href":"https:\/\/www.tucomarca.com\/wordpress\/segunda\/wp-json\/wp\/v2\/media"}],"about":[{"href":"https:\/\/www.tucomarca.com\/wordpress\/segunda\/wp-json\/wp\/v2\/types\/attachment"}],"author":[{"embeddable":true,"href":"https:\/\/www.tucomarca.com\/wordpress\/segunda\/wp-json\/wp\/v2\/users\/1"}],"replies":[{"embeddable":true,"href":"https:\/\/www.tucomarca.com\/wordpress\/segunda\/wp-json\/wp\/v2\/comments?post=48910"}],"wp:attached-to":[{"embeddable":true,"post_type":"post","id":48906,"href":"https:\/\/www.tucomarca.com\/wordpress\/segunda\/wp-json\/wp\/v2\/posts\/48906"}],"curies":[{"name":"wp","href":"https:\/\/api.w.org\/{rel}","templated":true}]}}

<p class="attachment"><a href='https://www.tucomarca.com/wordpress/segunda/wp-content/uploads/2016/08/gimnasiaritmica.jpg'><img loading="lazy" decoding="async" width="300" height="138" src="https://www.tucomarca.com/wordpress/segunda/wp-content/uploads/2016/08/gimnasiaritmica-300x138.jpg" class="attachment-medium size-medium" alt="La gimnasta turisana Elena López (la primera por la derecha) con sus compañeras en Río." srcset="https://www.tucomarca.com/wordpress/segunda/wp-content/uploads/2016/08/gimnasiaritmica-300x138.jpg 300w, https://www.tucomarca.com/wordpress/segunda/wp-content/uploads/2016/08/gimnasiaritmica.jpg 768w" sizes="auto, (max-width: 300px) 100vw, 300px" /></a></p>
<p>La gimnasta turisana Elena López (la primera por la derecha) con sus compañeras en Río.</p>

<div class="mh-excerpt">La gimnasta turisana Elena López (la primera por la derecha) con sus compañeras en Río.</div>
<p> <a class="mh-excerpt-more" href="https://www.tucomarca.com/wordpress/segunda/la-turisana-elena-lopez-benaches-medalla-de-plata-con-la-seleccion-espanola-de-gimnasia-ritmica/gimnasiaritmica/" title="gimnasiaritmica">[+] </a></p>

La gimnasta turisana Elena López (la primera por la derecha) con sus compañeras en Río.
