{"id":52690,"date":"2016-12-20T13:16:50","date_gmt":"2016-12-20T10:16:50","guid":{"rendered":"http:\/\/www.tucomarca.com\/wordpress\/segunda\/wp-content\/uploads\/2016\/12\/temporal.jpg"},"modified":"2016-12-20T13:16:50","modified_gmt":"2016-12-20T10:16:50","slug":"temporal","status":"inherit","type":"attachment","link":"https:\/\/www.tucomarca.com\/wordpress\/segunda\/el-temporal-se-ceba-con-el-sector-agropecuario-valenciano-y-deja-perdidas-de-mas-de-170-millones\/temporal\/","title":{"rendered":"temporal"},"author":1,"featured_media":0,"comment_status":"open","ping_status":"open","template":"","meta":[],"class_list":["post-52690","attachment","type-attachment","status-inherit"],"description":{"rendered":"<p class=\"attachment\"><a href='https:\/\/www.tucomarca.com\/wordpress\/segunda\/wp-content\/uploads\/2016\/12\/temporal.jpg'><img loading=\"lazy\" decoding=\"async\" width=\"300\" height=\"225\" src=\"https:\/\/www.tucomarca.com\/wordpress\/segunda\/wp-content\/uploads\/2016\/12\/temporal.jpg\" class=\"attachment-medium size-medium\" alt=\"AVA-ASAJA informa de que los cultivos de c\u00edtricos y de caquis, as\u00ed como las infraestructuras agrarias figuran entre los principales perjudicados de las \u00faltimas lluvias torrenciales.\" \/><\/a><\/p>\n<p>AVA-ASAJA informa de que los cultivos de c\u00edtricos y de caquis, as\u00ed como las infraestructuras agrarias figuran entre los principales perjudicados de las \u00faltimas lluvias torrenciales.<\/p>\n"},"caption":{"rendered":"<div class=\"mh-excerpt\">AVA-ASAJA informa de que los cultivos de c\u00edtricos y de caquis, as\u00ed como las infraestructuras agrarias figuran entre los principales perjudicados de las \u00faltimas lluvias torrenciales.<\/div>\n<p> <a class=\"mh-excerpt-more\" href=\"https:\/\/www.tucomarca.com\/wordpress\/segunda\/el-temporal-se-ceba-con-el-sector-agropecuario-valenciano-y-deja-perdidas-de-mas-de-170-millones\/temporal\/\" title=\"temporal\">[+] <\/a><\/p>\n"},"alt_text":"AVA-ASAJA informa de que los cultivos de c\u00edtricos y de caquis, as\u00ed como las infraestructuras agrarias figuran entre los principales perjudicados de las \u00faltimas lluvias torrenciales.","media_type":"image","mime_type":"image\/jpeg","media_details":{"width":"300","height":"225","hwstring_small":"height='96' width='128'","file":"2016\/12\/temporal.jpg","sizes":{"thumbnail":{"file":"temporal-290x225.jpg","width":"290","height":"225","source_url":"https:\/\/www.tucomarca.com\/wordpress\/segunda\/wp-content\/uploads\/2016\/12\/temporal-290x225.jpg"},"post-thumbnail":{"file":"temporal-50x50.jpg","width":"50","height":"50","source_url":"https:\/\/www.tucomarca.com\/wordpress\/segunda\/wp-content\/uploads\/2016\/12\/temporal-50x50.jpg"},"full":{"file":"temporal.jpg","width":300,"height":225,"mime_type":"image\/jpeg","source_url":"https:\/\/www.tucomarca.com\/wordpress\/segunda\/wp-content\/uploads\/2016\/12\/temporal.jpg"}},"image_meta":{"aperture":"0","credit":"","camera":"","caption":"","created_timestamp":"0","copyright":"","focal_length":"0","iso":"0","shutter_speed":"0","title":""}},"post":52668,"source_url":"https:\/\/www.tucomarca.com\/wordpress\/segunda\/wp-content\/uploads\/2016\/12\/temporal.jpg","_links":{"self":[{"href":"https:\/\/www.tucomarca.com\/wordpress\/segunda\/wp-json\/wp\/v2\/media\/52690","targetHints":{"allow":["GET"]}}],"collection":[{"href":"https:\/\/www.tucomarca.com\/wordpress\/segunda\/wp-json\/wp\/v2\/media"}],"about":[{"href":"https:\/\/www.tucomarca.com\/wordpress\/segunda\/wp-json\/wp\/v2\/types\/attachment"}],"author":[{"embeddable":true,"href":"https:\/\/www.tucomarca.com\/wordpress\/segunda\/wp-json\/wp\/v2\/users\/1"}],"replies":[{"embeddable":true,"href":"https:\/\/www.tucomarca.com\/wordpress\/segunda\/wp-json\/wp\/v2\/comments?post=52690"}],"wp:attached-to":[{"embeddable":true,"post_type":"post","id":52668,"href":"https:\/\/www.tucomarca.com\/wordpress\/segunda\/wp-json\/wp\/v2\/posts\/52668"}],"curies":[{"name":"wp","href":"https:\/\/api.w.org\/{rel}","templated":true}]}}

<p class="attachment"><a href='https://www.tucomarca.com/wordpress/segunda/wp-content/uploads/2016/12/temporal.jpg'><img loading="lazy" decoding="async" width="300" height="225" src="https://www.tucomarca.com/wordpress/segunda/wp-content/uploads/2016/12/temporal.jpg" class="attachment-medium size-medium" alt="AVA-ASAJA informa de que los cultivos de cítricos y de caquis, así como las infraestructuras agrarias figuran entre los principales perjudicados de las últimas lluvias torrenciales." /></a></p>
<p>AVA-ASAJA informa de que los cultivos de cítricos y de caquis, así como las infraestructuras agrarias figuran entre los principales perjudicados de las últimas lluvias torrenciales.</p>

<div class="mh-excerpt">AVA-ASAJA informa de que los cultivos de cítricos y de caquis, así como las infraestructuras agrarias figuran entre los principales perjudicados de las últimas lluvias torrenciales.</div>
<p> <a class="mh-excerpt-more" href="https://www.tucomarca.com/wordpress/segunda/el-temporal-se-ceba-con-el-sector-agropecuario-valenciano-y-deja-perdidas-de-mas-de-170-millones/temporal/" title="temporal">[+] </a></p>

AVA-ASAJA informa de que los cultivos de cítricos y de caquis, así como las infraestructuras agrarias figuran entre los principales perjudicados de las últimas lluvias torrenciales.
