{"id":5346,"date":"2012-07-11T20:12:44","date_gmt":"2012-07-11T18:12:44","guid":{"rendered":"http:\/\/www.tucomarca.com\/wordpress\/segunda\/wp-content\/uploads\/2012\/07\/MG_3714.jpg"},"modified":"2012-07-11T20:12:44","modified_gmt":"2012-07-11T18:12:44","slug":"_mg_3714","status":"inherit","type":"attachment","link":"https:\/\/www.tucomarca.com\/wordpress\/segunda\/la-diputacion-de-valencia-cifra-en-43-millones-los-danos-del-incendio-en-infraestructuras-locales\/_mg_3714\/","title":{"rendered":"_MG_3714"},"author":1,"featured_media":0,"comment_status":"open","ping_status":"open","template":"","meta":[],"class_list":["post-5346","attachment","type-attachment","status-inherit"],"description":{"rendered":"<p class=\"attachment\"><a href='https:\/\/www.tucomarca.com\/wordpress\/segunda\/wp-content\/uploads\/2012\/07\/MG_3714.jpg'><img loading=\"lazy\" decoding=\"async\" width=\"300\" height=\"194\" src=\"https:\/\/www.tucomarca.com\/wordpress\/segunda\/wp-content\/uploads\/2012\/07\/MG_3714-300x194.jpg\" class=\"attachment-medium size-medium\" alt=\"Reuni\u00f3n mantenida este mi\u00e9rcols en la sede de la Diputaci\u00f3n.\" srcset=\"https:\/\/www.tucomarca.com\/wordpress\/segunda\/wp-content\/uploads\/2012\/07\/MG_3714-300x194.jpg 300w, https:\/\/www.tucomarca.com\/wordpress\/segunda\/wp-content\/uploads\/2012\/07\/MG_3714.jpg 800w\" sizes=\"auto, (max-width: 300px) 100vw, 300px\" \/><\/a><\/p>\n<p>Reuni\u00f3n mantenida este mi\u00e9rcols en la sede de la Diputaci\u00f3n.<\/p>\n"},"caption":{"rendered":"<div class=\"mh-excerpt\">Reuni\u00f3n mantenida este mi\u00e9rcols en la sede de la Diputaci\u00f3n.<\/div>\n<p> <a class=\"mh-excerpt-more\" href=\"https:\/\/www.tucomarca.com\/wordpress\/segunda\/la-diputacion-de-valencia-cifra-en-43-millones-los-danos-del-incendio-en-infraestructuras-locales\/_mg_3714\/\" title=\"_MG_3714\">[+] <\/a><\/p>\n"},"alt_text":"Reuni\u00f3n mantenida este mi\u00e9rcols en la sede de la Diputaci\u00f3n.","media_type":"image","mime_type":"image\/jpeg","media_details":{"width":"800","height":"518","hwstring_small":"height='82' width='128'","file":"2012\/07\/MG_3714.jpg","sizes":{"thumbnail":{"file":"MG_3714-290x290.jpg","width":"290","height":"290","source_url":"https:\/\/www.tucomarca.com\/wordpress\/segunda\/wp-content\/uploads\/2012\/07\/MG_3714-290x290.jpg"},"medium":{"file":"MG_3714-300x194.jpg","width":"300","height":"194","source_url":"https:\/\/www.tucomarca.com\/wordpress\/segunda\/wp-content\/uploads\/2012\/07\/MG_3714-300x194.jpg"},"post-thumbnail":{"file":"MG_3714-50x50.jpg","width":"50","height":"50","source_url":"https:\/\/www.tucomarca.com\/wordpress\/segunda\/wp-content\/uploads\/2012\/07\/MG_3714-50x50.jpg"},"full":{"file":"MG_3714.jpg","width":800,"height":518,"mime_type":"image\/jpeg","source_url":"https:\/\/www.tucomarca.com\/wordpress\/segunda\/wp-content\/uploads\/2012\/07\/MG_3714.jpg"}},"image_meta":{"aperture":"2.8","credit":"Eva Ma\u0096ez","camera":"Canon EOS 5D","caption":"","created_timestamp":"1342028872","copyright":"Eva Manez","focal_length":"16","iso":"500","shutter_speed":"0.008","title":""}},"post":5344,"source_url":"https:\/\/www.tucomarca.com\/wordpress\/segunda\/wp-content\/uploads\/2012\/07\/MG_3714.jpg","_links":{"self":[{"href":"https:\/\/www.tucomarca.com\/wordpress\/segunda\/wp-json\/wp\/v2\/media\/5346","targetHints":{"allow":["GET"]}}],"collection":[{"href":"https:\/\/www.tucomarca.com\/wordpress\/segunda\/wp-json\/wp\/v2\/media"}],"about":[{"href":"https:\/\/www.tucomarca.com\/wordpress\/segunda\/wp-json\/wp\/v2\/types\/attachment"}],"author":[{"embeddable":true,"href":"https:\/\/www.tucomarca.com\/wordpress\/segunda\/wp-json\/wp\/v2\/users\/1"}],"replies":[{"embeddable":true,"href":"https:\/\/www.tucomarca.com\/wordpress\/segunda\/wp-json\/wp\/v2\/comments?post=5346"}],"wp:attached-to":[{"embeddable":true,"post_type":"post","id":5344,"href":"https:\/\/www.tucomarca.com\/wordpress\/segunda\/wp-json\/wp\/v2\/posts\/5344"}],"curies":[{"name":"wp","href":"https:\/\/api.w.org\/{rel}","templated":true}]}}

<p class="attachment"><a href='https://www.tucomarca.com/wordpress/segunda/wp-content/uploads/2012/07/MG_3714.jpg'><img loading="lazy" decoding="async" width="300" height="194" src="https://www.tucomarca.com/wordpress/segunda/wp-content/uploads/2012/07/MG_3714-300x194.jpg" class="attachment-medium size-medium" alt="Reunión mantenida este miércols en la sede de la Diputación." srcset="https://www.tucomarca.com/wordpress/segunda/wp-content/uploads/2012/07/MG_3714-300x194.jpg 300w, https://www.tucomarca.com/wordpress/segunda/wp-content/uploads/2012/07/MG_3714.jpg 800w" sizes="auto, (max-width: 300px) 100vw, 300px" /></a></p>
<p>Reunión mantenida este miércols en la sede de la Diputación.</p>

<div class="mh-excerpt">Reunión mantenida este miércols en la sede de la Diputación.</div>
<p> <a class="mh-excerpt-more" href="https://www.tucomarca.com/wordpress/segunda/la-diputacion-de-valencia-cifra-en-43-millones-los-danos-del-incendio-en-infraestructuras-locales/_mg_3714/" title="_MG_3714">[+] </a></p>

Reunión mantenida este miércols en la sede de la Diputación.
