{"id":54348,"date":"2017-02-17T23:12:51","date_gmt":"2017-02-17T20:12:51","guid":{"rendered":"http:\/\/www.tucomarca.com\/wordpress\/segunda\/wp-content\/uploads\/2017\/02\/Naqueraalcalde.jpg"},"modified":"2017-02-17T23:12:51","modified_gmt":"2017-02-17T20:12:51","slug":"naqueraalcalde","status":"inherit","type":"attachment","link":"https:\/\/www.tucomarca.com\/wordpress\/segunda\/la-diputacion-enviara-a-tecnicos-a-naquera-para-valorar-los-danos-tras-el-derrumbe-en-la-escollera-del-alquible\/naqueraalcalde\/","title":{"rendered":"Naqueraalcalde"},"author":1,"featured_media":0,"comment_status":"open","ping_status":"open","template":"","meta":[],"class_list":["post-54348","attachment","type-attachment","status-inherit"],"description":{"rendered":"<p class=\"attachment\"><a href='https:\/\/www.tucomarca.com\/wordpress\/segunda\/wp-content\/uploads\/2017\/02\/Naqueraalcalde.jpg'><img loading=\"lazy\" decoding=\"async\" width=\"300\" height=\"162\" src=\"https:\/\/www.tucomarca.com\/wordpress\/segunda\/wp-content\/uploads\/2017\/02\/Naqueraalcalde-300x162.jpg\" class=\"attachment-medium size-medium\" alt=\"El presidente, Jorge Rodr\u00edguez, recibe al alcalde, Dami\u00e1n Ib\u00e1\u00f1ez, que expone los da\u00f1os ocasionados por las lluvias en esta zona del municipio, que ya estaba muy deteriorada.\" srcset=\"https:\/\/www.tucomarca.com\/wordpress\/segunda\/wp-content\/uploads\/2017\/02\/Naqueraalcalde-300x162.jpg 300w, https:\/\/www.tucomarca.com\/wordpress\/segunda\/wp-content\/uploads\/2017\/02\/Naqueraalcalde-1024x555.jpg 1024w\" sizes=\"auto, (max-width: 300px) 100vw, 300px\" \/><\/a><\/p>\n<p>El presidente, Jorge Rodr\u00edguez, recibe al alcalde, Dami\u00e1n Ib\u00e1\u00f1ez, que expone los da\u00f1os ocasionados por las lluvias en esta zona del municipio, que ya estaba muy deteriorada.<\/p>\n"},"caption":{"rendered":"<div class=\"mh-excerpt\">El presidente, Jorge Rodr\u00edguez, recibe al alcalde, Dami\u00e1n Ib\u00e1\u00f1ez, que expone los da\u00f1os ocasionados por las lluvias en esta zona del municipio, que ya estaba muy deteriorada.<\/div>\n<p> <a class=\"mh-excerpt-more\" href=\"https:\/\/www.tucomarca.com\/wordpress\/segunda\/la-diputacion-enviara-a-tecnicos-a-naquera-para-valorar-los-danos-tras-el-derrumbe-en-la-escollera-del-alquible\/naqueraalcalde\/\" title=\"Naqueraalcalde\">[+] <\/a><\/p>\n"},"alt_text":"El presidente, Jorge Rodr\u00edguez, recibe al alcalde, Dami\u00e1n Ib\u00e1\u00f1ez, que expone los da\u00f1os ocasionados por las lluvias en esta zona del municipio, que ya estaba muy deteriorada.","media_type":"image","mime_type":"image\/jpeg","media_details":{"width":"2362","height":"1281","hwstring_small":"height='69' width='128'","file":"2017\/02\/Naqueraalcalde.jpg","sizes":{"thumbnail":{"file":"Naqueraalcalde-290x290.jpg","width":"290","height":"290","source_url":"https:\/\/www.tucomarca.com\/wordpress\/segunda\/wp-content\/uploads\/2017\/02\/Naqueraalcalde-290x290.jpg"},"medium":{"file":"Naqueraalcalde-300x162.jpg","width":"300","height":"162","source_url":"https:\/\/www.tucomarca.com\/wordpress\/segunda\/wp-content\/uploads\/2017\/02\/Naqueraalcalde-300x162.jpg"},"large":{"file":"Naqueraalcalde-1024x555.jpg","width":"1024","height":"555","source_url":"https:\/\/www.tucomarca.com\/wordpress\/segunda\/wp-content\/uploads\/2017\/02\/Naqueraalcalde-1024x555.jpg"},"post-thumbnail":{"file":"Naqueraalcalde-50x50.jpg","width":"50","height":"50","source_url":"https:\/\/www.tucomarca.com\/wordpress\/segunda\/wp-content\/uploads\/2017\/02\/Naqueraalcalde-50x50.jpg"},"gabfire":{"file":"Naqueraalcalde-1024x555.jpg","width":"1024","height":"555","source_url":"https:\/\/www.tucomarca.com\/wordpress\/segunda\/wp-content\/uploads\/2017\/02\/Naqueraalcalde-1024x555.jpg"},"full":{"file":"Naqueraalcalde.jpg","width":2362,"height":1281,"mime_type":"image\/jpeg","source_url":"https:\/\/www.tucomarca.com\/wordpress\/segunda\/wp-content\/uploads\/2017\/02\/Naqueraalcalde.jpg"}},"image_meta":{"aperture":"0","credit":"Raquel Abulaila","camera":"","caption":"","created_timestamp":"0","copyright":"Raquel Abulaila","focal_length":"0","iso":"0","shutter_speed":"0","title":""}},"post":54347,"source_url":"https:\/\/www.tucomarca.com\/wordpress\/segunda\/wp-content\/uploads\/2017\/02\/Naqueraalcalde.jpg","_links":{"self":[{"href":"https:\/\/www.tucomarca.com\/wordpress\/segunda\/wp-json\/wp\/v2\/media\/54348","targetHints":{"allow":["GET"]}}],"collection":[{"href":"https:\/\/www.tucomarca.com\/wordpress\/segunda\/wp-json\/wp\/v2\/media"}],"about":[{"href":"https:\/\/www.tucomarca.com\/wordpress\/segunda\/wp-json\/wp\/v2\/types\/attachment"}],"author":[{"embeddable":true,"href":"https:\/\/www.tucomarca.com\/wordpress\/segunda\/wp-json\/wp\/v2\/users\/1"}],"replies":[{"embeddable":true,"href":"https:\/\/www.tucomarca.com\/wordpress\/segunda\/wp-json\/wp\/v2\/comments?post=54348"}],"wp:attached-to":[{"embeddable":true,"post_type":"post","id":54347,"href":"https:\/\/www.tucomarca.com\/wordpress\/segunda\/wp-json\/wp\/v2\/posts\/54347"}],"curies":[{"name":"wp","href":"https:\/\/api.w.org\/{rel}","templated":true}]}}

<p class="attachment"><a href='https://www.tucomarca.com/wordpress/segunda/wp-content/uploads/2017/02/Naqueraalcalde.jpg'><img loading="lazy" decoding="async" width="300" height="162" src="https://www.tucomarca.com/wordpress/segunda/wp-content/uploads/2017/02/Naqueraalcalde-300x162.jpg" class="attachment-medium size-medium" alt="El presidente, Jorge Rodríguez, recibe al alcalde, Damián Ibáñez, que expone los daños ocasionados por las lluvias en esta zona del municipio, que ya estaba muy deteriorada." srcset="https://www.tucomarca.com/wordpress/segunda/wp-content/uploads/2017/02/Naqueraalcalde-300x162.jpg 300w, https://www.tucomarca.com/wordpress/segunda/wp-content/uploads/2017/02/Naqueraalcalde-1024x555.jpg 1024w" sizes="auto, (max-width: 300px) 100vw, 300px" /></a></p>
<p>El presidente, Jorge Rodríguez, recibe al alcalde, Damián Ibáñez, que expone los daños ocasionados por las lluvias en esta zona del municipio, que ya estaba muy deteriorada.</p>

<div class="mh-excerpt">El presidente, Jorge Rodríguez, recibe al alcalde, Damián Ibáñez, que expone los daños ocasionados por las lluvias en esta zona del municipio, que ya estaba muy deteriorada.</div>
<p> <a class="mh-excerpt-more" href="https://www.tucomarca.com/wordpress/segunda/la-diputacion-enviara-a-tecnicos-a-naquera-para-valorar-los-danos-tras-el-derrumbe-en-la-escollera-del-alquible/naqueraalcalde/" title="Naqueraalcalde">[+] </a></p>

El presidente, Jorge Rodríguez, recibe al alcalde, Damián Ibáñez, que expone los daños ocasionados por las lluvias en esta zona del municipio, que ya estaba muy deteriorada.
