{"id":54360,"date":"2017-02-17T23:31:17","date_gmt":"2017-02-17T20:31:17","guid":{"rendered":"http:\/\/www.tucomarca.com\/wordpress\/segunda\/wp-content\/uploads\/2017\/02\/Bunyol_galadep.jpg"},"modified":"2017-02-17T23:31:17","modified_gmt":"2017-02-17T20:31:17","slug":"bunyol_galadep","status":"inherit","type":"attachment","link":"https:\/\/www.tucomarca.com\/wordpress\/segunda\/la-gala-del-deporte-de-bunol-garantiza-sorpresas-espectacularidad-y-mucha-diversion\/bunyol_galadep\/","title":{"rendered":"Bunyol_galadep"},"author":1,"featured_media":0,"comment_status":"open","ping_status":"open","template":"","meta":[],"class_list":["post-54360","attachment","type-attachment","status-inherit"],"description":{"rendered":"<p class=\"attachment\"><a href='https:\/\/www.tucomarca.com\/wordpress\/segunda\/wp-content\/uploads\/2017\/02\/Bunyol_galadep.jpg'><img loading=\"lazy\" decoding=\"async\" width=\"300\" height=\"168\" src=\"https:\/\/www.tucomarca.com\/wordpress\/segunda\/wp-content\/uploads\/2017\/02\/Bunyol_galadep-300x168.jpg\" class=\"attachment-medium size-medium\" alt=\"El pr\u00f3ximo 9 de junio se celebrar\u00e1 su primera edici\u00f3n y en ella se rendir\u00e1 homenaje a una personalidad relevante en el mundo del deporte.\" srcset=\"https:\/\/www.tucomarca.com\/wordpress\/segunda\/wp-content\/uploads\/2017\/02\/Bunyol_galadep-300x168.jpg 300w, https:\/\/www.tucomarca.com\/wordpress\/segunda\/wp-content\/uploads\/2017\/02\/Bunyol_galadep-1024x576.jpg 1024w, https:\/\/www.tucomarca.com\/wordpress\/segunda\/wp-content\/uploads\/2017\/02\/Bunyol_galadep.jpg 1280w\" sizes=\"auto, (max-width: 300px) 100vw, 300px\" \/><\/a><\/p>\n<p>El pr\u00f3ximo 9 de junio se celebrar\u00e1 su primera edici\u00f3n y en ella se rendir\u00e1 homenaje a una personalidad relevante en el mundo del deporte.<\/p>\n"},"caption":{"rendered":"<div class=\"mh-excerpt\">El pr\u00f3ximo 9 de junio se celebrar\u00e1 su primera edici\u00f3n y en ella se rendir\u00e1 homenaje a una personalidad relevante en el mundo del deporte.<\/div>\n<p> <a class=\"mh-excerpt-more\" href=\"https:\/\/www.tucomarca.com\/wordpress\/segunda\/la-gala-del-deporte-de-bunol-garantiza-sorpresas-espectacularidad-y-mucha-diversion\/bunyol_galadep\/\" title=\"Bunyol_galadep\">[+] <\/a><\/p>\n"},"alt_text":"El pr\u00f3ximo 9 de junio se celebrar\u00e1 su primera edici\u00f3n y en ella se rendir\u00e1 homenaje a una personalidad relevante en el mundo del deporte.","media_type":"image","mime_type":"image\/jpeg","media_details":{"width":"1280","height":"720","hwstring_small":"height='72' width='128'","file":"2017\/02\/Bunyol_galadep.jpg","sizes":{"thumbnail":{"file":"Bunyol_galadep-290x290.jpg","width":"290","height":"290","source_url":"https:\/\/www.tucomarca.com\/wordpress\/segunda\/wp-content\/uploads\/2017\/02\/Bunyol_galadep-290x290.jpg"},"medium":{"file":"Bunyol_galadep-300x168.jpg","width":"300","height":"168","source_url":"https:\/\/www.tucomarca.com\/wordpress\/segunda\/wp-content\/uploads\/2017\/02\/Bunyol_galadep-300x168.jpg"},"large":{"file":"Bunyol_galadep-1024x576.jpg","width":"1024","height":"576","source_url":"https:\/\/www.tucomarca.com\/wordpress\/segunda\/wp-content\/uploads\/2017\/02\/Bunyol_galadep-1024x576.jpg"},"post-thumbnail":{"file":"Bunyol_galadep-50x50.jpg","width":"50","height":"50","source_url":"https:\/\/www.tucomarca.com\/wordpress\/segunda\/wp-content\/uploads\/2017\/02\/Bunyol_galadep-50x50.jpg"},"gabfire":{"file":"Bunyol_galadep-1024x576.jpg","width":"1024","height":"576","source_url":"https:\/\/www.tucomarca.com\/wordpress\/segunda\/wp-content\/uploads\/2017\/02\/Bunyol_galadep-1024x576.jpg"},"full":{"file":"Bunyol_galadep.jpg","width":1280,"height":720,"mime_type":"image\/jpeg","source_url":"https:\/\/www.tucomarca.com\/wordpress\/segunda\/wp-content\/uploads\/2017\/02\/Bunyol_galadep.jpg"}},"image_meta":{"aperture":"0","credit":"","camera":"","caption":"","created_timestamp":"0","copyright":"","focal_length":"0","iso":"0","shutter_speed":"0","title":""}},"post":54359,"source_url":"https:\/\/www.tucomarca.com\/wordpress\/segunda\/wp-content\/uploads\/2017\/02\/Bunyol_galadep.jpg","_links":{"self":[{"href":"https:\/\/www.tucomarca.com\/wordpress\/segunda\/wp-json\/wp\/v2\/media\/54360","targetHints":{"allow":["GET"]}}],"collection":[{"href":"https:\/\/www.tucomarca.com\/wordpress\/segunda\/wp-json\/wp\/v2\/media"}],"about":[{"href":"https:\/\/www.tucomarca.com\/wordpress\/segunda\/wp-json\/wp\/v2\/types\/attachment"}],"author":[{"embeddable":true,"href":"https:\/\/www.tucomarca.com\/wordpress\/segunda\/wp-json\/wp\/v2\/users\/1"}],"replies":[{"embeddable":true,"href":"https:\/\/www.tucomarca.com\/wordpress\/segunda\/wp-json\/wp\/v2\/comments?post=54360"}],"wp:attached-to":[{"embeddable":true,"post_type":"post","id":54359,"href":"https:\/\/www.tucomarca.com\/wordpress\/segunda\/wp-json\/wp\/v2\/posts\/54359"}],"curies":[{"name":"wp","href":"https:\/\/api.w.org\/{rel}","templated":true}]}}

<p class="attachment"><a href='https://www.tucomarca.com/wordpress/segunda/wp-content/uploads/2017/02/Bunyol_galadep.jpg'><img loading="lazy" decoding="async" width="300" height="168" src="https://www.tucomarca.com/wordpress/segunda/wp-content/uploads/2017/02/Bunyol_galadep-300x168.jpg" class="attachment-medium size-medium" alt="El próximo 9 de junio se celebrará su primera edición y en ella se rendirá homenaje a una personalidad relevante en el mundo del deporte." srcset="https://www.tucomarca.com/wordpress/segunda/wp-content/uploads/2017/02/Bunyol_galadep-300x168.jpg 300w, https://www.tucomarca.com/wordpress/segunda/wp-content/uploads/2017/02/Bunyol_galadep-1024x576.jpg 1024w, https://www.tucomarca.com/wordpress/segunda/wp-content/uploads/2017/02/Bunyol_galadep.jpg 1280w" sizes="auto, (max-width: 300px) 100vw, 300px" /></a></p>
<p>El próximo 9 de junio se celebrará su primera edición y en ella se rendirá homenaje a una personalidad relevante en el mundo del deporte.</p>

<div class="mh-excerpt">El próximo 9 de junio se celebrará su primera edición y en ella se rendirá homenaje a una personalidad relevante en el mundo del deporte.</div>
<p> <a class="mh-excerpt-more" href="https://www.tucomarca.com/wordpress/segunda/la-gala-del-deporte-de-bunol-garantiza-sorpresas-espectacularidad-y-mucha-diversion/bunyol_galadep/" title="Bunyol_galadep">[+] </a></p>

El próximo 9 de junio se celebrará su primera edición y en ella se rendirá homenaje a una personalidad relevante en el mundo del deporte.
