{"id":56223,"date":"2017-04-28T08:43:59","date_gmt":"2017-04-28T06:43:59","guid":{"rendered":"http:\/\/www.tucomarca.com\/wordpress\/segunda\/wp-content\/uploads\/2017\/04\/RondaVilamarxantCV-370.jpg"},"modified":"2017-04-28T08:44:07","modified_gmt":"2017-04-28T06:44:07","slug":"epv-ronda-vilamarxant-cv-370-s466ep","status":"inherit","type":"attachment","link":"https:\/\/www.tucomarca.com\/wordpress\/segunda\/primer-paso-en-firme-para-la-construccion-de-la-ronda-oeste-de-vilamarxant-cv-50\/epv-ronda-vilamarxant-cv-370-s466ep\/","title":{"rendered":"EPV RONDA VILAMARXANT CV-370 S466EP"},"author":1,"featured_media":0,"comment_status":"open","ping_status":"closed","template":"","meta":[],"class_list":["post-56223","attachment","type-attachment","status-inherit"],"description":{"rendered":"<p class=\"attachment\"><a href='https:\/\/www.tucomarca.com\/wordpress\/segunda\/wp-content\/uploads\/2017\/04\/RondaVilamarxantCV-370.jpg'><img loading=\"lazy\" decoding=\"async\" width=\"300\" height=\"265\" src=\"https:\/\/www.tucomarca.com\/wordpress\/segunda\/wp-content\/uploads\/2017\/04\/RondaVilamarxantCV-370-300x265.jpg\" class=\"attachment-medium size-medium\" alt=\"Se inician as\u00ed los tr\u00e1mites para cumplir una reivindicaci\u00f3n hist\u00f3rica de la localidad: desviar el tr\u00e1fico del casco urbano.\" srcset=\"https:\/\/www.tucomarca.com\/wordpress\/segunda\/wp-content\/uploads\/2017\/04\/RondaVilamarxantCV-370-300x265.jpg 300w, https:\/\/www.tucomarca.com\/wordpress\/segunda\/wp-content\/uploads\/2017\/04\/RondaVilamarxantCV-370-768x679.jpg 768w, https:\/\/www.tucomarca.com\/wordpress\/segunda\/wp-content\/uploads\/2017\/04\/RondaVilamarxantCV-370.jpg 1015w\" sizes=\"auto, (max-width: 300px) 100vw, 300px\" \/><\/a><\/p>\n<p>Se inician as\u00ed los tr\u00e1mites para cumplir una reivindicaci\u00f3n hist\u00f3rica de la localidad: desviar el tr\u00e1fico del casco urbano.<\/p>\n"},"caption":{"rendered":"<div class=\"mh-excerpt\">Se inician as\u00ed los tr\u00e1mites para cumplir una reivindicaci\u00f3n hist\u00f3rica de la localidad: desviar el tr\u00e1fico del casco urbano.<\/div>\n<p> <a class=\"mh-excerpt-more\" href=\"https:\/\/www.tucomarca.com\/wordpress\/segunda\/primer-paso-en-firme-para-la-construccion-de-la-ronda-oeste-de-vilamarxant-cv-50\/epv-ronda-vilamarxant-cv-370-s466ep\/\" title=\"EPV RONDA VILAMARXANT CV-370 S466EP\">[+] <\/a><\/p>\n"},"alt_text":"Se inician as\u00ed los tr\u00e1mites para cumplir una reivindicaci\u00f3n hist\u00f3rica de la localidad: desviar el tr\u00e1fico del casco urbano.","media_type":"image","mime_type":"image\/jpeg","media_details":{"width":1015,"height":897,"file":"2017\/04\/RondaVilamarxantCV-370.jpg","sizes":{"thumbnail":{"file":"RondaVilamarxantCV-370-290x290.jpg","width":290,"height":290,"mime_type":"image\/jpeg","source_url":"https:\/\/www.tucomarca.com\/wordpress\/segunda\/wp-content\/uploads\/2017\/04\/RondaVilamarxantCV-370-290x290.jpg"},"medium":{"file":"RondaVilamarxantCV-370-300x265.jpg","width":300,"height":265,"mime_type":"image\/jpeg","source_url":"https:\/\/www.tucomarca.com\/wordpress\/segunda\/wp-content\/uploads\/2017\/04\/RondaVilamarxantCV-370-300x265.jpg"},"medium_large":{"file":"RondaVilamarxantCV-370-768x679.jpg","width":768,"height":679,"mime_type":"image\/jpeg","source_url":"https:\/\/www.tucomarca.com\/wordpress\/segunda\/wp-content\/uploads\/2017\/04\/RondaVilamarxantCV-370-768x679.jpg"},"post-thumbnail":{"file":"RondaVilamarxantCV-370-50x50.jpg","width":50,"height":50,"mime_type":"image\/jpeg","source_url":"https:\/\/www.tucomarca.com\/wordpress\/segunda\/wp-content\/uploads\/2017\/04\/RondaVilamarxantCV-370-50x50.jpg"},"full":{"file":"RondaVilamarxantCV-370.jpg","width":1015,"height":897,"mime_type":"image\/jpeg","source_url":"https:\/\/www.tucomarca.com\/wordpress\/segunda\/wp-content\/uploads\/2017\/04\/RondaVilamarxantCV-370.jpg"}},"image_meta":{"aperture":"0","credit":"jmontesinos","camera":"","caption":"","created_timestamp":"0","copyright":"","focal_length":"0","iso":"0","shutter_speed":"0","title":"EPV RONDA VILAMARXANT CV-370 S466EP","orientation":"1","keywords":[]}},"post":56222,"source_url":"https:\/\/www.tucomarca.com\/wordpress\/segunda\/wp-content\/uploads\/2017\/04\/RondaVilamarxantCV-370.jpg","_links":{"self":[{"href":"https:\/\/www.tucomarca.com\/wordpress\/segunda\/wp-json\/wp\/v2\/media\/56223","targetHints":{"allow":["GET"]}}],"collection":[{"href":"https:\/\/www.tucomarca.com\/wordpress\/segunda\/wp-json\/wp\/v2\/media"}],"about":[{"href":"https:\/\/www.tucomarca.com\/wordpress\/segunda\/wp-json\/wp\/v2\/types\/attachment"}],"author":[{"embeddable":true,"href":"https:\/\/www.tucomarca.com\/wordpress\/segunda\/wp-json\/wp\/v2\/users\/1"}],"replies":[{"embeddable":true,"href":"https:\/\/www.tucomarca.com\/wordpress\/segunda\/wp-json\/wp\/v2\/comments?post=56223"}],"wp:attached-to":[{"embeddable":true,"post_type":"post","id":56222,"href":"https:\/\/www.tucomarca.com\/wordpress\/segunda\/wp-json\/wp\/v2\/posts\/56222"}],"curies":[{"name":"wp","href":"https:\/\/api.w.org\/{rel}","templated":true}]}}

<p class="attachment"><a href='https://www.tucomarca.com/wordpress/segunda/wp-content/uploads/2017/04/RondaVilamarxantCV-370.jpg'><img loading="lazy" decoding="async" width="300" height="265" src="https://www.tucomarca.com/wordpress/segunda/wp-content/uploads/2017/04/RondaVilamarxantCV-370-300x265.jpg" class="attachment-medium size-medium" alt="Se inician así los trámites para cumplir una reivindicación histórica de la localidad: desviar el tráfico del casco urbano." srcset="https://www.tucomarca.com/wordpress/segunda/wp-content/uploads/2017/04/RondaVilamarxantCV-370-300x265.jpg 300w, https://www.tucomarca.com/wordpress/segunda/wp-content/uploads/2017/04/RondaVilamarxantCV-370-768x679.jpg 768w, https://www.tucomarca.com/wordpress/segunda/wp-content/uploads/2017/04/RondaVilamarxantCV-370.jpg 1015w" sizes="auto, (max-width: 300px) 100vw, 300px" /></a></p>
<p>Se inician así los trámites para cumplir una reivindicación histórica de la localidad: desviar el tráfico del casco urbano.</p>

<div class="mh-excerpt">Se inician así los trámites para cumplir una reivindicación histórica de la localidad: desviar el tráfico del casco urbano.</div>
<p> <a class="mh-excerpt-more" href="https://www.tucomarca.com/wordpress/segunda/primer-paso-en-firme-para-la-construccion-de-la-ronda-oeste-de-vilamarxant-cv-50/epv-ronda-vilamarxant-cv-370-s466ep/" title="EPV RONDA VILAMARXANT CV-370 S466EP">[+] </a></p>

Se inician así los trámites para cumplir una reivindicación histórica de la localidad: desviar el tráfico del casco urbano.
