{"id":56656,"date":"2017-05-16T12:18:20","date_gmt":"2017-05-16T10:18:20","guid":{"rendered":"http:\/\/www.tucomarca.com\/wordpress\/segunda\/wp-content\/uploads\/2017\/05\/divalterra_ademuz.jpg"},"modified":"2017-05-16T12:19:34","modified_gmt":"2017-05-16T10:19:34","slug":"divalterra_ademuz","status":"inherit","type":"attachment","link":"https:\/\/www.tucomarca.com\/wordpress\/segunda\/les-brigades-forestals-de-divalterra-condicionen-barrancs-i-llits-del-raco-dademus\/divalterra_ademuz\/","title":{"rendered":"divalterra_ademuz"},"author":2,"featured_media":0,"comment_status":"open","ping_status":"closed","template":"","meta":[],"class_list":["post-56656","attachment","type-attachment","status-inherit"],"description":{"rendered":"<p class=\"attachment\"><a href='https:\/\/www.tucomarca.com\/wordpress\/segunda\/wp-content\/uploads\/2017\/05\/divalterra_ademuz.jpg'><img loading=\"lazy\" decoding=\"async\" width=\"300\" height=\"169\" src=\"https:\/\/www.tucomarca.com\/wordpress\/segunda\/wp-content\/uploads\/2017\/05\/divalterra_ademuz-300x169.jpg\" class=\"attachment-medium size-medium\" alt=\"La actuaciones comprenden la eliminaci\u00f3n de vegetaci\u00f3n oclusiva y actuaciones selectivas sobre la vegetaci\u00f3n.\" srcset=\"https:\/\/www.tucomarca.com\/wordpress\/segunda\/wp-content\/uploads\/2017\/05\/divalterra_ademuz-300x169.jpg 300w, https:\/\/www.tucomarca.com\/wordpress\/segunda\/wp-content\/uploads\/2017\/05\/divalterra_ademuz-768x432.jpg 768w, https:\/\/www.tucomarca.com\/wordpress\/segunda\/wp-content\/uploads\/2017\/05\/divalterra_ademuz.jpg 850w\" sizes=\"auto, (max-width: 300px) 100vw, 300px\" \/><\/a><\/p>\n<p>La actuaciones comprenden la eliminaci\u00f3n de vegetaci\u00f3n oclusiva y actuaciones selectivas sobre la vegetaci\u00f3n.<\/p>\n"},"caption":{"rendered":"<div class=\"mh-excerpt\">La actuaciones comprenden la eliminaci\u00f3n de vegetaci\u00f3n oclusiva y actuaciones selectivas sobre la vegetaci\u00f3n.\n<\/div>\n<p> <a class=\"mh-excerpt-more\" href=\"https:\/\/www.tucomarca.com\/wordpress\/segunda\/les-brigades-forestals-de-divalterra-condicionen-barrancs-i-llits-del-raco-dademus\/divalterra_ademuz\/\" title=\"divalterra_ademuz\">[+] <\/a><\/p>\n"},"alt_text":"La actuaciones comprenden la eliminaci\u00f3n de vegetaci\u00f3n oclusiva y actuaciones selectivas sobre la vegetaci\u00f3n.","media_type":"image","mime_type":"image\/jpeg","media_details":{"width":850,"height":478,"file":"2017\/05\/divalterra_ademuz.jpg","sizes":{"thumbnail":{"file":"divalterra_ademuz-290x290.jpg","width":290,"height":290,"mime_type":"image\/jpeg","source_url":"https:\/\/www.tucomarca.com\/wordpress\/segunda\/wp-content\/uploads\/2017\/05\/divalterra_ademuz-290x290.jpg"},"medium":{"file":"divalterra_ademuz-300x169.jpg","width":300,"height":169,"mime_type":"image\/jpeg","source_url":"https:\/\/www.tucomarca.com\/wordpress\/segunda\/wp-content\/uploads\/2017\/05\/divalterra_ademuz-300x169.jpg"},"medium_large":{"file":"divalterra_ademuz-768x432.jpg","width":768,"height":432,"mime_type":"image\/jpeg","source_url":"https:\/\/www.tucomarca.com\/wordpress\/segunda\/wp-content\/uploads\/2017\/05\/divalterra_ademuz-768x432.jpg"},"post-thumbnail":{"file":"divalterra_ademuz-50x50.jpg","width":50,"height":50,"mime_type":"image\/jpeg","source_url":"https:\/\/www.tucomarca.com\/wordpress\/segunda\/wp-content\/uploads\/2017\/05\/divalterra_ademuz-50x50.jpg"},"full":{"file":"divalterra_ademuz.jpg","width":850,"height":478,"mime_type":"image\/jpeg","source_url":"https:\/\/www.tucomarca.com\/wordpress\/segunda\/wp-content\/uploads\/2017\/05\/divalterra_ademuz.jpg"}},"image_meta":{"aperture":"0","credit":"","camera":"","caption":"","created_timestamp":"0","copyright":"","focal_length":"0","iso":"0","shutter_speed":"0","title":"","orientation":"1","keywords":[]}},"post":56654,"source_url":"https:\/\/www.tucomarca.com\/wordpress\/segunda\/wp-content\/uploads\/2017\/05\/divalterra_ademuz.jpg","_links":{"self":[{"href":"https:\/\/www.tucomarca.com\/wordpress\/segunda\/wp-json\/wp\/v2\/media\/56656","targetHints":{"allow":["GET"]}}],"collection":[{"href":"https:\/\/www.tucomarca.com\/wordpress\/segunda\/wp-json\/wp\/v2\/media"}],"about":[{"href":"https:\/\/www.tucomarca.com\/wordpress\/segunda\/wp-json\/wp\/v2\/types\/attachment"}],"author":[{"embeddable":true,"href":"https:\/\/www.tucomarca.com\/wordpress\/segunda\/wp-json\/wp\/v2\/users\/2"}],"replies":[{"embeddable":true,"href":"https:\/\/www.tucomarca.com\/wordpress\/segunda\/wp-json\/wp\/v2\/comments?post=56656"}],"wp:attached-to":[{"embeddable":true,"post_type":"post","id":56654,"href":"https:\/\/www.tucomarca.com\/wordpress\/segunda\/wp-json\/wp\/v2\/posts\/56654"}],"curies":[{"name":"wp","href":"https:\/\/api.w.org\/{rel}","templated":true}]}}

<p class="attachment"><a href='https://www.tucomarca.com/wordpress/segunda/wp-content/uploads/2017/05/divalterra_ademuz.jpg'><img loading="lazy" decoding="async" width="300" height="169" src="https://www.tucomarca.com/wordpress/segunda/wp-content/uploads/2017/05/divalterra_ademuz-300x169.jpg" class="attachment-medium size-medium" alt="La actuaciones comprenden la eliminación de vegetación oclusiva y actuaciones selectivas sobre la vegetación." srcset="https://www.tucomarca.com/wordpress/segunda/wp-content/uploads/2017/05/divalterra_ademuz-300x169.jpg 300w, https://www.tucomarca.com/wordpress/segunda/wp-content/uploads/2017/05/divalterra_ademuz-768x432.jpg 768w, https://www.tucomarca.com/wordpress/segunda/wp-content/uploads/2017/05/divalterra_ademuz.jpg 850w" sizes="auto, (max-width: 300px) 100vw, 300px" /></a></p>
<p>La actuaciones comprenden la eliminación de vegetación oclusiva y actuaciones selectivas sobre la vegetación.</p>

<div class="mh-excerpt">La actuaciones comprenden la eliminación de vegetación oclusiva y actuaciones selectivas sobre la vegetación.
</div>
<p> <a class="mh-excerpt-more" href="https://www.tucomarca.com/wordpress/segunda/les-brigades-forestals-de-divalterra-condicionen-barrancs-i-llits-del-raco-dademus/divalterra_ademuz/" title="divalterra_ademuz">[+] </a></p>

La actuaciones comprenden la eliminación de vegetación oclusiva y actuaciones selectivas sobre la vegetación.
