{"id":56832,"date":"2017-05-22T20:52:39","date_gmt":"2017-05-22T18:52:39","guid":{"rendered":"http:\/\/www.tucomarca.com\/wordpress\/segunda\/wp-content\/uploads\/2017\/05\/OltraMenores.jpg"},"modified":"2017-05-22T20:52:56","modified_gmt":"2017-05-22T18:52:56","slug":"oltramenores","status":"inherit","type":"attachment","link":"https:\/\/www.tucomarca.com\/wordpress\/segunda\/oltra-el-nuevo-modelo-de-atencion-en-centros-de-acogimiento-infantil-prima-la-calidad-sobre-el-precio\/oltramenores\/","title":{"rendered":"OltraMenores"},"author":1,"featured_media":0,"comment_status":"open","ping_status":"closed","template":"","meta":[],"class_list":["post-56832","attachment","type-attachment","status-inherit"],"description":{"rendered":"<p class=\"attachment\"><a href='https:\/\/www.tucomarca.com\/wordpress\/segunda\/wp-content\/uploads\/2017\/05\/OltraMenores.jpg'><img loading=\"lazy\" decoding=\"async\" width=\"300\" height=\"200\" src=\"https:\/\/www.tucomarca.com\/wordpress\/segunda\/wp-content\/uploads\/2017\/05\/OltraMenores-300x200.jpg\" class=\"attachment-medium size-medium\" alt=\"La vicepresidenta y consellera de Igualdad y Pol\u00edticas Inclusivas, M\u00f3nica Oltra, durante la reuni\u00f3n.\" srcset=\"https:\/\/www.tucomarca.com\/wordpress\/segunda\/wp-content\/uploads\/2017\/05\/OltraMenores-300x200.jpg 300w, https:\/\/www.tucomarca.com\/wordpress\/segunda\/wp-content\/uploads\/2017\/05\/OltraMenores-768x512.jpg 768w, https:\/\/www.tucomarca.com\/wordpress\/segunda\/wp-content\/uploads\/2017\/05\/OltraMenores-1024x683.jpg 1024w\" sizes=\"auto, (max-width: 300px) 100vw, 300px\" \/><\/a><\/p>\n<p>La vicepresidenta y consellera de Igualdad y Pol\u00edticas Inclusivas, M\u00f3nica Oltra, durante la reuni\u00f3n.<\/p>\n"},"caption":{"rendered":"<div class=\"mh-excerpt\">La vicepresidenta y consellera de Igualdad y Pol\u00edticas Inclusivas, M\u00f3nica Oltra, durante la reuni\u00f3n.<\/div>\n<p> <a class=\"mh-excerpt-more\" href=\"https:\/\/www.tucomarca.com\/wordpress\/segunda\/oltra-el-nuevo-modelo-de-atencion-en-centros-de-acogimiento-infantil-prima-la-calidad-sobre-el-precio\/oltramenores\/\" title=\"OltraMenores\">[+] <\/a><\/p>\n"},"alt_text":"La vicepresidenta y consellera de Igualdad y Pol\u00edticas Inclusivas, M\u00f3nica Oltra, durante la reuni\u00f3n.","media_type":"image","mime_type":"image\/jpeg","media_details":{"width":4609,"height":3073,"file":"2017\/05\/OltraMenores.jpg","sizes":{"thumbnail":{"file":"OltraMenores-290x290.jpg","width":290,"height":290,"mime_type":"image\/jpeg","source_url":"https:\/\/www.tucomarca.com\/wordpress\/segunda\/wp-content\/uploads\/2017\/05\/OltraMenores-290x290.jpg"},"medium":{"file":"OltraMenores-300x200.jpg","width":300,"height":200,"mime_type":"image\/jpeg","source_url":"https:\/\/www.tucomarca.com\/wordpress\/segunda\/wp-content\/uploads\/2017\/05\/OltraMenores-300x200.jpg"},"medium_large":{"file":"OltraMenores-768x512.jpg","width":768,"height":512,"mime_type":"image\/jpeg","source_url":"https:\/\/www.tucomarca.com\/wordpress\/segunda\/wp-content\/uploads\/2017\/05\/OltraMenores-768x512.jpg"},"large":{"file":"OltraMenores-1024x683.jpg","width":1024,"height":683,"mime_type":"image\/jpeg","source_url":"https:\/\/www.tucomarca.com\/wordpress\/segunda\/wp-content\/uploads\/2017\/05\/OltraMenores-1024x683.jpg"},"post-thumbnail":{"file":"OltraMenores-50x50.jpg","width":50,"height":50,"mime_type":"image\/jpeg","source_url":"https:\/\/www.tucomarca.com\/wordpress\/segunda\/wp-content\/uploads\/2017\/05\/OltraMenores-50x50.jpg"},"gabfire":{"file":"OltraMenores-1024x683.jpg","width":1024,"height":683,"mime_type":"image\/jpeg","source_url":"https:\/\/www.tucomarca.com\/wordpress\/segunda\/wp-content\/uploads\/2017\/05\/OltraMenores-1024x683.jpg"},"full":{"file":"OltraMenores.jpg","width":4609,"height":3073,"mime_type":"image\/jpeg","source_url":"https:\/\/www.tucomarca.com\/wordpress\/segunda\/wp-content\/uploads\/2017\/05\/OltraMenores.jpg"}},"image_meta":{"aperture":"7.1","credit":"","camera":"Canon EOS 6D","caption":"","created_timestamp":"1495453729","copyright":"","focal_length":"24","iso":"400","shutter_speed":"0.0055555555555556","title":"","orientation":"0","keywords":[]}},"post":56831,"source_url":"https:\/\/www.tucomarca.com\/wordpress\/segunda\/wp-content\/uploads\/2017\/05\/OltraMenores.jpg","_links":{"self":[{"href":"https:\/\/www.tucomarca.com\/wordpress\/segunda\/wp-json\/wp\/v2\/media\/56832","targetHints":{"allow":["GET"]}}],"collection":[{"href":"https:\/\/www.tucomarca.com\/wordpress\/segunda\/wp-json\/wp\/v2\/media"}],"about":[{"href":"https:\/\/www.tucomarca.com\/wordpress\/segunda\/wp-json\/wp\/v2\/types\/attachment"}],"author":[{"embeddable":true,"href":"https:\/\/www.tucomarca.com\/wordpress\/segunda\/wp-json\/wp\/v2\/users\/1"}],"replies":[{"embeddable":true,"href":"https:\/\/www.tucomarca.com\/wordpress\/segunda\/wp-json\/wp\/v2\/comments?post=56832"}],"wp:attached-to":[{"embeddable":true,"post_type":"post","id":56831,"href":"https:\/\/www.tucomarca.com\/wordpress\/segunda\/wp-json\/wp\/v2\/posts\/56831"}],"curies":[{"name":"wp","href":"https:\/\/api.w.org\/{rel}","templated":true}]}}

<p class="attachment"><a href='https://www.tucomarca.com/wordpress/segunda/wp-content/uploads/2017/05/OltraMenores.jpg'><img loading="lazy" decoding="async" width="300" height="200" src="https://www.tucomarca.com/wordpress/segunda/wp-content/uploads/2017/05/OltraMenores-300x200.jpg" class="attachment-medium size-medium" alt="La vicepresidenta y consellera de Igualdad y Políticas Inclusivas, Mónica Oltra, durante la reunión." srcset="https://www.tucomarca.com/wordpress/segunda/wp-content/uploads/2017/05/OltraMenores-300x200.jpg 300w, https://www.tucomarca.com/wordpress/segunda/wp-content/uploads/2017/05/OltraMenores-768x512.jpg 768w, https://www.tucomarca.com/wordpress/segunda/wp-content/uploads/2017/05/OltraMenores-1024x683.jpg 1024w" sizes="auto, (max-width: 300px) 100vw, 300px" /></a></p>
<p>La vicepresidenta y consellera de Igualdad y Políticas Inclusivas, Mónica Oltra, durante la reunión.</p>

<div class="mh-excerpt">La vicepresidenta y consellera de Igualdad y Políticas Inclusivas, Mónica Oltra, durante la reunión.</div>
<p> <a class="mh-excerpt-more" href="https://www.tucomarca.com/wordpress/segunda/oltra-el-nuevo-modelo-de-atencion-en-centros-de-acogimiento-infantil-prima-la-calidad-sobre-el-precio/oltramenores/" title="OltraMenores">[+] </a></p>

La vicepresidenta y consellera de Igualdad y Políticas Inclusivas, Mónica Oltra, durante la reunión.
