{"id":56846,"date":"2017-05-23T11:52:51","date_gmt":"2017-05-23T09:52:51","guid":{"rendered":"http:\/\/www.tucomarca.com\/wordpress\/segunda\/wp-content\/uploads\/2017\/05\/NormanMilanes.jpg"},"modified":"2017-05-23T11:53:15","modified_gmt":"2017-05-23T09:53:15","slug":"normanmilanes","status":"inherit","type":"attachment","link":"https:\/\/www.tucomarca.com\/wordpress\/segunda\/la-santa-cecilia-de-chera-celebrara-en-julio-su-segundo-concurso-de-direccion-con-el-maestro-norman-milanes\/normanmilanes\/","title":{"rendered":"NormanMilanes"},"author":1,"featured_media":0,"comment_status":"open","ping_status":"closed","template":"","meta":[],"class_list":["post-56846","attachment","type-attachment","status-inherit"],"description":{"rendered":"<p class=\"attachment\"><a href='https:\/\/www.tucomarca.com\/wordpress\/segunda\/wp-content\/uploads\/2017\/05\/NormanMilanes.jpg'><img loading=\"lazy\" decoding=\"async\" width=\"300\" height=\"225\" src=\"https:\/\/www.tucomarca.com\/wordpress\/segunda\/wp-content\/uploads\/2017\/05\/NormanMilanes-300x225.jpg\" class=\"attachment-medium size-medium\" alt=\"El maestro Norman Milan\u00e9s en una imagen de la Associaci\u00f3 Uni\u00f3 Musical de Bocairent.\" srcset=\"https:\/\/www.tucomarca.com\/wordpress\/segunda\/wp-content\/uploads\/2017\/05\/NormanMilanes-300x225.jpg 300w, https:\/\/www.tucomarca.com\/wordpress\/segunda\/wp-content\/uploads\/2017\/05\/NormanMilanes.jpg 720w\" sizes=\"auto, (max-width: 300px) 100vw, 300px\" \/><\/a><\/p>\n<p>El maestro Norman Milan\u00e9s en una imagen de la Associaci\u00f3 Uni\u00f3 Musical de Bocairent.<\/p>\n"},"caption":{"rendered":"<div class=\"mh-excerpt\">El maestro Norman Milan\u00e9s en una imagen de la Associaci\u00f3 Uni\u00f3 Musical de Bocairent.<\/div>\n<p> <a class=\"mh-excerpt-more\" href=\"https:\/\/www.tucomarca.com\/wordpress\/segunda\/la-santa-cecilia-de-chera-celebrara-en-julio-su-segundo-concurso-de-direccion-con-el-maestro-norman-milanes\/normanmilanes\/\" title=\"NormanMilanes\">[+] <\/a><\/p>\n"},"alt_text":"El maestro Norman Milan\u00e9s en una imagen de la Associaci\u00f3 Uni\u00f3 Musical de Bocairent.","media_type":"image","mime_type":"image\/jpeg","media_details":{"width":720,"height":540,"file":"2017\/05\/NormanMilanes.jpg","sizes":{"thumbnail":{"file":"NormanMilanes-290x290.jpg","width":290,"height":290,"mime_type":"image\/jpeg","source_url":"https:\/\/www.tucomarca.com\/wordpress\/segunda\/wp-content\/uploads\/2017\/05\/NormanMilanes-290x290.jpg"},"medium":{"file":"NormanMilanes-300x225.jpg","width":300,"height":225,"mime_type":"image\/jpeg","source_url":"https:\/\/www.tucomarca.com\/wordpress\/segunda\/wp-content\/uploads\/2017\/05\/NormanMilanes-300x225.jpg"},"post-thumbnail":{"file":"NormanMilanes-50x50.jpg","width":50,"height":50,"mime_type":"image\/jpeg","source_url":"https:\/\/www.tucomarca.com\/wordpress\/segunda\/wp-content\/uploads\/2017\/05\/NormanMilanes-50x50.jpg"},"full":{"file":"NormanMilanes.jpg","width":720,"height":540,"mime_type":"image\/jpeg","source_url":"https:\/\/www.tucomarca.com\/wordpress\/segunda\/wp-content\/uploads\/2017\/05\/NormanMilanes.jpg"}},"image_meta":{"aperture":"0","credit":"","camera":"","caption":"","created_timestamp":"0","copyright":"","focal_length":"0","iso":"0","shutter_speed":"0","title":"","orientation":"0","keywords":[]}},"post":56842,"source_url":"https:\/\/www.tucomarca.com\/wordpress\/segunda\/wp-content\/uploads\/2017\/05\/NormanMilanes.jpg","_links":{"self":[{"href":"https:\/\/www.tucomarca.com\/wordpress\/segunda\/wp-json\/wp\/v2\/media\/56846","targetHints":{"allow":["GET"]}}],"collection":[{"href":"https:\/\/www.tucomarca.com\/wordpress\/segunda\/wp-json\/wp\/v2\/media"}],"about":[{"href":"https:\/\/www.tucomarca.com\/wordpress\/segunda\/wp-json\/wp\/v2\/types\/attachment"}],"author":[{"embeddable":true,"href":"https:\/\/www.tucomarca.com\/wordpress\/segunda\/wp-json\/wp\/v2\/users\/1"}],"replies":[{"embeddable":true,"href":"https:\/\/www.tucomarca.com\/wordpress\/segunda\/wp-json\/wp\/v2\/comments?post=56846"}],"wp:attached-to":[{"embeddable":true,"post_type":"post","id":56842,"href":"https:\/\/www.tucomarca.com\/wordpress\/segunda\/wp-json\/wp\/v2\/posts\/56842"}],"curies":[{"name":"wp","href":"https:\/\/api.w.org\/{rel}","templated":true}]}}

<p class="attachment"><a href='https://www.tucomarca.com/wordpress/segunda/wp-content/uploads/2017/05/NormanMilanes.jpg'><img loading="lazy" decoding="async" width="300" height="225" src="https://www.tucomarca.com/wordpress/segunda/wp-content/uploads/2017/05/NormanMilanes-300x225.jpg" class="attachment-medium size-medium" alt="El maestro Norman Milanés en una imagen de la Associació Unió Musical de Bocairent." srcset="https://www.tucomarca.com/wordpress/segunda/wp-content/uploads/2017/05/NormanMilanes-300x225.jpg 300w, https://www.tucomarca.com/wordpress/segunda/wp-content/uploads/2017/05/NormanMilanes.jpg 720w" sizes="auto, (max-width: 300px) 100vw, 300px" /></a></p>
<p>El maestro Norman Milanés en una imagen de la Associació Unió Musical de Bocairent.</p>

<div class="mh-excerpt">El maestro Norman Milanés en una imagen de la Associació Unió Musical de Bocairent.</div>
<p> <a class="mh-excerpt-more" href="https://www.tucomarca.com/wordpress/segunda/la-santa-cecilia-de-chera-celebrara-en-julio-su-segundo-concurso-de-direccion-con-el-maestro-norman-milanes/normanmilanes/" title="NormanMilanes">[+] </a></p>

El maestro Norman Milanés en una imagen de la Associació Unió Musical de Bocairent.
