{"id":56979,"date":"2017-05-29T11:36:12","date_gmt":"2017-05-29T09:36:12","guid":{"rendered":"http:\/\/www.tucomarca.com\/wordpress\/segunda\/wp-content\/uploads\/2017\/05\/LElianacancer.jpg"},"modified":"2017-05-29T11:36:30","modified_gmt":"2017-05-29T09:36:30","slug":"lelianacancer","status":"inherit","type":"attachment","link":"https:\/\/www.tucomarca.com\/wordpress\/segunda\/leliana-acoge-este-sabado-la-septima-edicion-de-la-carrera-solidaria-contra-el-cancer\/lelianacancer\/","title":{"rendered":"LElianacancer"},"author":1,"featured_media":0,"comment_status":"open","ping_status":"closed","template":"","meta":[],"class_list":["post-56979","attachment","type-attachment","status-inherit"],"description":{"rendered":"<p class=\"attachment\"><a href='https:\/\/www.tucomarca.com\/wordpress\/segunda\/wp-content\/uploads\/2017\/05\/LElianacancer.jpg'><img loading=\"lazy\" decoding=\"async\" width=\"300\" height=\"200\" src=\"https:\/\/www.tucomarca.com\/wordpress\/segunda\/wp-content\/uploads\/2017\/05\/LElianacancer-300x200.jpg\" class=\"attachment-medium size-medium\" alt=\"L\u2019Eliana es el primer municipio del Camp de T\u00faria en aportaciones econ\u00f3micas a la Asociaci\u00f3n Espa\u00f1ola contra el C\u00e1ncer.\" srcset=\"https:\/\/www.tucomarca.com\/wordpress\/segunda\/wp-content\/uploads\/2017\/05\/LElianacancer-300x200.jpg 300w, https:\/\/www.tucomarca.com\/wordpress\/segunda\/wp-content\/uploads\/2017\/05\/LElianacancer-768x512.jpg 768w, https:\/\/www.tucomarca.com\/wordpress\/segunda\/wp-content\/uploads\/2017\/05\/LElianacancer.jpg 1024w\" sizes=\"auto, (max-width: 300px) 100vw, 300px\" \/><\/a><\/p>\n<p>L\u2019Eliana es el primer municipio del Camp de T\u00faria en aportaciones econ\u00f3micas a la Asociaci\u00f3n Espa\u00f1ola contra el C\u00e1ncer.<\/p>\n"},"caption":{"rendered":"<div class=\"mh-excerpt\">L\u2019Eliana es el primer municipio del Camp de T\u00faria en aportaciones econ\u00f3micas a la Asociaci\u00f3n Espa\u00f1ola contra el C\u00e1ncer.<\/div>\n<p> <a class=\"mh-excerpt-more\" href=\"https:\/\/www.tucomarca.com\/wordpress\/segunda\/leliana-acoge-este-sabado-la-septima-edicion-de-la-carrera-solidaria-contra-el-cancer\/lelianacancer\/\" title=\"LElianacancer\">[+] <\/a><\/p>\n"},"alt_text":"L\u2019Eliana es el primer municipio del Camp de T\u00faria en aportaciones econ\u00f3micas a la Asociaci\u00f3n Espa\u00f1ola contra el C\u00e1ncer.","media_type":"image","mime_type":"image\/jpeg","media_details":{"width":1024,"height":683,"file":"2017\/05\/LElianacancer.jpg","sizes":{"thumbnail":{"file":"LElianacancer-290x290.jpg","width":290,"height":290,"mime_type":"image\/jpeg","source_url":"https:\/\/www.tucomarca.com\/wordpress\/segunda\/wp-content\/uploads\/2017\/05\/LElianacancer-290x290.jpg"},"medium":{"file":"LElianacancer-300x200.jpg","width":300,"height":200,"mime_type":"image\/jpeg","source_url":"https:\/\/www.tucomarca.com\/wordpress\/segunda\/wp-content\/uploads\/2017\/05\/LElianacancer-300x200.jpg"},"medium_large":{"file":"LElianacancer-768x512.jpg","width":768,"height":512,"mime_type":"image\/jpeg","source_url":"https:\/\/www.tucomarca.com\/wordpress\/segunda\/wp-content\/uploads\/2017\/05\/LElianacancer-768x512.jpg"},"large":{"file":"LElianacancer-1024x683.jpg","width":1024,"height":683,"mime_type":"image\/jpeg","source_url":"https:\/\/www.tucomarca.com\/wordpress\/segunda\/wp-content\/uploads\/2017\/05\/LElianacancer-1024x683.jpg"},"post-thumbnail":{"file":"LElianacancer-50x50.jpg","width":50,"height":50,"mime_type":"image\/jpeg","source_url":"https:\/\/www.tucomarca.com\/wordpress\/segunda\/wp-content\/uploads\/2017\/05\/LElianacancer-50x50.jpg"},"gabfire":{"file":"LElianacancer-1024x683.jpg","width":1024,"height":683,"mime_type":"image\/jpeg","source_url":"https:\/\/www.tucomarca.com\/wordpress\/segunda\/wp-content\/uploads\/2017\/05\/LElianacancer-1024x683.jpg"},"full":{"file":"LElianacancer.jpg","width":1024,"height":683,"mime_type":"image\/jpeg","source_url":"https:\/\/www.tucomarca.com\/wordpress\/segunda\/wp-content\/uploads\/2017\/05\/LElianacancer.jpg"}},"image_meta":{"aperture":"5","credit":"","camera":"Canon EOS 600D","caption":"","created_timestamp":"1495633970","copyright":"","focal_length":"21","iso":"3200","shutter_speed":"0.008","title":"","orientation":"1","keywords":[]}},"post":56978,"source_url":"https:\/\/www.tucomarca.com\/wordpress\/segunda\/wp-content\/uploads\/2017\/05\/LElianacancer.jpg","_links":{"self":[{"href":"https:\/\/www.tucomarca.com\/wordpress\/segunda\/wp-json\/wp\/v2\/media\/56979","targetHints":{"allow":["GET"]}}],"collection":[{"href":"https:\/\/www.tucomarca.com\/wordpress\/segunda\/wp-json\/wp\/v2\/media"}],"about":[{"href":"https:\/\/www.tucomarca.com\/wordpress\/segunda\/wp-json\/wp\/v2\/types\/attachment"}],"author":[{"embeddable":true,"href":"https:\/\/www.tucomarca.com\/wordpress\/segunda\/wp-json\/wp\/v2\/users\/1"}],"replies":[{"embeddable":true,"href":"https:\/\/www.tucomarca.com\/wordpress\/segunda\/wp-json\/wp\/v2\/comments?post=56979"}],"wp:attached-to":[{"embeddable":true,"post_type":"post","id":56978,"href":"https:\/\/www.tucomarca.com\/wordpress\/segunda\/wp-json\/wp\/v2\/posts\/56978"}],"curies":[{"name":"wp","href":"https:\/\/api.w.org\/{rel}","templated":true}]}}

<p class="attachment"><a href='https://www.tucomarca.com/wordpress/segunda/wp-content/uploads/2017/05/LElianacancer.jpg'><img loading="lazy" decoding="async" width="300" height="200" src="https://www.tucomarca.com/wordpress/segunda/wp-content/uploads/2017/05/LElianacancer-300x200.jpg" class="attachment-medium size-medium" alt="L’Eliana es el primer municipio del Camp de Túria en aportaciones económicas a la Asociación Española contra el Cáncer." srcset="https://www.tucomarca.com/wordpress/segunda/wp-content/uploads/2017/05/LElianacancer-300x200.jpg 300w, https://www.tucomarca.com/wordpress/segunda/wp-content/uploads/2017/05/LElianacancer-768x512.jpg 768w, https://www.tucomarca.com/wordpress/segunda/wp-content/uploads/2017/05/LElianacancer.jpg 1024w" sizes="auto, (max-width: 300px) 100vw, 300px" /></a></p>
<p>L’Eliana es el primer municipio del Camp de Túria en aportaciones económicas a la Asociación Española contra el Cáncer.</p>

<div class="mh-excerpt">L’Eliana es el primer municipio del Camp de Túria en aportaciones económicas a la Asociación Española contra el Cáncer.</div>
<p> <a class="mh-excerpt-more" href="https://www.tucomarca.com/wordpress/segunda/leliana-acoge-este-sabado-la-septima-edicion-de-la-carrera-solidaria-contra-el-cancer/lelianacancer/" title="LElianacancer">[+] </a></p>

L’Eliana es el primer municipio del Camp de Túria en aportaciones económicas a la Asociación Española contra el Cáncer.
