{"id":57072,"date":"2017-05-31T11:50:42","date_gmt":"2017-05-31T09:50:42","guid":{"rendered":"http:\/\/www.tucomarca.com\/wordpress\/segunda\/wp-content\/uploads\/2017\/05\/LliriaGimnasia.jpg"},"modified":"2017-05-31T11:50:54","modified_gmt":"2017-05-31T09:50:54","slug":"lliriagimnasia","status":"inherit","type":"attachment","link":"https:\/\/www.tucomarca.com\/wordpress\/segunda\/el-club-de-gimnastica-ritmica-de-lliria-comparteix-amb-la-diputacio-la-seua-medalla-de-bronze-en-la-copa-de-la-reina\/lliriagimnasia\/","title":{"rendered":"LliriaGimnasia"},"author":1,"featured_media":0,"comment_status":"open","ping_status":"closed","template":"","meta":[],"class_list":["post-57072","attachment","type-attachment","status-inherit"],"description":{"rendered":"<p class=\"attachment\"><a href='https:\/\/www.tucomarca.com\/wordpress\/segunda\/wp-content\/uploads\/2017\/05\/LliriaGimnasia.jpg'><img loading=\"lazy\" decoding=\"async\" width=\"300\" height=\"168\" src=\"https:\/\/www.tucomarca.com\/wordpress\/segunda\/wp-content\/uploads\/2017\/05\/LliriaGimnasia-300x168.jpg\" class=\"attachment-medium size-medium\" alt=\"La diputada Isabel Garc\u00eda amb el Club de Gimn\u00e0stica R\u00edtmica de Ll\u00edria.\" srcset=\"https:\/\/www.tucomarca.com\/wordpress\/segunda\/wp-content\/uploads\/2017\/05\/LliriaGimnasia-300x168.jpg 300w, https:\/\/www.tucomarca.com\/wordpress\/segunda\/wp-content\/uploads\/2017\/05\/LliriaGimnasia-768x430.jpg 768w, https:\/\/www.tucomarca.com\/wordpress\/segunda\/wp-content\/uploads\/2017\/05\/LliriaGimnasia-1024x574.jpg 1024w\" sizes=\"auto, (max-width: 300px) 100vw, 300px\" \/><\/a><\/p>\n<p>La diputada Isabel Garc\u00eda amb el Club de Gimn\u00e0stica R\u00edtmica de Ll\u00edria.<\/p>\n"},"caption":{"rendered":"<div class=\"mh-excerpt\">La diputada Isabel Garc\u00eda amb el Club de Gimn\u00e0stica R\u00edtmica de Ll\u00edria.<\/div>\n<p> <a class=\"mh-excerpt-more\" href=\"https:\/\/www.tucomarca.com\/wordpress\/segunda\/el-club-de-gimnastica-ritmica-de-lliria-comparteix-amb-la-diputacio-la-seua-medalla-de-bronze-en-la-copa-de-la-reina\/lliriagimnasia\/\" title=\"LliriaGimnasia\">[+] <\/a><\/p>\n"},"alt_text":"La diputada Isabel Garc\u00eda amb el Club de Gimn\u00e0stica R\u00edtmica de Ll\u00edria.","media_type":"image","mime_type":"image\/jpeg","media_details":{"width":3568,"height":2000,"file":"2017\/05\/LliriaGimnasia.jpg","sizes":{"thumbnail":{"file":"LliriaGimnasia-290x290.jpg","width":290,"height":290,"mime_type":"image\/jpeg","source_url":"https:\/\/www.tucomarca.com\/wordpress\/segunda\/wp-content\/uploads\/2017\/05\/LliriaGimnasia-290x290.jpg"},"medium":{"file":"LliriaGimnasia-300x168.jpg","width":300,"height":168,"mime_type":"image\/jpeg","source_url":"https:\/\/www.tucomarca.com\/wordpress\/segunda\/wp-content\/uploads\/2017\/05\/LliriaGimnasia-300x168.jpg"},"medium_large":{"file":"LliriaGimnasia-768x430.jpg","width":768,"height":430,"mime_type":"image\/jpeg","source_url":"https:\/\/www.tucomarca.com\/wordpress\/segunda\/wp-content\/uploads\/2017\/05\/LliriaGimnasia-768x430.jpg"},"large":{"file":"LliriaGimnasia-1024x574.jpg","width":1024,"height":574,"mime_type":"image\/jpeg","source_url":"https:\/\/www.tucomarca.com\/wordpress\/segunda\/wp-content\/uploads\/2017\/05\/LliriaGimnasia-1024x574.jpg"},"post-thumbnail":{"file":"LliriaGimnasia-50x50.jpg","width":50,"height":50,"mime_type":"image\/jpeg","source_url":"https:\/\/www.tucomarca.com\/wordpress\/segunda\/wp-content\/uploads\/2017\/05\/LliriaGimnasia-50x50.jpg"},"gabfire":{"file":"LliriaGimnasia-1024x574.jpg","width":1024,"height":574,"mime_type":"image\/jpeg","source_url":"https:\/\/www.tucomarca.com\/wordpress\/segunda\/wp-content\/uploads\/2017\/05\/LliriaGimnasia-1024x574.jpg"},"full":{"file":"LliriaGimnasia.jpg","width":3568,"height":2000,"mime_type":"image\/jpeg","source_url":"https:\/\/www.tucomarca.com\/wordpress\/segunda\/wp-content\/uploads\/2017\/05\/LliriaGimnasia.jpg"}},"image_meta":{"aperture":"4","credit":"","camera":"SLT-A37","caption":"","created_timestamp":"1496144330","copyright":"","focal_length":"18","iso":"500","shutter_speed":"0.016666666666667","title":"","orientation":"1","keywords":[]}},"post":57071,"source_url":"https:\/\/www.tucomarca.com\/wordpress\/segunda\/wp-content\/uploads\/2017\/05\/LliriaGimnasia.jpg","_links":{"self":[{"href":"https:\/\/www.tucomarca.com\/wordpress\/segunda\/wp-json\/wp\/v2\/media\/57072","targetHints":{"allow":["GET"]}}],"collection":[{"href":"https:\/\/www.tucomarca.com\/wordpress\/segunda\/wp-json\/wp\/v2\/media"}],"about":[{"href":"https:\/\/www.tucomarca.com\/wordpress\/segunda\/wp-json\/wp\/v2\/types\/attachment"}],"author":[{"embeddable":true,"href":"https:\/\/www.tucomarca.com\/wordpress\/segunda\/wp-json\/wp\/v2\/users\/1"}],"replies":[{"embeddable":true,"href":"https:\/\/www.tucomarca.com\/wordpress\/segunda\/wp-json\/wp\/v2\/comments?post=57072"}],"wp:attached-to":[{"embeddable":true,"post_type":"post","id":57071,"href":"https:\/\/www.tucomarca.com\/wordpress\/segunda\/wp-json\/wp\/v2\/posts\/57071"}],"curies":[{"name":"wp","href":"https:\/\/api.w.org\/{rel}","templated":true}]}}

<p class="attachment"><a href='https://www.tucomarca.com/wordpress/segunda/wp-content/uploads/2017/05/LliriaGimnasia.jpg'><img loading="lazy" decoding="async" width="300" height="168" src="https://www.tucomarca.com/wordpress/segunda/wp-content/uploads/2017/05/LliriaGimnasia-300x168.jpg" class="attachment-medium size-medium" alt="La diputada Isabel García amb el Club de Gimnàstica Rítmica de Llíria." srcset="https://www.tucomarca.com/wordpress/segunda/wp-content/uploads/2017/05/LliriaGimnasia-300x168.jpg 300w, https://www.tucomarca.com/wordpress/segunda/wp-content/uploads/2017/05/LliriaGimnasia-768x430.jpg 768w, https://www.tucomarca.com/wordpress/segunda/wp-content/uploads/2017/05/LliriaGimnasia-1024x574.jpg 1024w" sizes="auto, (max-width: 300px) 100vw, 300px" /></a></p>
<p>La diputada Isabel García amb el Club de Gimnàstica Rítmica de Llíria.</p>

<div class="mh-excerpt">La diputada Isabel García amb el Club de Gimnàstica Rítmica de Llíria.</div>
<p> <a class="mh-excerpt-more" href="https://www.tucomarca.com/wordpress/segunda/el-club-de-gimnastica-ritmica-de-lliria-comparteix-amb-la-diputacio-la-seua-medalla-de-bronze-en-la-copa-de-la-reina/lliriagimnasia/" title="LliriaGimnasia">[+] </a></p>

La diputada Isabel García amb el Club de Gimnàstica Rítmica de Llíria.
