{"id":57179,"date":"2017-06-06T18:43:13","date_gmt":"2017-06-06T16:43:13","guid":{"rendered":"http:\/\/www.tucomarca.com\/wordpress\/segunda\/wp-content\/uploads\/2017\/06\/cementerio.jpg"},"modified":"2017-06-06T18:44:51","modified_gmt":"2017-06-06T16:44:51","slug":"cementerio-2","status":"inherit","type":"attachment","link":"https:\/\/www.tucomarca.com\/wordpress\/segunda\/homenaje-en-bunol-este-sabado-a-todos-los-vecinos-fallecidos-con-motivo-de-la-guerra-civil-espanola\/cementerio-2\/","title":{"rendered":"cementerio"},"author":2,"featured_media":0,"comment_status":"open","ping_status":"closed","template":"","meta":[],"class_list":["post-57179","attachment","type-attachment","status-inherit"],"description":{"rendered":"<p class=\"attachment\"><a href='https:\/\/www.tucomarca.com\/wordpress\/segunda\/wp-content\/uploads\/2017\/06\/cementerio.jpg'><img loading=\"lazy\" decoding=\"async\" width=\"300\" height=\"201\" src=\"https:\/\/www.tucomarca.com\/wordpress\/segunda\/wp-content\/uploads\/2017\/06\/cementerio-300x201.jpg\" class=\"attachment-medium size-medium\" alt=\"Este primer acto supondr\u00e1 el pistoletazo de salida a un conjunto de actos, reconocimientos, recuerdos y actividades en torno a la Memoria Hist\u00f3rica de Bu\u00f1ol.\" srcset=\"https:\/\/www.tucomarca.com\/wordpress\/segunda\/wp-content\/uploads\/2017\/06\/cementerio-300x201.jpg 300w, https:\/\/www.tucomarca.com\/wordpress\/segunda\/wp-content\/uploads\/2017\/06\/cementerio-768x514.jpg 768w, https:\/\/www.tucomarca.com\/wordpress\/segunda\/wp-content\/uploads\/2017\/06\/cementerio.jpg 850w\" sizes=\"auto, (max-width: 300px) 100vw, 300px\" \/><\/a><\/p>\n<p>Este primer acto supondr\u00e1 el pistoletazo de salida a un conjunto de actos, reconocimientos, recuerdos y actividades en torno a la Memoria Hist\u00f3rica de Bu\u00f1ol.<\/p>\n"},"caption":{"rendered":"<div class=\"mh-excerpt\">Este primer acto supondr\u00e1 el pistoletazo de salida a un conjunto de actos, reconocimientos, recuerdos y actividades en torno a la Memoria Hist\u00f3rica de Bu\u00f1ol.<\/div>\n<p> <a class=\"mh-excerpt-more\" href=\"https:\/\/www.tucomarca.com\/wordpress\/segunda\/homenaje-en-bunol-este-sabado-a-todos-los-vecinos-fallecidos-con-motivo-de-la-guerra-civil-espanola\/cementerio-2\/\" title=\"cementerio\">[+] <\/a><\/p>\n"},"alt_text":"Este primer acto supondr\u00e1 el pistoletazo de salida a un conjunto de actos, reconocimientos, recuerdos y actividades en torno a la Memoria Hist\u00f3rica de Bu\u00f1ol.","media_type":"image","mime_type":"image\/jpeg","media_details":{"width":850,"height":569,"file":"2017\/06\/cementerio.jpg","sizes":{"thumbnail":{"file":"cementerio-290x290.jpg","width":290,"height":290,"mime_type":"image\/jpeg","source_url":"https:\/\/www.tucomarca.com\/wordpress\/segunda\/wp-content\/uploads\/2017\/06\/cementerio-290x290.jpg"},"medium":{"file":"cementerio-300x201.jpg","width":300,"height":201,"mime_type":"image\/jpeg","source_url":"https:\/\/www.tucomarca.com\/wordpress\/segunda\/wp-content\/uploads\/2017\/06\/cementerio-300x201.jpg"},"medium_large":{"file":"cementerio-768x514.jpg","width":768,"height":514,"mime_type":"image\/jpeg","source_url":"https:\/\/www.tucomarca.com\/wordpress\/segunda\/wp-content\/uploads\/2017\/06\/cementerio-768x514.jpg"},"post-thumbnail":{"file":"cementerio-50x50.jpg","width":50,"height":50,"mime_type":"image\/jpeg","source_url":"https:\/\/www.tucomarca.com\/wordpress\/segunda\/wp-content\/uploads\/2017\/06\/cementerio-50x50.jpg"},"full":{"file":"cementerio.jpg","width":850,"height":569,"mime_type":"image\/jpeg","source_url":"https:\/\/www.tucomarca.com\/wordpress\/segunda\/wp-content\/uploads\/2017\/06\/cementerio.jpg"}},"image_meta":{"aperture":"8","credit":"","camera":"NIKON D80","caption":"","created_timestamp":"1414844291","copyright":"","focal_length":"18","iso":"100","shutter_speed":"0.004","title":"","orientation":"1","keywords":[]}},"post":57175,"source_url":"https:\/\/www.tucomarca.com\/wordpress\/segunda\/wp-content\/uploads\/2017\/06\/cementerio.jpg","_links":{"self":[{"href":"https:\/\/www.tucomarca.com\/wordpress\/segunda\/wp-json\/wp\/v2\/media\/57179","targetHints":{"allow":["GET"]}}],"collection":[{"href":"https:\/\/www.tucomarca.com\/wordpress\/segunda\/wp-json\/wp\/v2\/media"}],"about":[{"href":"https:\/\/www.tucomarca.com\/wordpress\/segunda\/wp-json\/wp\/v2\/types\/attachment"}],"author":[{"embeddable":true,"href":"https:\/\/www.tucomarca.com\/wordpress\/segunda\/wp-json\/wp\/v2\/users\/2"}],"replies":[{"embeddable":true,"href":"https:\/\/www.tucomarca.com\/wordpress\/segunda\/wp-json\/wp\/v2\/comments?post=57179"}],"wp:attached-to":[{"embeddable":true,"post_type":"post","id":57175,"href":"https:\/\/www.tucomarca.com\/wordpress\/segunda\/wp-json\/wp\/v2\/posts\/57175"}],"curies":[{"name":"wp","href":"https:\/\/api.w.org\/{rel}","templated":true}]}}

<p class="attachment"><a href='https://www.tucomarca.com/wordpress/segunda/wp-content/uploads/2017/06/cementerio.jpg'><img loading="lazy" decoding="async" width="300" height="201" src="https://www.tucomarca.com/wordpress/segunda/wp-content/uploads/2017/06/cementerio-300x201.jpg" class="attachment-medium size-medium" alt="Este primer acto supondrá el pistoletazo de salida a un conjunto de actos, reconocimientos, recuerdos y actividades en torno a la Memoria Histórica de Buñol." srcset="https://www.tucomarca.com/wordpress/segunda/wp-content/uploads/2017/06/cementerio-300x201.jpg 300w, https://www.tucomarca.com/wordpress/segunda/wp-content/uploads/2017/06/cementerio-768x514.jpg 768w, https://www.tucomarca.com/wordpress/segunda/wp-content/uploads/2017/06/cementerio.jpg 850w" sizes="auto, (max-width: 300px) 100vw, 300px" /></a></p>
<p>Este primer acto supondrá el pistoletazo de salida a un conjunto de actos, reconocimientos, recuerdos y actividades en torno a la Memoria Histórica de Buñol.</p>

<div class="mh-excerpt">Este primer acto supondrá el pistoletazo de salida a un conjunto de actos, reconocimientos, recuerdos y actividades en torno a la Memoria Histórica de Buñol.</div>
<p> <a class="mh-excerpt-more" href="https://www.tucomarca.com/wordpress/segunda/homenaje-en-bunol-este-sabado-a-todos-los-vecinos-fallecidos-con-motivo-de-la-guerra-civil-espanola/cementerio-2/" title="cementerio">[+] </a></p>

Este primer acto supondrá el pistoletazo de salida a un conjunto de actos, reconocimientos, recuerdos y actividades en torno a la Memoria Histórica de Buñol.
