{"id":5720,"date":"2012-07-22T13:19:01","date_gmt":"2012-07-22T11:19:01","guid":{"rendered":"http:\/\/www.tucomarca.com\/wordpress\/segunda\/wp-content\/uploads\/2012\/07\/celebran2paraface.jpg"},"modified":"2012-07-22T13:19:01","modified_gmt":"2012-07-22T11:19:01","slug":"celebran2paraface","status":"inherit","type":"attachment","link":"https:\/\/www.tucomarca.com\/wordpress\/segunda\/%c2%abla-turisense%c2%bb-de-turis-gana-el-certamen-de-bandas-de-valencia-en-la-seccion-primera\/celebran2paraface\/","title":{"rendered":"celebran2paraface"},"author":1,"featured_media":0,"comment_status":"open","ping_status":"open","template":"","meta":[],"class_list":["post-5720","attachment","type-attachment","status-inherit"],"description":{"rendered":"<p class=\"attachment\"><a href='https:\/\/www.tucomarca.com\/wordpress\/segunda\/wp-content\/uploads\/2012\/07\/celebran2paraface.jpg'><img loading=\"lazy\" decoding=\"async\" width=\"300\" height=\"200\" src=\"https:\/\/www.tucomarca.com\/wordpress\/segunda\/wp-content\/uploads\/2012\/07\/celebran2paraface-300x200.jpg\" class=\"attachment-medium size-medium\" alt=\"La m\u00fasica volvi\u00f3 a sonar en las calles de Tur\u00eds. Foto: Rafa Puchades.\" srcset=\"https:\/\/www.tucomarca.com\/wordpress\/segunda\/wp-content\/uploads\/2012\/07\/celebran2paraface-300x200.jpg 300w, https:\/\/www.tucomarca.com\/wordpress\/segunda\/wp-content\/uploads\/2012\/07\/celebran2paraface.jpg 591w\" sizes=\"auto, (max-width: 300px) 100vw, 300px\" \/><\/a><\/p>\n<p>La m\u00fasica volvi\u00f3 a sonar en las calles de Tur\u00eds. Foto: Rafa Puchades.<\/p>\n"},"caption":{"rendered":"<div class=\"mh-excerpt\">La m\u00fasica volvi\u00f3 a sonar en las calles de Tur\u00eds. Foto: Rafa Puchades.<\/div>\n<p> <a class=\"mh-excerpt-more\" href=\"https:\/\/www.tucomarca.com\/wordpress\/segunda\/%c2%abla-turisense%c2%bb-de-turis-gana-el-certamen-de-bandas-de-valencia-en-la-seccion-primera\/celebran2paraface\/\" title=\"celebran2paraface\">[+] <\/a><\/p>\n"},"alt_text":"La m\u00fasica volvi\u00f3 a sonar en las calles de Tur\u00eds. Foto: Rafa Puchades.","media_type":"image","mime_type":"image\/jpeg","media_details":{"width":"591","height":"394","hwstring_small":"height='85' width='128'","file":"2012\/07\/celebran2paraface.jpg","sizes":{"thumbnail":{"file":"celebran2paraface-290x290.jpg","width":"290","height":"290","source_url":"https:\/\/www.tucomarca.com\/wordpress\/segunda\/wp-content\/uploads\/2012\/07\/celebran2paraface-290x290.jpg"},"medium":{"file":"celebran2paraface-300x200.jpg","width":"300","height":"200","source_url":"https:\/\/www.tucomarca.com\/wordpress\/segunda\/wp-content\/uploads\/2012\/07\/celebran2paraface-300x200.jpg"},"post-thumbnail":{"file":"celebran2paraface-50x50.jpg","width":"50","height":"50","source_url":"https:\/\/www.tucomarca.com\/wordpress\/segunda\/wp-content\/uploads\/2012\/07\/celebran2paraface-50x50.jpg"},"full":{"file":"celebran2paraface.jpg","width":591,"height":394,"mime_type":"image\/jpeg","source_url":"https:\/\/www.tucomarca.com\/wordpress\/segunda\/wp-content\/uploads\/2012\/07\/celebran2paraface.jpg"}},"image_meta":{"aperture":"4","credit":"","camera":"Canon EOS 450D","caption":"","created_timestamp":"1342918029","copyright":"","focal_length":"42","iso":"1600","shutter_speed":"0.016666666666667","title":""}},"post":5710,"source_url":"https:\/\/www.tucomarca.com\/wordpress\/segunda\/wp-content\/uploads\/2012\/07\/celebran2paraface.jpg","_links":{"self":[{"href":"https:\/\/www.tucomarca.com\/wordpress\/segunda\/wp-json\/wp\/v2\/media\/5720","targetHints":{"allow":["GET"]}}],"collection":[{"href":"https:\/\/www.tucomarca.com\/wordpress\/segunda\/wp-json\/wp\/v2\/media"}],"about":[{"href":"https:\/\/www.tucomarca.com\/wordpress\/segunda\/wp-json\/wp\/v2\/types\/attachment"}],"author":[{"embeddable":true,"href":"https:\/\/www.tucomarca.com\/wordpress\/segunda\/wp-json\/wp\/v2\/users\/1"}],"replies":[{"embeddable":true,"href":"https:\/\/www.tucomarca.com\/wordpress\/segunda\/wp-json\/wp\/v2\/comments?post=5720"}],"wp:attached-to":[{"embeddable":true,"post_type":"post","id":5710,"href":"https:\/\/www.tucomarca.com\/wordpress\/segunda\/wp-json\/wp\/v2\/posts\/5710"}],"curies":[{"name":"wp","href":"https:\/\/api.w.org\/{rel}","templated":true}]}}

<p class="attachment"><a href='https://www.tucomarca.com/wordpress/segunda/wp-content/uploads/2012/07/celebran2paraface.jpg'><img loading="lazy" decoding="async" width="300" height="200" src="https://www.tucomarca.com/wordpress/segunda/wp-content/uploads/2012/07/celebran2paraface-300x200.jpg" class="attachment-medium size-medium" alt="La música volvió a sonar en las calles de Turís. Foto: Rafa Puchades." srcset="https://www.tucomarca.com/wordpress/segunda/wp-content/uploads/2012/07/celebran2paraface-300x200.jpg 300w, https://www.tucomarca.com/wordpress/segunda/wp-content/uploads/2012/07/celebran2paraface.jpg 591w" sizes="auto, (max-width: 300px) 100vw, 300px" /></a></p>
<p>La música volvió a sonar en las calles de Turís. Foto: Rafa Puchades.</p>

<div class="mh-excerpt">La música volvió a sonar en las calles de Turís. Foto: Rafa Puchades.</div>
<p> <a class="mh-excerpt-more" href="https://www.tucomarca.com/wordpress/segunda/%c2%abla-turisense%c2%bb-de-turis-gana-el-certamen-de-bandas-de-valencia-en-la-seccion-primera/celebran2paraface/" title="celebran2paraface">[+] </a></p>

La música volvió a sonar en las calles de Turís. Foto: Rafa Puchades.
