{"id":57684,"date":"2017-06-24T01:52:06","date_gmt":"2017-06-23T23:52:06","guid":{"rendered":"http:\/\/www.tucomarca.com\/wordpress\/segunda\/wp-content\/uploads\/2017\/06\/FiraComarques01.jpg"},"modified":"2018-07-30T13:25:25","modified_gmt":"2018-07-30T11:25:25","slug":"firacomarques01","status":"inherit","type":"attachment","link":"https:\/\/www.tucomarca.com\/wordpress\/segunda\/el-club-de-taekwondo-zafrilla-se-sumo-a-las-fiestas-de-turis-con-su-exhibicion-de-fin-de-curso\/firacomarques01\/","title":{"rendered":"FiraComarques01"},"author":1,"featured_media":0,"comment_status":"open","ping_status":"closed","template":"","meta":[],"class_list":["post-57684","attachment","type-attachment","status-inherit"],"description":{"rendered":"<p class=\"attachment\"><a href='https:\/\/www.tucomarca.com\/wordpress\/segunda\/wp-content\/uploads\/2017\/06\/FiraComarques01-e1498261999426.jpg'><img loading=\"lazy\" decoding=\"async\" width=\"300\" height=\"194\" src=\"https:\/\/www.tucomarca.com\/wordpress\/segunda\/wp-content\/uploads\/2017\/06\/FiraComarques01-e1498261999426-300x194.jpg\" class=\"attachment-medium size-medium\" alt=\"Jorge Rodr\u00edguez, Maria Josep Amig\u00f3 y Pilar Moncho han inaugurado la Fira de les Comarques junto a los diputados Conxa Garc\u00eda, Isabel Garc\u00eda, Bartolom\u00e9 Nofuentes, M\u00aa Carmen Contelles y Mamen Peris.\" srcset=\"https:\/\/www.tucomarca.com\/wordpress\/segunda\/wp-content\/uploads\/2017\/06\/FiraComarques01-e1498261999426-300x194.jpg 300w, https:\/\/www.tucomarca.com\/wordpress\/segunda\/wp-content\/uploads\/2017\/06\/FiraComarques01-e1498261999426-768x498.jpg 768w, https:\/\/www.tucomarca.com\/wordpress\/segunda\/wp-content\/uploads\/2017\/06\/FiraComarques01-e1498261999426-1024x664.jpg 1024w\" sizes=\"auto, (max-width: 300px) 100vw, 300px\" \/><\/a><\/p>\n<p>Jorge Rodr\u00edguez, Maria Josep Amig\u00f3 y Pilar Moncho han inaugurado la Fira de les Comarques junto a los diputados Conxa Garc\u00eda, Isabel Garc\u00eda, Bartolom\u00e9 Nofuentes, M\u00aa Carmen Contelles y Mamen Peris.<\/p>\n"},"caption":{"rendered":"<div class=\"mh-excerpt\">Jorge Rodr\u00edguez, Maria Josep Amig\u00f3 y Pilar Moncho han inaugurado la Fira de les Comarques junto a los diputados Conxa Garc\u00eda, Isabel Garc\u00eda, Bartolom\u00e9 Nofuentes, M\u00aa Carmen Contelles y Mamen Peris.<\/div>\n<p> <a class=\"mh-excerpt-more\" href=\"https:\/\/www.tucomarca.com\/wordpress\/segunda\/el-club-de-taekwondo-zafrilla-se-sumo-a-las-fiestas-de-turis-con-su-exhibicion-de-fin-de-curso\/firacomarques01\/\" title=\"FiraComarques01\">[+] <\/a><\/p>\n"},"alt_text":"Jorge Rodr\u00edguez, Maria Josep Amig\u00f3 y Pilar Moncho han inaugurado la Fira de les Comarques junto a los diputados Conxa Garc\u00eda, Isabel Garc\u00eda, Bartolom\u00e9 Nofuentes, M\u00aa Carmen Contelles y Mamen Peris.","media_type":"image","mime_type":"image\/jpeg","media_details":{"width":4011,"height":2600,"file":"2017\/06\/FiraComarques01-e1498261999426.jpg","sizes":{"thumbnail":{"file":"FiraComarques01-e1498261999426-290x290.jpg","width":290,"height":290,"mime_type":"image\/jpeg","source_url":"https:\/\/www.tucomarca.com\/wordpress\/segunda\/wp-content\/uploads\/2017\/06\/FiraComarques01-e1498261999426-290x290.jpg"},"medium":{"file":"FiraComarques01-e1498261999426-300x194.jpg","width":300,"height":194,"mime_type":"image\/jpeg","source_url":"https:\/\/www.tucomarca.com\/wordpress\/segunda\/wp-content\/uploads\/2017\/06\/FiraComarques01-e1498261999426-300x194.jpg"},"medium_large":{"file":"FiraComarques01-e1498261999426-768x498.jpg","width":768,"height":498,"mime_type":"image\/jpeg","source_url":"https:\/\/www.tucomarca.com\/wordpress\/segunda\/wp-content\/uploads\/2017\/06\/FiraComarques01-e1498261999426-768x498.jpg"},"large":{"file":"FiraComarques01-e1498261999426-1024x664.jpg","width":1024,"height":664,"mime_type":"image\/jpeg","source_url":"https:\/\/www.tucomarca.com\/wordpress\/segunda\/wp-content\/uploads\/2017\/06\/FiraComarques01-e1498261999426-1024x664.jpg"},"post-thumbnail":{"file":"FiraComarques01-e1498261999426-50x50.jpg","width":50,"height":50,"mime_type":"image\/jpeg","source_url":"https:\/\/www.tucomarca.com\/wordpress\/segunda\/wp-content\/uploads\/2017\/06\/FiraComarques01-e1498261999426-50x50.jpg"},"gabfire":{"file":"FiraComarques01-e1498261999426-1024x664.jpg","width":1024,"height":664,"mime_type":"image\/jpeg","source_url":"https:\/\/www.tucomarca.com\/wordpress\/segunda\/wp-content\/uploads\/2017\/06\/FiraComarques01-e1498261999426-1024x664.jpg"},"full":{"file":"FiraComarques01-e1498261999426.jpg","width":4011,"height":2600,"mime_type":"image\/jpeg","source_url":"https:\/\/www.tucomarca.com\/wordpress\/segunda\/wp-content\/uploads\/2017\/06\/FiraComarques01-e1498261999426.jpg"}},"image_meta":{"aperture":"2.2","credit":"","camera":"iPhone 6s","caption":"","created_timestamp":"1498245179","copyright":"","focal_length":"4.15","iso":"25","shutter_speed":"0.0018975332068311","title":"","orientation":"1","keywords":[]}},"post":71407,"source_url":"https:\/\/www.tucomarca.com\/wordpress\/segunda\/wp-content\/uploads\/2017\/06\/FiraComarques01-e1498261999426.jpg","_links":{"self":[{"href":"https:\/\/www.tucomarca.com\/wordpress\/segunda\/wp-json\/wp\/v2\/media\/57684","targetHints":{"allow":["GET"]}}],"collection":[{"href":"https:\/\/www.tucomarca.com\/wordpress\/segunda\/wp-json\/wp\/v2\/media"}],"about":[{"href":"https:\/\/www.tucomarca.com\/wordpress\/segunda\/wp-json\/wp\/v2\/types\/attachment"}],"author":[{"embeddable":true,"href":"https:\/\/www.tucomarca.com\/wordpress\/segunda\/wp-json\/wp\/v2\/users\/1"}],"replies":[{"embeddable":true,"href":"https:\/\/www.tucomarca.com\/wordpress\/segunda\/wp-json\/wp\/v2\/comments?post=57684"}],"wp:attached-to":[{"embeddable":true,"post_type":"post","id":71407,"href":"https:\/\/www.tucomarca.com\/wordpress\/segunda\/wp-json\/wp\/v2\/posts\/71407"}],"curies":[{"name":"wp","href":"https:\/\/api.w.org\/{rel}","templated":true}]}}

<p class="attachment"><a href='https://www.tucomarca.com/wordpress/segunda/wp-content/uploads/2017/06/FiraComarques01-e1498261999426.jpg'><img loading="lazy" decoding="async" width="300" height="194" src="https://www.tucomarca.com/wordpress/segunda/wp-content/uploads/2017/06/FiraComarques01-e1498261999426-300x194.jpg" class="attachment-medium size-medium" alt="Jorge Rodríguez, Maria Josep Amigó y Pilar Moncho han inaugurado la Fira de les Comarques junto a los diputados Conxa García, Isabel García, Bartolomé Nofuentes, Mª Carmen Contelles y Mamen Peris." srcset="https://www.tucomarca.com/wordpress/segunda/wp-content/uploads/2017/06/FiraComarques01-e1498261999426-300x194.jpg 300w, https://www.tucomarca.com/wordpress/segunda/wp-content/uploads/2017/06/FiraComarques01-e1498261999426-768x498.jpg 768w, https://www.tucomarca.com/wordpress/segunda/wp-content/uploads/2017/06/FiraComarques01-e1498261999426-1024x664.jpg 1024w" sizes="auto, (max-width: 300px) 100vw, 300px" /></a></p>
<p>Jorge Rodríguez, Maria Josep Amigó y Pilar Moncho han inaugurado la Fira de les Comarques junto a los diputados Conxa García, Isabel García, Bartolomé Nofuentes, Mª Carmen Contelles y Mamen Peris.</p>

<div class="mh-excerpt">Jorge Rodríguez, Maria Josep Amigó y Pilar Moncho han inaugurado la Fira de les Comarques junto a los diputados Conxa García, Isabel García, Bartolomé Nofuentes, Mª Carmen Contelles y Mamen Peris.</div>
<p> <a class="mh-excerpt-more" href="https://www.tucomarca.com/wordpress/segunda/el-club-de-taekwondo-zafrilla-se-sumo-a-las-fiestas-de-turis-con-su-exhibicion-de-fin-de-curso/firacomarques01/" title="FiraComarques01">[+] </a></p>

Jorge Rodríguez, Maria Josep Amigó y Pilar Moncho han inaugurado la Fira de les Comarques junto a los diputados Conxa García, Isabel García, Bartolomé Nofuentes, Mª Carmen Contelles y Mamen Peris.
