{"id":57715,"date":"2017-06-28T22:09:46","date_gmt":"2017-06-28T20:09:46","guid":{"rendered":"http:\/\/www.tucomarca.com\/wordpress\/segunda\/wp-content\/uploads\/2017\/06\/PilarMonchoComarques.jpg"},"modified":"2017-06-28T22:10:45","modified_gmt":"2017-06-28T20:10:45","slug":"pilarmonchocomarques","status":"inherit","type":"attachment","link":"https:\/\/www.tucomarca.com\/wordpress\/segunda\/pilar-moncho-destaca-la-connexio-entre-empreses-turistiques-i-public-en-la-fira-de-les-comarques\/pilarmonchocomarques\/","title":{"rendered":"PilarMonchoComarques"},"author":1,"featured_media":0,"comment_status":"open","ping_status":"closed","template":"","meta":[],"class_list":["post-57715","attachment","type-attachment","status-inherit"],"description":{"rendered":"<p class=\"attachment\"><a href='https:\/\/www.tucomarca.com\/wordpress\/segunda\/wp-content\/uploads\/2017\/06\/PilarMonchoComarques.jpg'><img loading=\"lazy\" decoding=\"async\" width=\"300\" height=\"224\" src=\"https:\/\/www.tucomarca.com\/wordpress\/segunda\/wp-content\/uploads\/2017\/06\/PilarMonchoComarques-300x224.jpg\" class=\"attachment-medium size-medium\" alt=\"La diputada de Turismo, Pilar Moncho, en la inauguraci\u00f3 de la Fira de les Comarques.\" srcset=\"https:\/\/www.tucomarca.com\/wordpress\/segunda\/wp-content\/uploads\/2017\/06\/PilarMonchoComarques-300x224.jpg 300w, https:\/\/www.tucomarca.com\/wordpress\/segunda\/wp-content\/uploads\/2017\/06\/PilarMonchoComarques-768x574.jpg 768w, https:\/\/www.tucomarca.com\/wordpress\/segunda\/wp-content\/uploads\/2017\/06\/PilarMonchoComarques-1024x766.jpg 1024w\" sizes=\"auto, (max-width: 300px) 100vw, 300px\" \/><\/a><\/p>\n<p>La diputada de Turismo, Pilar Moncho, en la inauguraci\u00f3 de la Fira de les Comarques.<\/p>\n"},"caption":{"rendered":"<div class=\"mh-excerpt\">La diputada de Turismo, Pilar Moncho, en la inauguraci\u00f3 de la Fira de les Comarques.<\/div>\n<p> <a class=\"mh-excerpt-more\" href=\"https:\/\/www.tucomarca.com\/wordpress\/segunda\/pilar-moncho-destaca-la-connexio-entre-empreses-turistiques-i-public-en-la-fira-de-les-comarques\/pilarmonchocomarques\/\" title=\"PilarMonchoComarques\">[+] <\/a><\/p>\n"},"alt_text":"La diputada de Turismo, Pilar Moncho, en la inauguraci\u00f3 de la Fira de les Comarques.","media_type":"image","mime_type":"image\/jpeg","media_details":{"width":5315,"height":3975,"file":"2017\/06\/PilarMonchoComarques.jpg","sizes":{"thumbnail":{"file":"PilarMonchoComarques-290x290.jpg","width":290,"height":290,"mime_type":"image\/jpeg","source_url":"https:\/\/www.tucomarca.com\/wordpress\/segunda\/wp-content\/uploads\/2017\/06\/PilarMonchoComarques-290x290.jpg"},"medium":{"file":"PilarMonchoComarques-300x224.jpg","width":300,"height":224,"mime_type":"image\/jpeg","source_url":"https:\/\/www.tucomarca.com\/wordpress\/segunda\/wp-content\/uploads\/2017\/06\/PilarMonchoComarques-300x224.jpg"},"medium_large":{"file":"PilarMonchoComarques-768x574.jpg","width":768,"height":574,"mime_type":"image\/jpeg","source_url":"https:\/\/www.tucomarca.com\/wordpress\/segunda\/wp-content\/uploads\/2017\/06\/PilarMonchoComarques-768x574.jpg"},"large":{"file":"PilarMonchoComarques-1024x766.jpg","width":1024,"height":766,"mime_type":"image\/jpeg","source_url":"https:\/\/www.tucomarca.com\/wordpress\/segunda\/wp-content\/uploads\/2017\/06\/PilarMonchoComarques-1024x766.jpg"},"post-thumbnail":{"file":"PilarMonchoComarques-50x50.jpg","width":50,"height":50,"mime_type":"image\/jpeg","source_url":"https:\/\/www.tucomarca.com\/wordpress\/segunda\/wp-content\/uploads\/2017\/06\/PilarMonchoComarques-50x50.jpg"},"gabfire":{"file":"PilarMonchoComarques-1024x766.jpg","width":1024,"height":766,"mime_type":"image\/jpeg","source_url":"https:\/\/www.tucomarca.com\/wordpress\/segunda\/wp-content\/uploads\/2017\/06\/PilarMonchoComarques-1024x766.jpg"},"full":{"file":"PilarMonchoComarques.jpg","width":5315,"height":3975,"mime_type":"image\/jpeg","source_url":"https:\/\/www.tucomarca.com\/wordpress\/segunda\/wp-content\/uploads\/2017\/06\/PilarMonchoComarques.jpg"}},"image_meta":{"aperture":"13","credit":"Jos\u00e9 Cu\u00e9llar","camera":"Canon EOS 5D Mark III","caption":"Jose Cuellar 23\/6\/2017\rValencia, Comunitat Valenciana.\rEl presidente de la Diputaci\u00f3n de Valencia, Jorge Rodr\u00edguez, inaugura la Fira de les Comarques, que re\u00fane la oferta de turismo deportivo, cultural y gastron\u00f3mico de los municipios","created_timestamp":"1498245430","copyright":"","focal_length":"75","iso":"400","shutter_speed":"0.004","title":"","orientation":"1","keywords":[]}},"post":57714,"source_url":"https:\/\/www.tucomarca.com\/wordpress\/segunda\/wp-content\/uploads\/2017\/06\/PilarMonchoComarques.jpg","_links":{"self":[{"href":"https:\/\/www.tucomarca.com\/wordpress\/segunda\/wp-json\/wp\/v2\/media\/57715","targetHints":{"allow":["GET"]}}],"collection":[{"href":"https:\/\/www.tucomarca.com\/wordpress\/segunda\/wp-json\/wp\/v2\/media"}],"about":[{"href":"https:\/\/www.tucomarca.com\/wordpress\/segunda\/wp-json\/wp\/v2\/types\/attachment"}],"author":[{"embeddable":true,"href":"https:\/\/www.tucomarca.com\/wordpress\/segunda\/wp-json\/wp\/v2\/users\/1"}],"replies":[{"embeddable":true,"href":"https:\/\/www.tucomarca.com\/wordpress\/segunda\/wp-json\/wp\/v2\/comments?post=57715"}],"wp:attached-to":[{"embeddable":true,"post_type":"post","id":57714,"href":"https:\/\/www.tucomarca.com\/wordpress\/segunda\/wp-json\/wp\/v2\/posts\/57714"}],"curies":[{"name":"wp","href":"https:\/\/api.w.org\/{rel}","templated":true}]}}

<p class="attachment"><a href='https://www.tucomarca.com/wordpress/segunda/wp-content/uploads/2017/06/PilarMonchoComarques.jpg'><img loading="lazy" decoding="async" width="300" height="224" src="https://www.tucomarca.com/wordpress/segunda/wp-content/uploads/2017/06/PilarMonchoComarques-300x224.jpg" class="attachment-medium size-medium" alt="La diputada de Turismo, Pilar Moncho, en la inauguració de la Fira de les Comarques." srcset="https://www.tucomarca.com/wordpress/segunda/wp-content/uploads/2017/06/PilarMonchoComarques-300x224.jpg 300w, https://www.tucomarca.com/wordpress/segunda/wp-content/uploads/2017/06/PilarMonchoComarques-768x574.jpg 768w, https://www.tucomarca.com/wordpress/segunda/wp-content/uploads/2017/06/PilarMonchoComarques-1024x766.jpg 1024w" sizes="auto, (max-width: 300px) 100vw, 300px" /></a></p>
<p>La diputada de Turismo, Pilar Moncho, en la inauguració de la Fira de les Comarques.</p>

<div class="mh-excerpt">La diputada de Turismo, Pilar Moncho, en la inauguració de la Fira de les Comarques.</div>
<p> <a class="mh-excerpt-more" href="https://www.tucomarca.com/wordpress/segunda/pilar-moncho-destaca-la-connexio-entre-empreses-turistiques-i-public-en-la-fira-de-les-comarques/pilarmonchocomarques/" title="PilarMonchoComarques">[+] </a></p>

La diputada de Turismo, Pilar Moncho, en la inauguració de la Fira de les Comarques.

José Cuéllar

Jose Cuellar 23/6/2017Valencia, Comunitat Valenciana.El presidente de la Diputación de Valencia, Jorge Rodríguez, inaugura la Fira de les Comarques, que reúne la oferta de turismo deportivo, cultural y gastronómico de los municipios
