{"id":57778,"date":"2017-07-02T20:01:26","date_gmt":"2017-07-02T18:01:26","guid":{"rendered":"http:\/\/www.tucomarca.com\/wordpress\/segunda\/wp-content\/uploads\/2017\/07\/PuigRequenaPSOE.jpg"},"modified":"2017-07-02T20:02:39","modified_gmt":"2017-07-02T18:02:39","slug":"puigrequenapsoe","status":"inherit","type":"attachment","link":"https:\/\/www.tucomarca.com\/wordpress\/segunda\/ximo-puig-conoce-en-requena-los-datos-de-los-avales-a-su-candidatura-lesquerra-en-marxa-y-muestra-su-inmenso-agradecimiento-por-la-confianza\/puigrequenapsoe\/","title":{"rendered":"PuigRequenaPSOE"},"author":1,"featured_media":0,"comment_status":"open","ping_status":"closed","template":"","meta":[],"class_list":["post-57778","attachment","type-attachment","status-inherit"],"description":{"rendered":"<p class=\"attachment\"><a href='https:\/\/www.tucomarca.com\/wordpress\/segunda\/wp-content\/uploads\/2017\/07\/PuigRequenaPSOE.jpg'><img loading=\"lazy\" decoding=\"async\" width=\"300\" height=\"169\" src=\"https:\/\/www.tucomarca.com\/wordpress\/segunda\/wp-content\/uploads\/2017\/07\/PuigRequenaPSOE-300x169.jpg\" class=\"attachment-medium size-medium\" alt=\"El precandidato a la secretar\u00eda general del PSPV-PSOE, Ximo Puig, ha visitado Requena donde se ha reunido con compa\u00f1eros y compa\u00f1eras.\" srcset=\"https:\/\/www.tucomarca.com\/wordpress\/segunda\/wp-content\/uploads\/2017\/07\/PuigRequenaPSOE-300x169.jpg 300w, https:\/\/www.tucomarca.com\/wordpress\/segunda\/wp-content\/uploads\/2017\/07\/PuigRequenaPSOE-768x432.jpg 768w, https:\/\/www.tucomarca.com\/wordpress\/segunda\/wp-content\/uploads\/2017\/07\/PuigRequenaPSOE-1024x576.jpg 1024w, https:\/\/www.tucomarca.com\/wordpress\/segunda\/wp-content\/uploads\/2017\/07\/PuigRequenaPSOE.jpg 1600w\" sizes=\"auto, (max-width: 300px) 100vw, 300px\" \/><\/a><\/p>\n<p>El precandidato a la secretar\u00eda general del PSPV-PSOE, Ximo Puig, ha visitado Requena donde se ha reunido con compa\u00f1eros y compa\u00f1eras.<\/p>\n"},"caption":{"rendered":"<div class=\"mh-excerpt\">El precandidato a la secretar\u00eda general del PSPV-PSOE, Ximo Puig, ha visitado Requena donde se ha reunido con compa\u00f1eros y compa\u00f1eras.<\/div>\n<p> <a class=\"mh-excerpt-more\" href=\"https:\/\/www.tucomarca.com\/wordpress\/segunda\/ximo-puig-conoce-en-requena-los-datos-de-los-avales-a-su-candidatura-lesquerra-en-marxa-y-muestra-su-inmenso-agradecimiento-por-la-confianza\/puigrequenapsoe\/\" title=\"PuigRequenaPSOE\">[+] <\/a><\/p>\n"},"alt_text":"El precandidato a la secretar\u00eda general del PSPV-PSOE, Ximo Puig, ha visitado Requena donde se ha reunido con compa\u00f1eros y compa\u00f1eras.","media_type":"image","mime_type":"image\/jpeg","media_details":{"width":1600,"height":900,"file":"2017\/07\/PuigRequenaPSOE.jpg","sizes":{"thumbnail":{"file":"PuigRequenaPSOE-290x290.jpg","width":290,"height":290,"mime_type":"image\/jpeg","source_url":"https:\/\/www.tucomarca.com\/wordpress\/segunda\/wp-content\/uploads\/2017\/07\/PuigRequenaPSOE-290x290.jpg"},"medium":{"file":"PuigRequenaPSOE-300x169.jpg","width":300,"height":169,"mime_type":"image\/jpeg","source_url":"https:\/\/www.tucomarca.com\/wordpress\/segunda\/wp-content\/uploads\/2017\/07\/PuigRequenaPSOE-300x169.jpg"},"medium_large":{"file":"PuigRequenaPSOE-768x432.jpg","width":768,"height":432,"mime_type":"image\/jpeg","source_url":"https:\/\/www.tucomarca.com\/wordpress\/segunda\/wp-content\/uploads\/2017\/07\/PuigRequenaPSOE-768x432.jpg"},"large":{"file":"PuigRequenaPSOE-1024x576.jpg","width":1024,"height":576,"mime_type":"image\/jpeg","source_url":"https:\/\/www.tucomarca.com\/wordpress\/segunda\/wp-content\/uploads\/2017\/07\/PuigRequenaPSOE-1024x576.jpg"},"post-thumbnail":{"file":"PuigRequenaPSOE-50x50.jpg","width":50,"height":50,"mime_type":"image\/jpeg","source_url":"https:\/\/www.tucomarca.com\/wordpress\/segunda\/wp-content\/uploads\/2017\/07\/PuigRequenaPSOE-50x50.jpg"},"gabfire":{"file":"PuigRequenaPSOE-1024x576.jpg","width":1024,"height":576,"mime_type":"image\/jpeg","source_url":"https:\/\/www.tucomarca.com\/wordpress\/segunda\/wp-content\/uploads\/2017\/07\/PuigRequenaPSOE-1024x576.jpg"},"full":{"file":"PuigRequenaPSOE.jpg","width":1600,"height":900,"mime_type":"image\/jpeg","source_url":"https:\/\/www.tucomarca.com\/wordpress\/segunda\/wp-content\/uploads\/2017\/07\/PuigRequenaPSOE.jpg"}},"image_meta":{"aperture":"0","credit":"","camera":"","caption":"","created_timestamp":"0","copyright":"","focal_length":"0","iso":"0","shutter_speed":"0","title":"","orientation":"0","keywords":[]}},"post":57777,"source_url":"https:\/\/www.tucomarca.com\/wordpress\/segunda\/wp-content\/uploads\/2017\/07\/PuigRequenaPSOE.jpg","_links":{"self":[{"href":"https:\/\/www.tucomarca.com\/wordpress\/segunda\/wp-json\/wp\/v2\/media\/57778","targetHints":{"allow":["GET"]}}],"collection":[{"href":"https:\/\/www.tucomarca.com\/wordpress\/segunda\/wp-json\/wp\/v2\/media"}],"about":[{"href":"https:\/\/www.tucomarca.com\/wordpress\/segunda\/wp-json\/wp\/v2\/types\/attachment"}],"author":[{"embeddable":true,"href":"https:\/\/www.tucomarca.com\/wordpress\/segunda\/wp-json\/wp\/v2\/users\/1"}],"replies":[{"embeddable":true,"href":"https:\/\/www.tucomarca.com\/wordpress\/segunda\/wp-json\/wp\/v2\/comments?post=57778"}],"wp:attached-to":[{"embeddable":true,"post_type":"post","id":57777,"href":"https:\/\/www.tucomarca.com\/wordpress\/segunda\/wp-json\/wp\/v2\/posts\/57777"}],"curies":[{"name":"wp","href":"https:\/\/api.w.org\/{rel}","templated":true}]}}

<p class="attachment"><a href='https://www.tucomarca.com/wordpress/segunda/wp-content/uploads/2017/07/PuigRequenaPSOE.jpg'><img loading="lazy" decoding="async" width="300" height="169" src="https://www.tucomarca.com/wordpress/segunda/wp-content/uploads/2017/07/PuigRequenaPSOE-300x169.jpg" class="attachment-medium size-medium" alt="El precandidato a la secretaría general del PSPV-PSOE, Ximo Puig, ha visitado Requena donde se ha reunido con compañeros y compañeras." srcset="https://www.tucomarca.com/wordpress/segunda/wp-content/uploads/2017/07/PuigRequenaPSOE-300x169.jpg 300w, https://www.tucomarca.com/wordpress/segunda/wp-content/uploads/2017/07/PuigRequenaPSOE-768x432.jpg 768w, https://www.tucomarca.com/wordpress/segunda/wp-content/uploads/2017/07/PuigRequenaPSOE-1024x576.jpg 1024w, https://www.tucomarca.com/wordpress/segunda/wp-content/uploads/2017/07/PuigRequenaPSOE.jpg 1600w" sizes="auto, (max-width: 300px) 100vw, 300px" /></a></p>
<p>El precandidato a la secretaría general del PSPV-PSOE, Ximo Puig, ha visitado Requena donde se ha reunido con compañeros y compañeras.</p>

<div class="mh-excerpt">El precandidato a la secretaría general del PSPV-PSOE, Ximo Puig, ha visitado Requena donde se ha reunido con compañeros y compañeras.</div>
<p> <a class="mh-excerpt-more" href="https://www.tucomarca.com/wordpress/segunda/ximo-puig-conoce-en-requena-los-datos-de-los-avales-a-su-candidatura-lesquerra-en-marxa-y-muestra-su-inmenso-agradecimiento-por-la-confianza/puigrequenapsoe/" title="PuigRequenaPSOE">[+] </a></p>

El precandidato a la secretaría general del PSPV-PSOE, Ximo Puig, ha visitado Requena donde se ha reunido con compañeros y compañeras.
