{"id":57791,"date":"2017-07-03T12:59:54","date_gmt":"2017-07-03T10:59:54","guid":{"rendered":"http:\/\/www.tucomarca.com\/wordpress\/segunda\/wp-content\/uploads\/2017\/07\/HELIOSLEliana.jpg"},"modified":"2017-07-03T13:00:32","modified_gmt":"2017-07-03T11:00:32","slug":"heliosleliana","status":"inherit","type":"attachment","link":"https:\/\/www.tucomarca.com\/wordpress\/segunda\/el-colegio-helios-de-leliana-recibe-el-premio-nacional-de-educacion-por-su-participacion-en-el-proyecto-el-sonido-que-habito\/heliosleliana\/","title":{"rendered":"HELIOSLEliana"},"author":1,"featured_media":0,"comment_status":"open","ping_status":"closed","template":"","meta":[],"class_list":["post-57791","attachment","type-attachment","status-inherit"],"description":{"rendered":"<p class=\"attachment\"><a href='https:\/\/www.tucomarca.com\/wordpress\/segunda\/wp-content\/uploads\/2017\/07\/HELIOSLEliana.jpg'><img loading=\"lazy\" decoding=\"async\" width=\"300\" height=\"115\" src=\"https:\/\/www.tucomarca.com\/wordpress\/segunda\/wp-content\/uploads\/2017\/07\/HELIOSLEliana-300x115.jpg\" class=\"attachment-medium size-medium\" alt=\"Este galard\u00f3n, concedido de forma un\u00e1nime por la Secretar\u00eda de Estado de Educaci\u00f3n, se comparte con otros 14 centros de Educaci\u00f3n Secundaria.\" srcset=\"https:\/\/www.tucomarca.com\/wordpress\/segunda\/wp-content\/uploads\/2017\/07\/HELIOSLEliana-300x115.jpg 300w, https:\/\/www.tucomarca.com\/wordpress\/segunda\/wp-content\/uploads\/2017\/07\/HELIOSLEliana-768x295.jpg 768w, https:\/\/www.tucomarca.com\/wordpress\/segunda\/wp-content\/uploads\/2017\/07\/HELIOSLEliana.jpg 1024w\" sizes=\"auto, (max-width: 300px) 100vw, 300px\" \/><\/a><\/p>\n<p>Este galard\u00f3n, concedido de forma un\u00e1nime por la Secretar\u00eda de Estado de Educaci\u00f3n, se comparte con otros 14 centros de Educaci\u00f3n Secundaria.<\/p>\n"},"caption":{"rendered":"<div class=\"mh-excerpt\">Este galard\u00f3n, concedido de forma un\u00e1nime por la Secretar\u00eda de Estado de Educaci\u00f3n, se comparte con otros 14 centros de Educaci\u00f3n Secundaria.<\/div>\n<p> <a class=\"mh-excerpt-more\" href=\"https:\/\/www.tucomarca.com\/wordpress\/segunda\/el-colegio-helios-de-leliana-recibe-el-premio-nacional-de-educacion-por-su-participacion-en-el-proyecto-el-sonido-que-habito\/heliosleliana\/\" title=\"HELIOSLEliana\">[+] <\/a><\/p>\n"},"alt_text":"Este galard\u00f3n, concedido de forma un\u00e1nime por la Secretar\u00eda de Estado de Educaci\u00f3n, se comparte con otros 14 centros de Educaci\u00f3n Secundaria.","media_type":"image","mime_type":"image\/jpeg","media_details":{"width":1024,"height":393,"file":"2017\/07\/HELIOSLEliana.jpg","sizes":{"thumbnail":{"file":"HELIOSLEliana-290x290.jpg","width":290,"height":290,"mime_type":"image\/jpeg","source_url":"https:\/\/www.tucomarca.com\/wordpress\/segunda\/wp-content\/uploads\/2017\/07\/HELIOSLEliana-290x290.jpg"},"medium":{"file":"HELIOSLEliana-300x115.jpg","width":300,"height":115,"mime_type":"image\/jpeg","source_url":"https:\/\/www.tucomarca.com\/wordpress\/segunda\/wp-content\/uploads\/2017\/07\/HELIOSLEliana-300x115.jpg"},"medium_large":{"file":"HELIOSLEliana-768x295.jpg","width":768,"height":295,"mime_type":"image\/jpeg","source_url":"https:\/\/www.tucomarca.com\/wordpress\/segunda\/wp-content\/uploads\/2017\/07\/HELIOSLEliana-768x295.jpg"},"large":{"file":"HELIOSLEliana-1024x393.jpg","width":1024,"height":393,"mime_type":"image\/jpeg","source_url":"https:\/\/www.tucomarca.com\/wordpress\/segunda\/wp-content\/uploads\/2017\/07\/HELIOSLEliana-1024x393.jpg"},"post-thumbnail":{"file":"HELIOSLEliana-50x50.jpg","width":50,"height":50,"mime_type":"image\/jpeg","source_url":"https:\/\/www.tucomarca.com\/wordpress\/segunda\/wp-content\/uploads\/2017\/07\/HELIOSLEliana-50x50.jpg"},"gabfire":{"file":"HELIOSLEliana-1024x393.jpg","width":1024,"height":393,"mime_type":"image\/jpeg","source_url":"https:\/\/www.tucomarca.com\/wordpress\/segunda\/wp-content\/uploads\/2017\/07\/HELIOSLEliana-1024x393.jpg"},"full":{"file":"HELIOSLEliana.jpg","width":1024,"height":393,"mime_type":"image\/jpeg","source_url":"https:\/\/www.tucomarca.com\/wordpress\/segunda\/wp-content\/uploads\/2017\/07\/HELIOSLEliana.jpg"}},"image_meta":{"aperture":"0","credit":"","camera":"","caption":"","created_timestamp":"0","copyright":"","focal_length":"0","iso":"0","shutter_speed":"0","title":"","orientation":"0","keywords":[]}},"post":57790,"source_url":"https:\/\/www.tucomarca.com\/wordpress\/segunda\/wp-content\/uploads\/2017\/07\/HELIOSLEliana.jpg","_links":{"self":[{"href":"https:\/\/www.tucomarca.com\/wordpress\/segunda\/wp-json\/wp\/v2\/media\/57791","targetHints":{"allow":["GET"]}}],"collection":[{"href":"https:\/\/www.tucomarca.com\/wordpress\/segunda\/wp-json\/wp\/v2\/media"}],"about":[{"href":"https:\/\/www.tucomarca.com\/wordpress\/segunda\/wp-json\/wp\/v2\/types\/attachment"}],"author":[{"embeddable":true,"href":"https:\/\/www.tucomarca.com\/wordpress\/segunda\/wp-json\/wp\/v2\/users\/1"}],"replies":[{"embeddable":true,"href":"https:\/\/www.tucomarca.com\/wordpress\/segunda\/wp-json\/wp\/v2\/comments?post=57791"}],"wp:attached-to":[{"embeddable":true,"post_type":"post","id":57790,"href":"https:\/\/www.tucomarca.com\/wordpress\/segunda\/wp-json\/wp\/v2\/posts\/57790"}],"curies":[{"name":"wp","href":"https:\/\/api.w.org\/{rel}","templated":true}]}}

<p class="attachment"><a href='https://www.tucomarca.com/wordpress/segunda/wp-content/uploads/2017/07/HELIOSLEliana.jpg'><img loading="lazy" decoding="async" width="300" height="115" src="https://www.tucomarca.com/wordpress/segunda/wp-content/uploads/2017/07/HELIOSLEliana-300x115.jpg" class="attachment-medium size-medium" alt="Este galardón, concedido de forma unánime por la Secretaría de Estado de Educación, se comparte con otros 14 centros de Educación Secundaria." srcset="https://www.tucomarca.com/wordpress/segunda/wp-content/uploads/2017/07/HELIOSLEliana-300x115.jpg 300w, https://www.tucomarca.com/wordpress/segunda/wp-content/uploads/2017/07/HELIOSLEliana-768x295.jpg 768w, https://www.tucomarca.com/wordpress/segunda/wp-content/uploads/2017/07/HELIOSLEliana.jpg 1024w" sizes="auto, (max-width: 300px) 100vw, 300px" /></a></p>
<p>Este galardón, concedido de forma unánime por la Secretaría de Estado de Educación, se comparte con otros 14 centros de Educación Secundaria.</p>

<div class="mh-excerpt">Este galardón, concedido de forma unánime por la Secretaría de Estado de Educación, se comparte con otros 14 centros de Educación Secundaria.</div>
<p> <a class="mh-excerpt-more" href="https://www.tucomarca.com/wordpress/segunda/el-colegio-helios-de-leliana-recibe-el-premio-nacional-de-educacion-por-su-participacion-en-el-proyecto-el-sonido-que-habito/heliosleliana/" title="HELIOSLEliana">[+] </a></p>

Este galardón, concedido de forma unánime por la Secretaría de Estado de Educación, se comparte con otros 14 centros de Educación Secundaria.
